{"id":3715,"date":"2024-08-19T19:05:43","date_gmt":"2024-08-19T22:05:43","guid":{"rendered":"https:\/\/curso-wp.ufpel.edu.br\/sandrobortolazzo\/?page_id=3715"},"modified":"2024-08-22T17:49:14","modified_gmt":"2024-08-22T20:49:14","slug":"dgenerus","status":"publish","type":"page","link":"https:\/\/wp.ufpel.edu.br\/ppge\/dgenerus\/","title":{"rendered":"Revista D&#8217;Generus"},"content":{"rendered":"<div id=\"pl-3715\"  class=\"panel-layout\" ><div id=\"pg-3715-0\"  class=\"panel-grid panel-no-style\" ><div id=\"pgc-3715-0-0\"  class=\"panel-grid-cell\" ><div id=\"panel-3715-0-0-0\" class=\"so-panel widget widget_sow-image panel-first-child\" data-index=\"0\" ><div\n\t\t\t\n\t\t\tclass=\"so-widget-sow-image so-widget-sow-image-default-15ae02071680-3715\"\n\t\t\t\n\t\t>\n<div class=\"sow-image-container\">\n\t\t\t<a href=\"https:\/\/periodicos.ufpel.edu.br\/index.php\/caduc\/index\"\n\t\t\ttarget=\"_blank\" rel=\"noopener noreferrer\" \t\t>\n\t\t\t<img \n\tsrc=\"https:\/\/wp.ufpel.edu.br\/ppge\/files\/2024\/08\/homepageImage_pt_BR-1-768x283.png\" width=\"407\" height=\"150\" srcset=\"https:\/\/wp.ufpel.edu.br\/ppge\/files\/2024\/08\/homepageImage_pt_BR-1-768x283.png 768w, https:\/\/wp.ufpel.edu.br\/ppge\/files\/2024\/08\/homepageImage_pt_BR-1-400x147.png 400w, https:\/\/wp.ufpel.edu.br\/ppge\/files\/2024\/08\/homepageImage_pt_BR-1.png 981w\" sizes=\"(max-width: 407px) 100vw, 407px\" style=\"width: 407px; height: 150px;\" title=\"homepageImage_pt_BR (1)\" alt=\"\" \t\tclass=\"so-widget-image\"\/>\n\t\t\t<\/a><\/div>\n\n<\/div><\/div><div id=\"panel-3715-0-0-1\" class=\"so-panel widget widget_sow-editor\" data-index=\"1\" ><div\n\t\t\t\n\t\t\tclass=\"so-widget-sow-editor so-widget-sow-editor-base\"\n\t\t\t\n\t\t>\n<div class=\"siteorigin-widget-tinymce textwidget\">\n\t<p><span style=\"font-weight: 400\">A\u00a0<\/span><i><span style=\"font-weight: 400\"><a href=\"https:\/\/periodicos.ufpel.edu.br\/index.php\/dgenerus\/index\">D'GENERUS<\/a>: Revista de Estudos Feministas e de G\u00eanero<\/span><\/i><span style=\"font-weight: 400\">, \u00e9 um espa\u00e7o interdisciplinar de debate sobre as intersec\u00e7\u00f5es que atravessam os campos dos estudos feministas e de g\u00eanero. A periodicidade da revista \u00e9 de fluxo cont\u00ednuo, com publica\u00e7\u00e3o de trabalhos in\u00e9ditos distribu\u00eddos em: dossi\u00ea tem\u00e1tico, artigos originais de estudos te\u00f3ricos e emp\u00edricos, ensaios, resenhas\u00a0 de livros, entrevistas e tradu\u00e7\u00f5es que versem sobre as \u00e1reas tem\u00e1ticas contempladas em sua pol\u00edtica editorial.<\/span><\/p>\n<p><span style=\"font-weight: 400\">ISSN:\u00a02764-9938<\/span><\/p>\n<\/div>\n<\/div><\/div><div id=\"panel-3715-0-0-2\" class=\"so-panel widget widget_sow-button panel-last-child\" data-index=\"2\" ><div\n\t\t\t\n\t\t\tclass=\"so-widget-sow-button so-widget-sow-button-flat-66466acb9e12-3715\"\n\t\t\t\n\t\t><div class=\"ow-button-base ow-button-align-center\"\n>\n\t\t\t<a\n\t\t\t\t\thref=\"https:\/\/periodicos.ufpel.edu.br\/index.php\/dgenerus\/index\"\n\t\t\t\t\tclass=\"sowb-button ow-icon-placement-left ow-button-hover\" target=\"_blank\" rel=\"noopener noreferrer\" \t>\n\t\t<span>\n\t\t\t\n\t\t\tAcessar a revista\t\t<\/span>\n\t\t\t<\/a>\n\t<\/div>\n<\/div><\/div><\/div><\/div><\/div>","protected":false},"excerpt":{"rendered":"<p>A\u00a0D&#8217;GENERUS: Revista de Estudos Feministas e de G\u00eanero, \u00e9 um espa\u00e7o interdisciplinar de debate sobre as intersec\u00e7\u00f5es que atravessam os campos dos estudos feministas e de g\u00eanero. A periodicidade da revista \u00e9 de fluxo cont\u00ednuo, com publica\u00e7\u00e3o de trabalhos in\u00e9ditos distribu\u00eddos em: dossi\u00ea tem\u00e1tico, artigos originais de estudos te\u00f3ricos e emp\u00edricos, ensaios, resenhas\u00a0 de livros, [&hellip;]<\/p>\n","protected":false},"author":675,"featured_media":0,"parent":0,"menu_order":0,"comment_status":"closed","ping_status":"closed","template":"page-sem-sidebar.php","meta":{"footnotes":""},"class_list":["post-3715","page","type-page","status-publish","hentry"],"jetpack_sharing_enabled":true,"_links":{"self":[{"href":"https:\/\/wp.ufpel.edu.br\/ppge\/wp-json\/wp\/v2\/pages\/3715","targetHints":{"allow":["GET"]}}],"collection":[{"href":"https:\/\/wp.ufpel.edu.br\/ppge\/wp-json\/wp\/v2\/pages"}],"about":[{"href":"https:\/\/wp.ufpel.edu.br\/ppge\/wp-json\/wp\/v2\/types\/page"}],"author":[{"embeddable":true,"href":"https:\/\/wp.ufpel.edu.br\/ppge\/wp-json\/wp\/v2\/users\/675"}],"replies":[{"embeddable":true,"href":"https:\/\/wp.ufpel.edu.br\/ppge\/wp-json\/wp\/v2\/comments?post=3715"}],"version-history":[{"count":2,"href":"https:\/\/wp.ufpel.edu.br\/ppge\/wp-json\/wp\/v2\/pages\/3715\/revisions"}],"predecessor-version":[{"id":3976,"href":"https:\/\/wp.ufpel.edu.br\/ppge\/wp-json\/wp\/v2\/pages\/3715\/revisions\/3976"}],"wp:attachment":[{"href":"https:\/\/wp.ufpel.edu.br\/ppge\/wp-json\/wp\/v2\/media?parent=3715"}],"curies":[{"name":"wp","href":"https:\/\/api.w.org\/{rel}","templated":true}]}}