{"id":819,"date":"2015-11-23T16:44:45","date_gmt":"2015-11-23T18:44:45","guid":{"rendered":"https:\/\/wp.ufpel.edu.br\/ppgdtsa\/?page_id=819"},"modified":"2023-05-11T15:28:46","modified_gmt":"2023-05-11T18:28:46","slug":"processos-seletivos","status":"publish","type":"page","link":"https:\/\/wp.ufpel.edu.br\/ppgdtsa\/processos-seletivos\/","title":{"rendered":"Sele\u00e7\u00e3o de Aluno(a) Regular"},"content":{"rendered":"<p>TESTE DA ANPAD<\/p>\n<p>Informamos que\u00a0a\u00a0inscri\u00e7\u00e3o para a pr\u00f3xima edi\u00e7\u00e3o do teste da ANPAD est\u00e1 aberta e encerra no dia 19 de janeiro de 2016.<\/p>\n<p>Maiores informa\u00e7\u00f5es clique <a href=\"http:\/\/www.anpad.org.br\/~anpad\/teste_anpad.php\">aqui.<\/a><\/p>\n<div><\/div>\n","protected":false},"excerpt":{"rendered":"<p>TESTE DA ANPAD Informamos que\u00a0a\u00a0inscri\u00e7\u00e3o para a pr\u00f3xima edi\u00e7\u00e3o do teste da ANPAD est\u00e1 aberta e encerra no dia 19 de janeiro de 2016. Maiores informa\u00e7\u00f5es clique aqui.<\/p>\n","protected":false},"author":348,"featured_media":0,"parent":0,"menu_order":0,"comment_status":"closed","ping_status":"closed","template":"","meta":{"footnotes":""},"class_list":["post-819","page","type-page","status-publish","hentry"],"jetpack_sharing_enabled":true,"_links":{"self":[{"href":"https:\/\/wp.ufpel.edu.br\/ppgdtsa\/wp-json\/wp\/v2\/pages\/819","targetHints":{"allow":["GET"]}}],"collection":[{"href":"https:\/\/wp.ufpel.edu.br\/ppgdtsa\/wp-json\/wp\/v2\/pages"}],"about":[{"href":"https:\/\/wp.ufpel.edu.br\/ppgdtsa\/wp-json\/wp\/v2\/types\/page"}],"author":[{"embeddable":true,"href":"https:\/\/wp.ufpel.edu.br\/ppgdtsa\/wp-json\/wp\/v2\/users\/348"}],"replies":[{"embeddable":true,"href":"https:\/\/wp.ufpel.edu.br\/ppgdtsa\/wp-json\/wp\/v2\/comments?post=819"}],"version-history":[{"count":3,"href":"https:\/\/wp.ufpel.edu.br\/ppgdtsa\/wp-json\/wp\/v2\/pages\/819\/revisions"}],"predecessor-version":[{"id":4858,"href":"https:\/\/wp.ufpel.edu.br\/ppgdtsa\/wp-json\/wp\/v2\/pages\/819\/revisions\/4858"}],"wp:attachment":[{"href":"https:\/\/wp.ufpel.edu.br\/ppgdtsa\/wp-json\/wp\/v2\/media?parent=819"}],"curies":[{"name":"wp","href":"https:\/\/api.w.org\/{rel}","templated":true}]}}