{"id":668,"date":"2015-08-27T21:41:34","date_gmt":"2015-08-28T00:41:34","guid":{"rendered":"https:\/\/wp.ufpel.edu.br\/ppgdtsa\/?page_id=668"},"modified":"2015-08-27T21:41:48","modified_gmt":"2015-08-28T00:41:48","slug":"candidatos-estrangeiros","status":"publish","type":"page","link":"https:\/\/wp.ufpel.edu.br\/ppgdtsa\/candidatos-estrangeiros\/","title":{"rendered":"Candidatos Estrangeiros"},"content":{"rendered":"<div id=\"p_p_id_56_INSTANCE_j5X6_\" class=\"portlet-boundary portlet-boundary_56_  portlet-static portlet-static-end portlet-journal-content \">\n<div class=\"portlet-borderless-container\">\n<div class=\"portlet-body\">\n<div id=\"article_10132_10157_704744_1.1\" class=\"journal-content-article\">\n<div class=\"containerTxt\">\n<h2 class=\"tit-page\">CONHE\u00c7A O PROGRAMA PEC-PG<\/h2>\n<\/div>\n<\/div>\n<\/div>\n<\/div>\n<\/div>\n<div id=\"p_p_id_56_INSTANCE_p1U3_\" class=\"portlet-boundary portlet-boundary_56_  portlet-static portlet-static-end portlet-journal-content \"><strong>1.\u00a0\u00a0\u00a0\u00a0 <\/strong><strong>Caracteriza\u00e7\u00e3o<\/strong><\/p>\n<div id=\"aui_3_2_0_1118\" class=\"portlet-borderless-container\">\n<div id=\"aui_3_2_0_1117\" class=\"portlet-body\">\n<div id=\"article_10132_10157_704757_2.3\" class=\"journal-content-article\">\n<div id=\"cke_pastebin\">\n<p id=\"aui_3_2_0_1116\">\u00b7\u00a0\u00a0\u00a0\u00a0\u00a0\u00a0\u00a0 O Programa de Estudantes-Conv\u00eanio de P\u00f3s-Gradua\u00e7\u00e3o &#8211; PEC-PG, administrado conjuntamente pelo Departamento Cultural (DC) do Minist\u00e9rio das Rela\u00e7\u00f5es Exteriores (MRE), pela Coordena\u00e7\u00e3o de Aperfei\u00e7oamento de Pessoal de N\u00edvel Superior (CAPES) e pelo Conselho Nacional de Desenvolvimento Cient\u00edfico e Tecnol\u00f3gico (CNPq), constitui atividade de coopera\u00e7\u00e3o educacional exercida entre pa\u00edses em desenvolvimento com os quais o Brasil mant\u00e9m Acordo de Coopera\u00e7\u00e3o Educacional, Cultural ou de Ci\u00eancia e Tecnologia.<\/p>\n<p><strong>2.\u00a0\u00a0\u00a0\u00a0 <\/strong><strong>Objetivos do Programa<\/strong><\/p>\n<p>\u00b7\u00a0\u00a0\u00a0\u00a0\u00a0\u00a0\u00a0 Constituir atividade de coopera\u00e7\u00e3o educacional com pa\u00edses em desenvolvimento com os quais o Brasil mant\u00e9m acordo de Coopera\u00e7\u00e3o Educacional, Cultural ou de Ci\u00eancia e Tecnologia;<\/p>\n<p>\u00b7\u00a0\u00a0\u00a0\u00a0\u00a0\u00a0\u00a0 Contribuir para a forma\u00e7\u00e3o de recursos humanos, por meio da concess\u00e3o de bolsas de mestrado (bolsas concedidas somente pelo CNPq) e doutorado (bolsas concedidas somente pela CAPES), para realiza\u00e7\u00e3o de estudos em IES brasileiras que emitam diplomas de validade nacional, em programas de p\u00f3s-gradua\u00e7\u00e3o <em>stricto sensu<\/em> com nota igual ou superior a 03 (tr\u00eas), segundo classifica\u00e7\u00e3o estabelecida pela CAPES (<a href=\"http:\/\/www.capes.gov.br\/cursos-recomendados\">http:\/\/www.capes.gov.br\/cursos-recomendados<\/a>)<\/p>\n<p>\u00b7\u00a0\u00a0\u00a0\u00a0\u00a0\u00a0\u00a0 Aprimorar a qualifica\u00e7\u00e3o de professores universit\u00e1rios, pesquisadores, profissionais e graduados do ensino superior, visando sua contribui\u00e7\u00e3o para o desenvolvimento de seus pa\u00edses; e<\/p>\n<p>\u00b7\u00a0\u00a0\u00a0\u00a0\u00a0\u00a0\u00a0 Priorizar os pa\u00edses que apresentem candidatos no \u00e2mbito de programas nacionais de desenvolvimento s\u00f3cio-econ\u00f4mico, acordados entre o Brasil e os pa\u00edses interessados, por via diplom\u00e1tica.<\/p>\n<p>LEIA MAIS EM\u00a0<a href=\"http:\/\/www.cnpq.br\/web\/guest\/pec-pg\">Programa PEC-PG CNPq &#8211; mestrado<\/a><\/p>\n<\/div>\n<\/div>\n<\/div>\n<\/div>\n<\/div>\n","protected":false},"excerpt":{"rendered":"<p>CONHE\u00c7A O PROGRAMA PEC-PG 1.\u00a0\u00a0\u00a0\u00a0 Caracteriza\u00e7\u00e3o \u00b7\u00a0\u00a0\u00a0\u00a0\u00a0\u00a0\u00a0 O Programa de Estudantes-Conv\u00eanio de P\u00f3s-Gradua\u00e7\u00e3o &#8211; PEC-PG, administrado conjuntamente pelo Departamento Cultural (DC) do Minist\u00e9rio das Rela\u00e7\u00f5es Exteriores (MRE), pela Coordena\u00e7\u00e3o de Aperfei\u00e7oamento de Pessoal de N\u00edvel Superior (CAPES) e pelo Conselho Nacional de Desenvolvimento Cient\u00edfico e Tecnol\u00f3gico (CNPq), constitui atividade de coopera\u00e7\u00e3o educacional exercida entre pa\u00edses [&hellip;]<\/p>\n","protected":false},"author":348,"featured_media":0,"parent":0,"menu_order":0,"comment_status":"closed","ping_status":"closed","template":"","meta":{"footnotes":""},"class_list":["post-668","page","type-page","status-publish","hentry"],"jetpack_sharing_enabled":true,"_links":{"self":[{"href":"https:\/\/wp.ufpel.edu.br\/ppgdtsa\/wp-json\/wp\/v2\/pages\/668","targetHints":{"allow":["GET"]}}],"collection":[{"href":"https:\/\/wp.ufpel.edu.br\/ppgdtsa\/wp-json\/wp\/v2\/pages"}],"about":[{"href":"https:\/\/wp.ufpel.edu.br\/ppgdtsa\/wp-json\/wp\/v2\/types\/page"}],"author":[{"embeddable":true,"href":"https:\/\/wp.ufpel.edu.br\/ppgdtsa\/wp-json\/wp\/v2\/users\/348"}],"replies":[{"embeddable":true,"href":"https:\/\/wp.ufpel.edu.br\/ppgdtsa\/wp-json\/wp\/v2\/comments?post=668"}],"version-history":[{"count":1,"href":"https:\/\/wp.ufpel.edu.br\/ppgdtsa\/wp-json\/wp\/v2\/pages\/668\/revisions"}],"predecessor-version":[{"id":670,"href":"https:\/\/wp.ufpel.edu.br\/ppgdtsa\/wp-json\/wp\/v2\/pages\/668\/revisions\/670"}],"wp:attachment":[{"href":"https:\/\/wp.ufpel.edu.br\/ppgdtsa\/wp-json\/wp\/v2\/media?parent=668"}],"curies":[{"name":"wp","href":"https:\/\/api.w.org\/{rel}","templated":true}]}}

<div id="p_p_id_56_INSTANCE_j5X6_" class="portlet-boundary portlet-boundary_56_  portlet-static portlet-static-end portlet-journal-content ">
<div class="portlet-borderless-container">
<div class="portlet-body">
<div id="article_10132_10157_704744_1.1" class="journal-content-article">
<div class="containerTxt">
<h2 class="tit-page">CONHEÇA O PROGRAMA PEC-PG</h2>
</div>
</div>
</div>
</div>
</div>
<div id="p_p_id_56_INSTANCE_p1U3_" class="portlet-boundary portlet-boundary_56_  portlet-static portlet-static-end portlet-journal-content "><strong>1.     </strong><strong>Caracterização</strong></p>
<div id="aui_3_2_0_1118" class="portlet-borderless-container">
<div id="aui_3_2_0_1117" class="portlet-body">
<div id="article_10132_10157_704757_2.3" class="journal-content-article">
<div id="cke_pastebin">
<p id="aui_3_2_0_1116">·        O Programa de Estudantes-Convênio de Pós-Graduação &#8211; PEC-PG, administrado conjuntamente pelo Departamento Cultural (DC) do Ministério das Relações Exteriores (MRE), pela Coordenação de Aperfeiçoamento de Pessoal de Nível Superior (CAPES) e pelo Conselho Nacional de Desenvolvimento Científico e Tecnológico (CNPq), constitui atividade de cooperação educacional exercida entre países em desenvolvimento com os quais o Brasil mantém Acordo de Cooperação Educacional, Cultural ou de Ciência e Tecnologia.</p>
<p><strong>2.     </strong><strong>Objetivos do Programa</strong></p>
<p>·        Constituir atividade de cooperação educacional com países em desenvolvimento com os quais o Brasil mantém acordo de Cooperação Educacional, Cultural ou de Ciência e Tecnologia;</p>
<p>·        Contribuir para a formação de recursos humanos, por meio da concessão de bolsas de mestrado (bolsas concedidas somente pelo CNPq) e doutorado (bolsas concedidas somente pela CAPES), para realização de estudos em IES brasileiras que emitam diplomas de validade nacional, em programas de pós-graduação <em>stricto sensu</em> com nota igual ou superior a 03 (três), segundo classificação estabelecida pela CAPES (<a href="http://www.capes.gov.br/cursos-recomendados">http://www.capes.gov.br/cursos-recomendados</a>)</p>
<p>·        Aprimorar a qualificação de professores universitários, pesquisadores, profissionais e graduados do ensino superior, visando sua contribuição para o desenvolvimento de seus países; e</p>
<p>·        Priorizar os países que apresentem candidatos no âmbito de programas nacionais de desenvolvimento sócio-econômico, acordados entre o Brasil e os países interessados, por via diplomática.</p>
<p>LEIA MAIS EM <a href="http://www.cnpq.br/web/guest/pec-pg">Programa PEC-PG CNPq &#8211; mestrado</a></p>
</div>
</div>
</div>
</div>
</div>

<p>CONHEÇA O PROGRAMA PEC-PG 1.     Caracterização ·        O Programa de Estudantes-Convênio de Pós-Graduação &#8211; PEC-PG, administrado conjuntamente pelo Departamento Cultural (DC) do Ministério das Relações Exteriores (MRE), pela Coordenação de Aperfeiçoamento de Pessoal de Nível Superior (CAPES) e pelo Conselho Nacional de Desenvolvimento Científico e Tecnológico (CNPq), constitui atividade de cooperação educacional exercida entre países [&hellip;]</p>
