{"id":5694,"date":"2025-02-10T12:22:08","date_gmt":"2025-02-10T15:22:08","guid":{"rendered":"https:\/\/wp.ufpel.edu.br\/ppgdtsa\/?page_id=5694"},"modified":"2025-12-03T11:27:56","modified_gmt":"2025-12-03T14:27:56","slug":"anais-seminario-ppgdtsa","status":"publish","type":"page","link":"https:\/\/wp.ufpel.edu.br\/ppgdtsa\/seminario-ppgdtsa\/anais-seminario-ppgdtsa\/","title":{"rendered":"Anais Semin\u00e1rio PPGDTSA"},"content":{"rendered":"<p style=\"text-align: justify;\"><span style=\"font-size: 18pt;\">Anais do Semin\u00e1rio Anual do PPGDTSA<\/span><\/p>\n<p>&nbsp;<\/p>\n<table style=\"border-collapse: collapse; width: 100%;\" border=\"1\">\n<tbody>\n<tr style=\"height: 24px;\">\n<td style=\"width: 8.37563%; height: 24px; text-align: center;\"><strong>Ano<\/strong><\/td>\n<td style=\"width: 69.3075%; height: 24px; text-align: center;\"><strong>Tema<\/strong><\/td>\n<td style=\"width: 22.3169%; height: 24px; text-align: center;\"><strong>Link para anais<\/strong><\/td>\n<\/tr>\n<tr style=\"height: 24px;\">\n<td style=\"width: 8.37563%; height: 24px; text-align: center;\">2023<\/td>\n<td style=\"width: 69.3075%; height: 24px;\">VIII \u2013\u00a0Transforma\u00e7\u00f5es no Mundo dos Alimentos, Seguran\u00e7a Alimentar e\u00a0Desenvolvimento Rural \u2013 50 anos do Departamento de Ci\u00eancias Sociais Agr\u00e1rias\u00a0da FAEM\/UFPEL<\/td>\n<td style=\"width: 22.3169%; height: 24px; text-align: center;\"><a href=\"https:\/\/guaiaca.ufpel.edu.br\/handle\/prefix\/13185\" target=\"_blank\" rel=\"noopener\">Anais<\/a><\/td>\n<\/tr>\n<tr style=\"height: 24px;\">\n<td style=\"width: 8.37563%; height: 24px; text-align: center;\">2024<\/td>\n<td style=\"width: 69.3075%; height: 24px;\">IX \u2013 Desenvolvimento e Territ\u00f3rio: Olhares sobre o Pampa<\/td>\n<td style=\"width: 22.3169%; height: 24px; text-align: center;\"><a href=\"http:\/\/guaiaca.ufpel.edu.br\/xmlui\/handle\/prefix\/15307\">Anais<\/a><\/td>\n<\/tr>\n<tr>\n<td style=\"width: 8.37563%; text-align: center;\">2025<\/td>\n<td style=\"width: 69.3075%;\">X \u2013 Mudan\u00e7as Clim\u00e1ticas, Agricultura Familiar e Supera\u00e7\u00e3o<\/td>\n<td style=\"width: 22.3169%; text-align: center;\">Em breve<\/td>\n<\/tr>\n<\/tbody>\n<\/table>\n<p>&nbsp;<\/p>\n","protected":false},"excerpt":{"rendered":"<p>Anais do Semin\u00e1rio Anual do PPGDTSA &nbsp; Ano Tema Link para anais 2023 VIII \u2013\u00a0Transforma\u00e7\u00f5es no Mundo dos Alimentos, Seguran\u00e7a Alimentar e\u00a0Desenvolvimento Rural \u2013 50 anos do Departamento de Ci\u00eancias Sociais Agr\u00e1rias\u00a0da FAEM\/UFPEL Anais 2024 IX \u2013 Desenvolvimento e Territ\u00f3rio: Olhares sobre o Pampa Anais 2025 X \u2013 Mudan\u00e7as Clim\u00e1ticas, Agricultura Familiar e Supera\u00e7\u00e3o Em [&hellip;]<\/p>\n","protected":false},"author":348,"featured_media":0,"parent":5309,"menu_order":0,"comment_status":"closed","ping_status":"closed","template":"","meta":{"footnotes":""},"class_list":["post-5694","page","type-page","status-publish","hentry"],"jetpack_sharing_enabled":true,"_links":{"self":[{"href":"https:\/\/wp.ufpel.edu.br\/ppgdtsa\/wp-json\/wp\/v2\/pages\/5694","targetHints":{"allow":["GET"]}}],"collection":[{"href":"https:\/\/wp.ufpel.edu.br\/ppgdtsa\/wp-json\/wp\/v2\/pages"}],"about":[{"href":"https:\/\/wp.ufpel.edu.br\/ppgdtsa\/wp-json\/wp\/v2\/types\/page"}],"author":[{"embeddable":true,"href":"https:\/\/wp.ufpel.edu.br\/ppgdtsa\/wp-json\/wp\/v2\/users\/348"}],"replies":[{"embeddable":true,"href":"https:\/\/wp.ufpel.edu.br\/ppgdtsa\/wp-json\/wp\/v2\/comments?post=5694"}],"version-history":[{"count":3,"href":"https:\/\/wp.ufpel.edu.br\/ppgdtsa\/wp-json\/wp\/v2\/pages\/5694\/revisions"}],"predecessor-version":[{"id":6087,"href":"https:\/\/wp.ufpel.edu.br\/ppgdtsa\/wp-json\/wp\/v2\/pages\/5694\/revisions\/6087"}],"up":[{"embeddable":true,"href":"https:\/\/wp.ufpel.edu.br\/ppgdtsa\/wp-json\/wp\/v2\/pages\/5309"}],"wp:attachment":[{"href":"https:\/\/wp.ufpel.edu.br\/ppgdtsa\/wp-json\/wp\/v2\/media?parent=5694"}],"curies":[{"name":"wp","href":"https:\/\/api.w.org\/{rel}","templated":true}]}}