{"id":5423,"date":"2024-08-16T10:50:36","date_gmt":"2024-08-16T13:50:36","guid":{"rendered":"https:\/\/wp.ufpel.edu.br\/ppgdtsa\/?page_id=5423"},"modified":"2025-06-27T13:56:18","modified_gmt":"2025-06-27T16:56:18","slug":"defesas-de-dissertacao-e-qualificacao-ppgdtsa","status":"publish","type":"page","link":"https:\/\/wp.ufpel.edu.br\/ppgdtsa\/defesas-de-dissertacao-e-qualificacao-ppgdtsa\/","title":{"rendered":"Defesas de Disserta\u00e7\u00e3o e Qualifica\u00e7\u00e3o PPGDTSA"},"content":{"rendered":"<h1>Calend\u00e1rio de Defesas PPGDTSA<\/h1>\n<p>Atrav\u00e9s desta p\u00e1gina voc\u00ea pode acompanhar todas as Defesas marcadas no Programa de P\u00f3s-Gradua\u00e7\u00e3o em Desenvolvimento Territorial e Sistemas Agroindustriais.<\/p>\n<h3><a href=\"https:\/\/calendar.google.com\/calendar\/u\/0?cid=cHBnZHRzYUBnbWFpbC5jb20\" target=\"_blank\" rel=\"noopener\">Visualizar Google Agenda<\/a><\/h3>\n<p>&nbsp;<\/p>\n<h2>2025<\/h2>\n<hr \/>\n<h3>Angie Tatiana Perdomo Ramos<\/h3>\n<ul>\n<li>Orientador(a): M\u00e1rio Duarte Canever<\/li>\n<li>Tipo de Defesa: Defesa de Projeto<\/li>\n<li>T\u00edtulo do Trabalho: Sistemas Integrados vs Monocultura no Bioma Pampa: Avalia\u00e7\u00e3o da Sustentabilidade e Produtividade atrav\u00e9s da S\u00edntese em Emergia na Fazenda S\u00e3o Gabriel no munic\u00edpio de Arroio Grande<\/li>\n<li>Data: 20\/05\/2025<\/li>\n<li>Local e hor\u00e1rio: on-line<\/li>\n<li>Portaria de Nomea\u00e7\u00e3o da Banca Examinadora: <a href=\"https:\/\/drive.google.com\/file\/d\/1kdoa9Dmm3FprlMo_iN8QhUx9iCmHhZpQ\/view?usp=sharing\" target=\"_blank\" rel=\"noopener\">Portaria n\u00ba 113\/2025<\/a><\/li>\n<li>Processo SEI: 23110.019947\/2025-17<\/li>\n<\/ul>\n<hr \/>\n<h3>Caroline Zalamena<\/h3>\n<ul>\n<li>Orientador(a): L\u00facio Andr\u00e9 de Oliveira Fernandes<\/li>\n<li>Coorientador(a): Marielen Priscila Kaufmann<\/li>\n<li>Tipo de Defesa: Defesa de Disserta\u00e7\u00e3o<\/li>\n<li>T\u00edtulo do Trabalho: GENTES E FLORESTAS: Pistas para imaginar outras agri-culturas<\/li>\n<li>Data: 27\/06\/2025<\/li>\n<li>Local e hor\u00e1rio: Sala 726 DCSA 14:00<\/li>\n<li>Portaria de Nomea\u00e7\u00e3o da Banca Examinadora: <a href=\"https:\/\/drive.google.com\/file\/d\/1SuREHBljD9972znho1rwFcjRWVFRwy2G\/view?usp=sharing\" target=\"_blank\" rel=\"noopener\">Portaria n\u00ba 114\/2025<\/a><\/li>\n<li>Processo SEI: <span id=\"span3318537\" class=\"infraArvoreNoSelecionado\">23110.021281\/2025-59<\/span><\/li>\n<li>Link Sala Virtual: <a href=\"https:\/\/webconf.ufpel.edu.br\/b\/luc-xbo-u5k-lpg\" target=\"_blank\" rel=\"noopener\">https:\/\/webconf.ufpel.edu.br\/b\/luc-xbo-u5k-lpg<\/a><\/li>\n<li>C\u00f3digo de entrada na Sala Virtual: 812158<\/li>\n<li>ATEN\u00c7\u00c3O: Entrada na Sala Virtual ser\u00e1 permitida apenas at\u00e9 14:00h<\/li>\n<li><a href=\"https:\/\/drive.google.com\/file\/d\/1EtaQsI3yVogA148rGr2RUBoxPZK_BRMW\/view?usp=sharing\" target=\"_blank\" rel=\"noopener\">Card de Divulga\u00e7\u00e3o<\/a><\/li>\n<\/ul>\n<hr \/>\n<h3>Daniele Morales Mallue<\/h3>\n<ul>\n<li>Orientador(a): Augusto Hauber Gameiro<\/li>\n<li>Coorientador(a): Rafael Ara\u00fajo Nascimento<\/li>\n<li>Tipo de Defesa: Defesa de Projeto<\/li>\n<li>T\u00edtulo do Trabalho: Desempenho ecol\u00f3gico-ec\u00f4mico de uma propriedade de Agricultura Familiar em Cangu\u00e7u-RS pela s\u00edntese em Emergia<\/li>\n<li>Data: 19\/05\/2025<\/li>\n<li>Local e hor\u00e1rio: Sala 726 DCSA 09:00<\/li>\n<li>Portaria de Nomea\u00e7\u00e3o da Banca Examinadora: <a href=\"https:\/\/drive.google.com\/file\/d\/1nFEn2SfVzX6Zgxr8z1O-4otXNpxdcwdb\/view?usp=sharing\" target=\"_blank\" rel=\"noopener\">Portaria n\u00ba 78\/2025<\/a><\/li>\n<li>Processo SEI: <span id=\"span3384616\" class=\"noVisitado\">23110.012459\/<\/span><span id=\"span3384616\" class=\"noVisitado\">2025<\/span><span id=\"span3384616\" class=\"noVisitado\">-71<\/span><\/li>\n<\/ul>\n<hr \/>\n<h3>David Fernandes de Avila<\/h3>\n<ul>\n<li>Orientador(a): Aline Soares Pereira<\/li>\n<li>Coorientador(a): Felipe Fehlberg Herrmann<\/li>\n<li>Tipo de Defesa: Defesa de Projeto<\/li>\n<li>T\u00edtulo do Trabalho: Estudo sobre a integra\u00e7\u00e3o dos princ\u00edpios da economia circular e da inova\u00e7\u00e3o para promover a sustentabilidade nas ind\u00fastrias arrozeiras do mun\u00edcipio de Pelotas<\/li>\n<li>Data: 13\/06\/2025<\/li>\n<li>Local e hor\u00e1rio: Sala 726 DCSA 14:30<\/li>\n<li>Portaria de Nomea\u00e7\u00e3o da Banca Examinadora: Portaria n\u00ba 104\/2025<\/li>\n<li>Processo SEI: <span id=\"span3384616\" class=\"noVisitado\">23110.020258\/2025-47<\/span><\/li>\n<\/ul>\n<hr \/>\n<h3>Larissa Jacobsen da Rocha<\/h3>\n<ul>\n<li>Orientador(a): Marcelo Fernandes Pacheco Dias<\/li>\n<li>Tipo de Defesa: Defesa de Disserta\u00e7\u00e3o<\/li>\n<li>T\u00edtulo do Trabalho: AVALIA\u00c7\u00c3O DE NICHOS SOCIOT\u00c9CNICOS DE INOVA\u00c7\u00c3O TRANSFORMADORA: estudo de caso dos impactos do tabaco de base agroecol\u00f3gica<\/li>\n<li>Data: 27\/02\/2025<\/li>\n<li>Local e hor\u00e1rio: Sala 726 DCSA 16:00<\/li>\n<li>Portaria de Nomea\u00e7\u00e3o da Banca Examinadora: <a href=\"https:\/\/drive.google.com\/file\/d\/163n7s9ie-h-KgNANHkiJBf1fJXBmmF71\/view?usp=sharing\" target=\"_blank\" rel=\"noopener\">Portaria n\u00ba 26\/2025<\/a><\/li>\n<li>Processo SEI: <span id=\"span3318537\" class=\"infraArvoreNoSelecionado\">23110.006201\/<\/span><span id=\"span3318537\" class=\"infraArvoreNoSelecionado\">2025<\/span><span id=\"span3318537\" class=\"infraArvoreNoSelecionado\">-35<\/span><\/li>\n<\/ul>\n<hr \/>\n<h3>Lucas Fonseca M\u00fcller<\/h3>\n<ul>\n<li>Orientador(a): Aline Soares Pereira<\/li>\n<li>Coorientador(a): Alain Hern\u00e1ndez Santoyo<\/li>\n<li>Tipo de Defesa: Defesa de Disserta\u00e7\u00e3o<\/li>\n<li>T\u00edtulo do Trabalho: Tecnologias de Rastreabilidade Alimentar: Um estudo aplicado na olivicultura ga\u00facha<\/li>\n<li>Data: 03\/07\/2025<\/li>\n<li>Local e hor\u00e1rio: Sala 726 DCSA 14:00<\/li>\n<li>Portaria de Nomea\u00e7\u00e3o da Banca Examinadora: <a href=\"https:\/\/drive.google.com\/file\/d\/1hKLdZ6pPAffV2MXc2AkkSM5qspmfAE1F\/view?usp=sharing\" target=\"_blank\" rel=\"noopener\">Portaria n\u00ba 115\/2025<\/a><\/li>\n<li>Processo SEI: <span id=\"span3318537\" class=\"infraArvoreNoSelecionado\">23110.021311\/<\/span><span id=\"span3318537\" class=\"infraArvoreNoSelecionado\">2025<\/span><span id=\"span3318537\" class=\"infraArvoreNoSelecionado\">-27<\/span><\/li>\n<\/ul>\n<hr \/>\n<h3>Marciano Cust\u00f3dio Ferreira<\/h3>\n<ul>\n<li>Orientador(a): N\u00e1dia Campos Pereira Bruhn<\/li>\n<li>Coorientador(a): Felipe Fehlberg Herrmann<\/li>\n<li>Tipo de Defesa: Defesa de Disserta\u00e7\u00e3o<\/li>\n<li>T\u00edtulo do Trabalho: Comunidades quilombolas e mudan\u00e7as clim\u00e1ticas: Complexidades, incertezas e desafios do quilombo Brasa Moura sob a lente dos capitais comunit\u00e1rios<\/li>\n<li>Data: 09\/06\/2025<\/li>\n<li>Local e hor\u00e1rio: Sala 726 DCSA 08:30<\/li>\n<li>Portaria de Nomea\u00e7\u00e3o da Banca Examinadora: <a href=\"https:\/\/drive.google.com\/file\/d\/13JRZEcAcmNA9c1hbAyh1YELWdYrB17SK\/view?usp=sharing\" target=\"_blank\" rel=\"noopener\">Portaria 105\/2025<\/a><\/li>\n<li>Processo SEI: <span id=\"span3293638\" class=\"infraArvoreNoSelecionado\">23<\/span><span id=\"span3293638\" class=\"infraArvoreNoSelecionado\">110.020665\/2025-54<\/span><\/li>\n<\/ul>\n<hr \/>\n<h3>Marizane da Fonseca Duarte<\/h3>\n<ul>\n<li>Orientador(a): M\u00e1rio Duarte Canever<\/li>\n<li>Tipo de Defesa: Defesa de Disserta\u00e7\u00e3o<\/li>\n<li>T\u00edtulo do Trabalho: Perspectivas para gera\u00e7\u00e3o de produto a partir da compostagem de carca\u00e7as bovinas de Estabelecimento de Pr\u00e9-Embarque (EPE)<\/li>\n<li>Data: 28\/02\/2025<\/li>\n<li>Local e hor\u00e1rio: Sala 726 DCSA 09:30<\/li>\n<li>Portaria de Nomea\u00e7\u00e3o da Banca Examinadora: <a href=\"https:\/\/drive.google.com\/file\/d\/1OG2i4-snTi96aLppDHe1xHxR2xiJ1nh5\/view?usp=sharing\" target=\"_blank\" rel=\"noopener\">Portaria n\u00ba 06\/2025<\/a><\/li>\n<li>Processo SEI: <span id=\"span3293638\" class=\"infraArvoreNoSelecionado\">23<\/span><span id=\"span3293638\" class=\"infraArvoreNoSelecionado\">110.003841\/2025-93<\/span><\/li>\n<\/ul>\n<hr \/>\n<h3>Piero Castro Miozzo<\/h3>\n<ul>\n<li>Orientador(a): Augusto Hauber Gameiro<\/li>\n<li>Coorientador(a): Jo\u00e3o Augusto Cardoso<\/li>\n<li>Tipo de Defesa: Defesa de Projeto<\/li>\n<li>T\u00edtulo do Trabalho: Sucess\u00e3o Familiar Planejada e N\u00e3o Planejada no Agroneg\u00f3cio: Uma an\u00e1lise sobre as holdings familiares como ferramenta de planejamento sucess\u00f3rio<\/li>\n<li>Data: 04\/07\/2025<\/li>\n<li>Local e hor\u00e1rio: Sala Virtual 17:30<\/li>\n<li>Portaria de Nomea\u00e7\u00e3o da Banca Examinadora: <a href=\"https:\/\/drive.google.com\/file\/d\/1hKZvon7aU4PR_SkxOuZzyNvzsBElk536\/view?usp=sharing\" target=\"_blank\" rel=\"noopener\">Portaria n\u00ba 102\/2025<\/a><\/li>\n<li>Processo SEI: <span id=\"span3293638\" class=\"infraArvoreNoSelecionado\">23<\/span><span id=\"span3293638\" class=\"infraArvoreNoSelecionado\">110.020185\/2025-93<\/span><\/li>\n<li>Link para Sala Virtual: <a href=\"https:\/\/meet.google.com\/zav-axfy-urj\" target=\"_blank\" rel=\"noopener\">https:\/\/meet.google.com\/zav-axfy-urj<\/a><\/li>\n<\/ul>\n<hr \/>\n<h3>Rodrigo Ot\u00e1vio Mendon\u00e7a da Silva<\/h3>\n<ul>\n<li>Orientador(a): N\u00e1dia Campos Pereira Bruhn<\/li>\n<li>Coorientador(a): Fernanda Medeiros Gon\u00e7alves<\/li>\n<li>Tipo de Defesa: Defesa de Projeto<\/li>\n<li>T\u00edtulo do Trabalho: Padr\u00f5es Espaciais e Temporais das Emiss\u00f5es de Carbono: Um estudo no estado do Rio Grande do Sul entre 2013 e 2022<\/li>\n<li>Data: 28\/08\/2025<\/li>\n<li>Local e hor\u00e1rio: Sala 730 DCSA 09:30h<\/li>\n<li>Portaria de Nomea\u00e7\u00e3o da Banca Examinadora:<\/li>\n<li>Processo SEI: 23110.021246\/2025-30<\/li>\n<\/ul>\n<hr \/>\n<h3>Tais Reisderfer<\/h3>\n<ul>\n<li>Orientador(a): Cl\u00e1udio Becker<\/li>\n<li>Coorientador(a): Larissa Ferreira Tavares<\/li>\n<li>Tipo de Defesa: Defesa de Projeto<\/li>\n<li>T\u00edtulo do Trabalho: Pr\u00e1ticas educativas cooperativas e desenvolvimento rural: estudo de caso da COOPERJA<\/li>\n<li>Data: 17\/06\/2025<\/li>\n<li>Local e hor\u00e1rio: Sala 730 DCSA 09:00<\/li>\n<li>Portaria de Nomea\u00e7\u00e3o da Banca Examinadora: <a href=\"https:\/\/drive.google.com\/file\/d\/1jEs7j1Pbae95UPM3x25Q8qmJPIP-3BdF\/view?usp=sharing\" target=\"_blank\" rel=\"noopener\">Portaria n\u00ba 103\/2025<\/a><\/li>\n<li>Processo SEI: 23110.019959\/2025-33<\/li>\n<\/ul>\n<hr \/>\n<h3>Tamires P\u00f4rto Lima<\/h3>\n<ul>\n<li>Orientador(a): Cl\u00e1udio Becker<\/li>\n<li>Tipo de Defesa: Defesa de Disserta\u00e7\u00e3o<\/li>\n<li>T\u00edtulo do Trabalho: Pecu\u00e1ria familiar e Programa Nacional de Alimenta\u00e7\u00e3o Escolar (PNAE): um estudo da inser\u00e7\u00e3o da carne ovina em escolas municipais de Arroio Grande, RS<\/li>\n<li>Data: 07\/03\/2025<\/li>\n<li>Local e hor\u00e1rio: Sala 726 DCSA 09:00<\/li>\n<li>Portaria de Nomea\u00e7\u00e3o da Banca Examinadora: <a href=\"https:\/\/drive.google.com\/file\/d\/1ZpMYmm9HbLXP1Og4QMAkqi50qZV3Z9vt\/view?usp=sharing\" target=\"_blank\" rel=\"noopener\">Portaria n\u00ba 10\/2025<\/a><\/li>\n<li>Processo SEI: <span id=\"span3297054\" class=\"infraArvoreNoSelecionado\">23110.004141\/2025-16<\/span><\/li>\n<\/ul>\n<hr \/>\n<p><!--nextpage--><\/p>\n<h1>Calend\u00e1rio de Defesas PPGDTSA<\/h1>\n<p>Atrav\u00e9s desta p\u00e1gina voc\u00ea pode acompanhar todas as Defesas marcadas no Programa de P\u00f3s-Gradua\u00e7\u00e3o em Desenvolvimento Territorial e Sistemas Agroindustriais.<\/p>\n<h3><a href=\"https:\/\/calendar.google.com\/calendar\/u\/0?cid=cHBnZHRzYUBnbWFpbC5jb20\" target=\"_blank\" rel=\"noopener\">Visualizar Google Agenda<\/a><\/h3>\n<p>&nbsp;<\/p>\n<h2>2024<\/h2>\n<p>Informamos que a Sala 726 DCSA estar\u00e1 dispon\u00edvel apenas sextas-feiras no per\u00edodo da tarde para realiza\u00e7\u00e3o de Defesas, estando ocupada pelas disciplinas ofertadas pelo PPG nos outros dias. As Defesas ocorrer\u00e3o na Sala 730 se a Sala 726 estiver indispon\u00edvel.<\/p>\n<table style=\"border-collapse: collapse; width: 100%;\" border=\"1\">\n<tbody>\n<tr>\n<td style=\"width: 3.75635%;\"><span style=\"font-size: 14pt;\"><strong>Dia<\/strong><\/span><\/td>\n<td style=\"width: 12.966%;\"><span style=\"font-size: 14pt;\"><strong>Tipo de Defesa<\/strong><\/span><\/td>\n<td style=\"width: 15.649%;\"><span style=\"font-size: 14pt;\"><strong>Acad\u00eamico<\/strong><\/span><\/td>\n<td style=\"width: 14.9964%;\"><span style=\"font-size: 14pt;\"><strong>Orientador<\/strong><\/span><\/td>\n<td style=\"width: 10.1784%;\"><span style=\"font-size: 14pt;\"><strong>T\u00edtulo<\/strong><\/span><\/td>\n<td style=\"width: 5.0892%;\"><span style=\"font-size: 14pt;\"><strong>Local e hor\u00e1rio<\/strong><\/span><\/td>\n<td style=\"width: 5.0892%;\"><span style=\"font-size: 14pt;\"><strong>Portaria<\/strong><\/span><\/td>\n<\/tr>\n<tr>\n<td style=\"width: 3.75635%;\">05\/09<\/td>\n<td style=\"width: 12.966%;\">Defesa de Projeto<\/td>\n<td style=\"width: 15.649%;\">Lucas Fonseca M\u00fcller<\/td>\n<td style=\"width: 14.9964%;\">Aline Soares Pereira<\/td>\n<td style=\"width: 10.1784%;\">Tecnologias de Rastreabilidade Alimentar: Um estudo aplicado na olivicultura ga\u00facha<\/td>\n<td style=\"width: 5.0892%;\">\n<p>Sala 726 DCSA<\/p>\n<p>14h<\/td>\n<td style=\"width: 5.0892%;\"><a href=\"https:\/\/drive.google.com\/file\/d\/1530skfFIKoTpSuamym5X-XYjKRtw2P_V\/view?usp=sharing\" target=\"_blank\" rel=\"noopener\">Portaria Interna 123\/2024<\/a><\/td>\n<\/tr>\n<tr>\n<td style=\"width: 3.75635%;\">06\/09<\/td>\n<td style=\"width: 12.966%;\">Defesa de Projeto<\/td>\n<td style=\"width: 15.649%;\">Luci Nara Lima Pereira<\/td>\n<td style=\"width: 14.9964%;\">Aline Soares Pereira<\/td>\n<td style=\"width: 10.1784%;\">Certifica\u00e7\u00f5es de Hortali\u00e7as Org\u00e2nicas na regi\u00e3o sul do Rio Grande do Sul: Desafios e Oportunidades<\/td>\n<td style=\"width: 5.0892%;\">\n<p>Sala 730 DCSA<\/p>\n<p>14h<\/td>\n<td style=\"width: 5.0892%;\"><a href=\"https:\/\/drive.google.com\/file\/d\/1g1PiY2fBJFfSbfPSN0yckNnXBnYthatT\/view?usp=sharing\" target=\"_blank\" rel=\"noopener\">Portaria Interna 126\/2024<\/a><\/td>\n<\/tr>\n<tr>\n<td style=\"width: 3.75635%;\">06\/09<\/td>\n<td style=\"width: 12.966%;\">Defesa de Disserta\u00e7\u00e3o<\/td>\n<td style=\"width: 15.649%;\">Danilo dos Santos Leite<\/td>\n<td style=\"width: 14.9964%;\">M\u00e1rio Duarte Canever<\/td>\n<td style=\"width: 10.1784%;\">Olivicultura no Rio Grande do Sul &#8211; Viabilidade produtiva e marcadol\u00f3gica<\/td>\n<td style=\"width: 5.0892%;\">\n<p>Sala 726 DCSA<\/p>\n<p>14h<\/td>\n<td style=\"width: 5.0892%;\"><a href=\"https:\/\/drive.google.com\/file\/d\/14WPZ6ogJFqOU6UGhVODCp3v7O-idaKGq\/view?usp=drive_link\" target=\"_blank\" rel=\"noopener\">Portaria Interna 116\/2024<\/a><\/td>\n<\/tr>\n<tr>\n<td style=\"width: 3.75635%;\">09\/09<\/td>\n<td style=\"width: 12.966%;\">Defesa de Projeto<\/td>\n<td style=\"width: 15.649%;\">Rafaela Santos da Silva<\/td>\n<td style=\"width: 14.9964%;\">M\u00e1rio Conill Gomes<\/td>\n<td style=\"width: 10.1784%;\">A participa\u00e7\u00e3o da mulher no processo decis\u00f3rio de estabelecimentos familiares<br \/>\nprodutores de cacau em Tucum\u00e3, PA<\/td>\n<td style=\"width: 5.0892%;\">\n<p>Sala 730 DCSA<\/p>\n<p>09:30h<\/td>\n<td style=\"width: 5.0892%;\"><a href=\"https:\/\/drive.google.com\/file\/d\/1DNkhOYNmsTp29Jx-x2AOnWK8TzdLUwZv\/view?usp=sharing\" target=\"_blank\" rel=\"noopener\">Portaria Interna 127\/2024<\/a><\/td>\n<\/tr>\n<tr>\n<td style=\"width: 3.75635%;\">11\/09<\/td>\n<td style=\"width: 12.966%;\">Defesa de Projeto<\/td>\n<td style=\"width: 15.649%;\">Marciano Cust\u00f3dio Ferreira<\/td>\n<td style=\"width: 14.9964%;\">N\u00e1dia Campos Pereira Bruhn<\/td>\n<td style=\"width: 10.1784%;\">Mudan\u00e7as Clim\u00e1ticas e a Produ\u00e7\u00e3o Alimentar em Comunidades Locais: O caso do Quilombo Brasa Moura localizado no municip\u00edo de Piratini-RS<\/td>\n<td style=\"width: 5.0892%;\">\n<p>Sala 730 DCSA<\/p>\n<p>09:30h<\/td>\n<td style=\"width: 5.0892%;\"><a href=\"https:\/\/drive.google.com\/file\/d\/15zknm8wGOEjAzphFb0mOXTTYq_EYYPAj\/view?usp=sharing\" target=\"_blank\" rel=\"noopener\">Portaria Interna 131\/2024<\/a><\/td>\n<\/tr>\n<tr>\n<td style=\"width: 3.75635%;\">11\/09<\/td>\n<td style=\"width: 12.966%;\">Defesa de Projeto<\/td>\n<td style=\"width: 15.649%;\">Tamires P\u00f4rto Lima<\/td>\n<td style=\"width: 14.9964%;\">Cl\u00e1udio Becker<\/td>\n<td style=\"width: 10.1784%;\">Pecu\u00e1ria Familiar e Programa Nacional de Alimenta\u00e7\u00e3o Escolar (PNAE): um estudo de caso no munic\u00edpio de<br \/>\nArroio Grande, RS<\/td>\n<td style=\"width: 5.0892%;\">\n<p>Sala 730 DCSA<\/p>\n<p>14h<\/td>\n<td style=\"width: 5.0892%;\"><a href=\"https:\/\/drive.google.com\/file\/d\/14YnyF0qUjwr6BO0668upf0VZETCtFAzO\/view?usp=drive_link\" target=\"_blank\" rel=\"noopener\">Portaria Interna 114\/2024<\/a><\/td>\n<\/tr>\n<tr>\n<td style=\"width: 3.75635%;\">11\/09<\/td>\n<td style=\"width: 12.966%;\">Defesa de Projeto<\/td>\n<td style=\"width: 15.649%;\">Carlos Humberto Saucedo da Silva J\u00fanior<\/td>\n<td style=\"width: 14.9964%;\">Cl\u00e1udio Becker<\/td>\n<td style=\"width: 10.1784%;\">Implica\u00e7\u00f5es das mudan\u00e7as do arcabou\u00e7o legal da UFPel nas compras p\u00fablicas de alimentos da agricultura<br \/>\nfamiliar<\/td>\n<td style=\"width: 5.0892%;\">\n<p>Sala 730 DCSA<\/p>\n<p>16h<\/td>\n<td style=\"width: 5.0892%;\"><a href=\"https:\/\/drive.google.com\/file\/d\/14ZWk5ClvwwfEEkPswz8IR6EU9byzl-53\/view?usp=drive_link\" target=\"_blank\" rel=\"noopener\">Portaria Interna 113\/2024<\/a><\/td>\n<\/tr>\n<tr>\n<td style=\"width: 3.75635%;\">12\/09<\/td>\n<td style=\"width: 12.966%;\">Defesa de Projeto<\/td>\n<td style=\"width: 15.649%;\">Larissa Jacobsen da Rocha<\/td>\n<td style=\"width: 14.9964%;\">Marcelo Fernandes Pacheco Dias<\/td>\n<td style=\"width: 10.1784%;\">Avalia\u00e7\u00e3o de Nichos Sociot\u00e9cnicos de Inova\u00e7\u00e3o Transformadora: Estudo de caso dos<br \/>\nimpactos do nicho tabaco de base agroecol\u00f3gica<\/td>\n<td style=\"width: 5.0892%;\">\n<p>Sala 730 DCSA<\/p>\n<p>08:30h<\/td>\n<td style=\"width: 5.0892%;\"><a href=\"https:\/\/drive.google.com\/file\/d\/1-0FhODUZL4QxJYZB-gOwXOH7Hb4UlOfg\/view?usp=sharing\" target=\"_blank\" rel=\"noopener\">Portaria Interna 132\/2024<\/a><\/td>\n<\/tr>\n<tr>\n<td style=\"width: 3.75635%;\">12\/09<\/td>\n<td style=\"width: 12.966%;\">Defesa de Disserta\u00e7\u00e3o<\/td>\n<td style=\"width: 15.649%;\">Enio Rubens Marques da Silva<\/td>\n<td style=\"width: 14.9964%;\">Augusto Hauber Gameiro<\/td>\n<td style=\"width: 10.1784%;\">Comportamento das a\u00e7\u00f5es de empresas do agroneg\u00f3cio na B3<\/td>\n<td style=\"width: 5.0892%;\">\n<p>Webconf<\/p>\n<p>14h<\/td>\n<td style=\"width: 5.0892%;\">\n<p><a href=\"https:\/\/drive.google.com\/file\/d\/14e4orgXUXfIcPhqQqnXUiWSbJ84yAfv_\/view?usp=sharing\" target=\"_blank\" rel=\"noopener\">Portaria Interna 120\/2024<\/a><\/p>\n<p><a href=\"https:\/\/drive.google.com\/file\/d\/1ArmOTX1wiN22nt2fvaXqNFeKlzhlB350\/view?usp=sharing\" target=\"_blank\" rel=\"noopener\">Portaria Interna 129\/2024<\/a><\/td>\n<\/tr>\n<tr>\n<td style=\"width: 3.75635%;\">12\/09<\/td>\n<td style=\"width: 12.966%;\">Defesa de Projeto<\/td>\n<td style=\"width: 15.649%;\">Luana Vahl Cousen<\/td>\n<td style=\"width: 14.9964%;\">Felipe Fehlberg Herrmann<\/td>\n<td style=\"width: 10.1784%;\">Prioriza\u00e7\u00e3o das Pr\u00e1ticas de Economia Circular na Prote\u00e7\u00e3o da Biodiversidade: Um estudo aplicado em uma<br \/>\nCooperativa de C\u00edtricos Agroecol\u00f3gicos<\/td>\n<td style=\"width: 5.0892%;\">\n<p>Sala 726 DCSA<\/p>\n<p>14h<\/td>\n<td style=\"width: 5.0892%;\"><a href=\"https:\/\/drive.google.com\/file\/d\/1X2owWjQFEfPOLnXGr5lOVAESdBsuTRY2\/view?usp=sharing\" target=\"_blank\" rel=\"noopener\">Portaria Interna 133\/2024<\/a><\/td>\n<\/tr>\n<tr>\n<td style=\"width: 3.75635%;\">13\/09<\/td>\n<td style=\"width: 12.966%;\">Defesa de Projeto<\/td>\n<td style=\"width: 15.649%;\">Caroline Zalamena<\/td>\n<td style=\"width: 14.9964%;\">L\u00facio Andr\u00e9 de Oliveira Fernandes<\/td>\n<td style=\"width: 10.1784%;\">GENTES E FLORESTAS: cartografia com fam\u00edlias agricultoras na unidade geomorfol\u00f3gica do Escudo<br \/>\nCristalino Sul-Rio-Grandense<\/td>\n<td style=\"width: 5.0892%;\">\n<p>Sala 726 DCSA<\/p>\n<p>08h<\/td>\n<td style=\"width: 5.0892%;\"><a href=\"https:\/\/drive.google.com\/file\/d\/151zc54E1SNQ-0lwNb3x7h1PRGZ0ZCIUO\/view?usp=sharing\" target=\"_blank\" rel=\"noopener\">Portaria Interna 134\/2024<\/a><\/td>\n<\/tr>\n<tr>\n<td style=\"width: 3.75635%;\">13\/09<\/td>\n<td style=\"width: 12.966%;\">Defesa de Projeto<\/td>\n<td style=\"width: 15.649%;\">Charlene Santana Ferreira<\/td>\n<td style=\"width: 14.9964%;\">Patr\u00edcia Martins da Silva<\/td>\n<td style=\"width: 10.1784%;\">Comunidades remanescentes de quilombos, meios de vida e os processos de resist\u00eancia e perman\u00eancia no<br \/>\nterrit\u00f3rio da regi\u00e3o sul do RS<\/td>\n<td style=\"width: 5.0892%;\">\n<p>Sala 726 DCSA<\/p>\n<p>10:30h<\/td>\n<td style=\"width: 5.0892%;\"><a href=\"https:\/\/drive.google.com\/file\/d\/1ZYtOk8Nekaym-ciIS2_vnhP45wM3p6Nj\/view?usp=sharing\" target=\"_blank\" rel=\"noopener\">Portaria Interna 135\/2024<\/a><\/td>\n<\/tr>\n<tr>\n<td style=\"width: 3.75635%;\">13\/09<\/td>\n<td style=\"width: 12.966%;\">Defesa de Projeto<\/td>\n<td style=\"width: 15.649%;\">Katiuscia da Silva Bueno<\/td>\n<td style=\"width: 14.9964%;\">Alain Hern\u00e1ndez Santoyo<\/td>\n<td style=\"width: 10.1784%;\">Valora\u00e7\u00e3o econ\u00f4mica dos servi\u00e7os ecossist\u00eamicos da \u00c1rea de Preserva\u00e7\u00e3o Ambiental (APA) Lagoa Verde:<br \/>\numa an\u00e1lise comparativa no per\u00edodo 2005 \u2013 2024.<\/td>\n<td style=\"width: 5.0892%;\">\n<p>Sala 726 DCSA<\/p>\n<p>14h<\/td>\n<td style=\"width: 5.0892%;\"><a href=\"https:\/\/drive.google.com\/file\/d\/14l68ItH0NH4RWvdIiWvYRLfTRhVTz4EZ\/view?usp=sharing\" target=\"_blank\" rel=\"noopener\">Portaria Interna 122\/2024<\/a><\/td>\n<\/tr>\n<tr>\n<td style=\"width: 3.75635%;\">13\/09<\/td>\n<td style=\"width: 12.966%;\">Defesa de Disserta\u00e7\u00e3o<\/td>\n<td style=\"width: 15.649%;\">Ladislau Seus Silveira<\/td>\n<td style=\"width: 14.9964%;\">Marcelo Fernandes Pacheco Dias<\/td>\n<td style=\"width: 10.1784%;\">A Contribui\u00e7\u00e3o das Organiza\u00e7\u00f5es Intermedi\u00e1rias de Transi\u00e7\u00e3o para a Inova\u00e7\u00e3o Transformadora: Estudo de caso da Rota dos Butiazais<\/td>\n<td style=\"width: 5.0892%;\">\n<p>Sala 730 DCSA<\/p>\n<p>15:30h<\/td>\n<td style=\"width: 5.0892%;\"><a href=\"https:\/\/drive.google.com\/file\/d\/18cYxS-KrfusDdzY7z5MZDP_nPVb3s3Y3\/view?usp=sharing\" target=\"_blank\" rel=\"noopener\">Portaria Interna 138\/2024<\/a><\/td>\n<\/tr>\n<tr>\n<td style=\"width: 3.75635%;\">16\/09<\/td>\n<td style=\"width: 12.966%;\">Defesa de Disserta\u00e7\u00e3o<\/td>\n<td style=\"width: 15.649%;\">Dallal Anwar Salim Jacoub Hijazin<\/td>\n<td style=\"width: 14.9964%;\">L\u00facio Andr\u00e9 de Oliveira Fernandes<\/td>\n<td style=\"width: 10.1784%;\">Mulheres da Alianza &#8211; A Representatividade Feminina Aliada a Conserva\u00e7\u00e3o do Pampa<\/td>\n<td style=\"width: 5.0892%;\">\n<p>Sala 730 DCSA<\/p>\n<p>08:30h<\/td>\n<td style=\"width: 5.0892%;\"><a href=\"https:\/\/drive.google.com\/file\/d\/1Ko2XWybt7pagQ5Uye9Xq97KgXNuj-r9p\/view?usp=sharing\" target=\"_blank\" rel=\"noopener\">Portaria Interna 143\/2024<\/a><\/td>\n<\/tr>\n<tr>\n<td style=\"width: 3.75635%;\">13\/12<\/td>\n<td style=\"width: 12.966%;\">Defesa de Disserta\u00e7\u00e3o<\/td>\n<td style=\"width: 15.649%;\">Mauro Lilles Pedrotti Drews<\/td>\n<td style=\"width: 14.9964%;\">M\u00e1rio Conill Gomes<\/td>\n<td style=\"width: 10.1784%;\">Agricultura 4.0: uma avalia\u00e7\u00e3o multidimensional do potencial de ado\u00e7\u00e3o de tecnologias por agricultores familiares<\/td>\n<td style=\"width: 5.0892%;\">\n<p>Sala 726 DCSA<\/p>\n<p>14:30<\/td>\n<td style=\"width: 5.0892%;\"><a href=\"https:\/\/drive.google.com\/file\/d\/12rClIb9Eot-UIqbWQPlsbUnrv8bb07WF\/view?usp=sharing\" target=\"_blank\" rel=\"noopener\">Portaria Interna 188\/2024<\/a><\/td>\n<\/tr>\n<\/tbody>\n<\/table>\n<h3><\/h3>\n<p>&nbsp;<\/p>\n","protected":false},"excerpt":{"rendered":"<p>Calend\u00e1rio de Defesas PPGDTSA Atrav\u00e9s desta p\u00e1gina voc\u00ea pode acompanhar todas as Defesas marcadas no Programa de P\u00f3s-Gradua\u00e7\u00e3o em Desenvolvimento Territorial e Sistemas Agroindustriais. Visualizar Google Agenda &nbsp; 2025 Angie Tatiana Perdomo Ramos Orientador(a): M\u00e1rio Duarte Canever Tipo de Defesa: Defesa de Projeto T\u00edtulo do Trabalho: Sistemas Integrados vs Monocultura no Bioma Pampa: Avalia\u00e7\u00e3o da [&hellip;]<\/p>\n","protected":false},"author":348,"featured_media":0,"parent":0,"menu_order":0,"comment_status":"closed","ping_status":"closed","template":"","meta":{"footnotes":""},"class_list":["post-5423","page","type-page","status-publish","hentry"],"jetpack_sharing_enabled":true,"_links":{"self":[{"href":"https:\/\/wp.ufpel.edu.br\/ppgdtsa\/wp-json\/wp\/v2\/pages\/5423","targetHints":{"allow":["GET"]}}],"collection":[{"href":"https:\/\/wp.ufpel.edu.br\/ppgdtsa\/wp-json\/wp\/v2\/pages"}],"about":[{"href":"https:\/\/wp.ufpel.edu.br\/ppgdtsa\/wp-json\/wp\/v2\/types\/page"}],"author":[{"embeddable":true,"href":"https:\/\/wp.ufpel.edu.br\/ppgdtsa\/wp-json\/wp\/v2\/users\/348"}],"replies":[{"embeddable":true,"href":"https:\/\/wp.ufpel.edu.br\/ppgdtsa\/wp-json\/wp\/v2\/comments?post=5423"}],"version-history":[{"count":83,"href":"https:\/\/wp.ufpel.edu.br\/ppgdtsa\/wp-json\/wp\/v2\/pages\/5423\/revisions"}],"predecessor-version":[{"id":5980,"href":"https:\/\/wp.ufpel.edu.br\/ppgdtsa\/wp-json\/wp\/v2\/pages\/5423\/revisions\/5980"}],"wp:attachment":[{"href":"https:\/\/wp.ufpel.edu.br\/ppgdtsa\/wp-json\/wp\/v2\/media?parent=5423"}],"curies":[{"name":"wp","href":"https:\/\/api.w.org\/{rel}","templated":true}]}}