{"id":5092,"date":"2023-11-23T16:30:36","date_gmt":"2023-11-23T19:30:36","guid":{"rendered":"https:\/\/wp.ufpel.edu.br\/ppgdtsa\/?page_id=5092"},"modified":"2025-02-12T09:15:24","modified_gmt":"2025-02-12T12:15:24","slug":"selecao-aluno-regular","status":"publish","type":"page","link":"https:\/\/wp.ufpel.edu.br\/ppgdtsa\/selecao-aluno-regular\/","title":{"rendered":"Sele\u00e7\u00e3o Aluno Regular 2025\/1"},"content":{"rendered":"<h2><strong>SELE\u00c7\u00c3O DE ESTUDANTE REGULAR \u2013 2025\/1\u00a0<\/strong><\/h2>\n<p>As inscri\u00e7\u00f5es \u00e0 sele\u00e7\u00e3o para aluno(a) regular do Programa de P\u00f3s-Gradua\u00e7\u00e3o Stricto Sensu &#8211; Mestrado em Desenvolvimento Territorial e Sistemas Agroindustriais (PPGDTSA) da UFPel estar\u00e3o abertas no per\u00edodo de 18\/11\/2024 \u00e0 04\/12\/2024.<\/p>\n<p>1. Poder\u00e3o inscrever-se como candidatos(as) os(as) graduados(as) em cursos das \u00e1reas de Ci\u00eancias Agr\u00e1rias, Ci\u00eancias Sociais Aplicadas, Ci\u00eancias Humanas, Ci\u00eancias Biol\u00f3gicas, Engenharias ou a crit\u00e9rio da coordena\u00e7\u00e3o do PPG.<\/p>\n<p>2 . \u00c9 obrigat\u00f3rio o preenchimento do formul\u00e1rio de inscri\u00e7\u00e3o disponibilizado na p\u00e1gina do PPG (http:\/\/wp.ufpel.edu.br\/ppgdtsa).<\/p>\n<p>3 . O formul\u00e1rio de inscri\u00e7\u00e3o dever\u00e1 ser preenchido e submetido por email ao PPGDTSA (ppgdtsa@gmail.com) das 00 horas do dia 18\/11\/2024 at\u00e9 \u00e0s 23 horas e 59 minutos do dia 04\/12\/2024. <strong><em>Os formul\u00e1rios submetidos antes ou ap\u00f3s essa data n\u00e3o ser\u00e3o apreciados.<\/em><\/strong><\/p>\n<p>Mais informa\u00e7\u00f5es podem ser obtidas no edital 198\/2024, e nos Anexos 01, 02 e 03.<\/p>\n<p><a href=\"https:\/\/wp.ufpel.edu.br\/ppgdtsa\/files\/2024\/11\/Edital_de_selecao_PRPPG_198-PPGDTSA.pdf\">Edital n\u00ba198\/2024 &#8211; Sele\u00e7\u00e3o de Aluno Regular 2025\/1<\/a><\/p>\n<p><a href=\"https:\/\/wp.ufpel.edu.br\/ppgdtsa\/files\/2024\/11\/Anexo-I-Avaliacao-do-Curriculum.pdf\">ANEXO 01 \u2013 AVALIA\u00c7\u00c3O DO <em>CURRICULUM<\/em> (C)<\/a><\/p>\n<p><a href=\"https:\/\/wp.ufpel.edu.br\/ppgdtsa\/files\/2024\/11\/Anexo-02-MODELO-PARA-RELACIONAR-AS-INFORMACOES-DO-CURRICULUM.docx\">ANEXO 02 \u2013 MODELO PARA RELACIONAR AS INFORMA\u00c7\u00d5ES DO <em>CURRICULUM<\/em><\/a><\/p>\n<p><a href=\"https:\/\/wp.ufpel.edu.br\/ppgdtsa\/files\/2024\/11\/Anexo-III-DIRETRIZES-PARA-ELABORAR-O-ANTEPROJETO-DE-PESQUISA.pdf\">ANEXO 03 \u2013 DIRETRIZES PARA ELABORAR O ANTEPROJETO DE PESQUISA (AP)<\/a><\/p>\n<p><a href=\"https:\/\/wp.ufpel.edu.br\/ppgdtsa\/files\/2024\/11\/Formulario-de-Inscricao.docx\">Formul\u00e1rio de inscri\u00e7\u00e3o<\/a><\/p>\n<p><a href=\"https:\/\/wp.ufpel.edu.br\/ppgdtsa\/files\/2024\/11\/Declaracao-de-Etnia.docx\">Autodeclara\u00e7\u00e3o de etnia<\/a><\/p>\n<p><a href=\"https:\/\/wp.ufpel.edu.br\/ppgdtsa\/files\/2024\/11\/Autodeclaracao-de-Identidade-de-Genero.docx\">Autodeclara\u00e7\u00e3o de g\u00eanero<\/a><\/p>\n","protected":false},"excerpt":{"rendered":"<p>SELE\u00c7\u00c3O DE ESTUDANTE REGULAR \u2013 2025\/1\u00a0 As inscri\u00e7\u00f5es \u00e0 sele\u00e7\u00e3o para aluno(a) regular do Programa de P\u00f3s-Gradua\u00e7\u00e3o Stricto Sensu &#8211; Mestrado em Desenvolvimento Territorial e Sistemas Agroindustriais (PPGDTSA) da UFPel estar\u00e3o abertas no per\u00edodo de 18\/11\/2024 \u00e0 04\/12\/2024. 1. Poder\u00e3o inscrever-se como candidatos(as) os(as) graduados(as) em cursos das \u00e1reas de Ci\u00eancias Agr\u00e1rias, Ci\u00eancias Sociais Aplicadas, [&hellip;]<\/p>\n","protected":false},"author":367,"featured_media":0,"parent":0,"menu_order":0,"comment_status":"closed","ping_status":"closed","template":"","meta":{"footnotes":""},"class_list":["post-5092","page","type-page","status-publish","hentry"],"jetpack_sharing_enabled":true,"_links":{"self":[{"href":"https:\/\/wp.ufpel.edu.br\/ppgdtsa\/wp-json\/wp\/v2\/pages\/5092","targetHints":{"allow":["GET"]}}],"collection":[{"href":"https:\/\/wp.ufpel.edu.br\/ppgdtsa\/wp-json\/wp\/v2\/pages"}],"about":[{"href":"https:\/\/wp.ufpel.edu.br\/ppgdtsa\/wp-json\/wp\/v2\/types\/page"}],"author":[{"embeddable":true,"href":"https:\/\/wp.ufpel.edu.br\/ppgdtsa\/wp-json\/wp\/v2\/users\/367"}],"replies":[{"embeddable":true,"href":"https:\/\/wp.ufpel.edu.br\/ppgdtsa\/wp-json\/wp\/v2\/comments?post=5092"}],"version-history":[{"count":9,"href":"https:\/\/wp.ufpel.edu.br\/ppgdtsa\/wp-json\/wp\/v2\/pages\/5092\/revisions"}],"predecessor-version":[{"id":5715,"href":"https:\/\/wp.ufpel.edu.br\/ppgdtsa\/wp-json\/wp\/v2\/pages\/5092\/revisions\/5715"}],"wp:attachment":[{"href":"https:\/\/wp.ufpel.edu.br\/ppgdtsa\/wp-json\/wp\/v2\/media?parent=5092"}],"curies":[{"name":"wp","href":"https:\/\/api.w.org\/{rel}","templated":true}]}}

Seleção Aluno Regular 2025/1

<h2><strong>SELEÇÃO DE ESTUDANTE REGULAR – 2025/1 </strong></h2>
<p>As inscrições à seleção para aluno(a) regular do Programa de Pós-Graduação Stricto Sensu &#8211; Mestrado em Desenvolvimento Territorial e Sistemas Agroindustriais (PPGDTSA) da UFPel estarão abertas no período de 18/11/2024 à 04/12/2024.</p>
<p>1. Poderão inscrever-se como candidatos(as) os(as) graduados(as) em cursos das áreas de Ciências Agrárias, Ciências Sociais Aplicadas, Ciências Humanas, Ciências Biológicas, Engenharias ou a critério da coordenação do PPG.</p>
<p>2 . É obrigatório o preenchimento do formulário de inscrição disponibilizado na página do PPG (http://wp.ufpel.edu.br/ppgdtsa).</p>
<p>3 . O formulário de inscrição deverá ser preenchido e submetido por email ao PPGDTSA (ppgdtsa@gmail.com) das 00 horas do dia 18/11/2024 até às 23 horas e 59 minutos do dia 04/12/2024. <strong><em>Os formulários submetidos antes ou após essa data não serão apreciados.</em></strong></p>
<p>Mais informações podem ser obtidas no edital 198/2024, e nos Anexos 01, 02 e 03.</p>
<p><a href="https://wp.ufpel.edu.br/ppgdtsa/files/2024/11/Edital_de_selecao_PRPPG_198-PPGDTSA.pdf">Edital nº198/2024 &#8211; Seleção de Aluno Regular 2025/1</a></p>
<p><a href="https://wp.ufpel.edu.br/ppgdtsa/files/2024/11/Anexo-I-Avaliacao-do-Curriculum.pdf">ANEXO 01 – AVALIAÇÃO DO <em>CURRICULUM</em> (C)</a></p>
<p><a href="https://wp.ufpel.edu.br/ppgdtsa/files/2024/11/Anexo-02-MODELO-PARA-RELACIONAR-AS-INFORMACOES-DO-CURRICULUM.docx">ANEXO 02 – MODELO PARA RELACIONAR AS INFORMAÇÕES DO <em>CURRICULUM</em></a></p>
<p><a href="https://wp.ufpel.edu.br/ppgdtsa/files/2024/11/Anexo-III-DIRETRIZES-PARA-ELABORAR-O-ANTEPROJETO-DE-PESQUISA.pdf">ANEXO 03 – DIRETRIZES PARA ELABORAR O ANTEPROJETO DE PESQUISA (AP)</a></p>
<p><a href="https://wp.ufpel.edu.br/ppgdtsa/files/2024/11/Formulario-de-Inscricao.docx">Formulário de inscrição</a></p>
<p><a href="https://wp.ufpel.edu.br/ppgdtsa/files/2024/11/Declaracao-de-Etnia.docx">Autodeclaração de etnia</a></p>
<p><a href="https://wp.ufpel.edu.br/ppgdtsa/files/2024/11/Autodeclaracao-de-Identidade-de-Genero.docx">Autodeclaração de gênero</a></p>

<p>SELEÇÃO DE ESTUDANTE REGULAR – 2025/1  As inscrições à seleção para aluno(a) regular do Programa de Pós-Graduação Stricto Sensu &#8211; Mestrado em Desenvolvimento Territorial e Sistemas Agroindustriais (PPGDTSA) da UFPel estarão abertas no período de 18/11/2024 à 04/12/2024. 1. Poderão inscrever-se como candidatos(as) os(as) graduados(as) em cursos das áreas de Ciências Agrárias, Ciências Sociais Aplicadas, [&hellip;]</p>
