{"id":4954,"date":"2023-08-01T12:50:17","date_gmt":"2023-08-01T15:50:17","guid":{"rendered":"https:\/\/wp.ufpel.edu.br\/ppgdtsa\/?page_id=4954"},"modified":"2023-10-25T17:50:17","modified_gmt":"2023-10-25T20:50:17","slug":"eventos-internos","status":"publish","type":"page","link":"https:\/\/wp.ufpel.edu.br\/ppgdtsa\/eventos-internos\/","title":{"rendered":"Eventos Internos"},"content":{"rendered":"<p style=\"text-align: center;\"><span style=\"color: #ff6600; font-size: 18pt;\"><strong>VIII Semin\u00e1rio PPG DTSA &#8211; UFPEL<\/strong><\/span><\/p>\n<p style=\"text-align: center;\"><em>Caros participantes, colegas e entusiastas da pesquisa agr\u00e1ria,<\/em><\/p>\n<p>\u00c9 com grande prazer que convidamos todos e todas a participarem do VIII Semin\u00e1rio do PPG Desenvolvimento Territorial e Sistemas Agroindustriais.<\/p>\n<p><strong>Data:<\/strong> 08 de dezembro de 2023<\/p>\n<p><strong>Local:\u00a0<\/strong> Anfiteatro da FAEM, Campus Cap\u00e3o do Le\u00e3o.<\/p>\n<p><strong>Tema:<\/strong> Este ano \u00e9 de celebra\u00e7\u00e3o e reflex\u00e3o. Comemoramos os 50 anos do Departamento de Ci\u00eancias Sociais Agr\u00e1rias da FAEM\/UFPel e nos reunimos para debater<em><strong> &#8220;Transforma\u00e7\u00f5es no mundo dos alimentos, seguran\u00e7a alimentar e desenvolvimento rural&#8221;.<\/strong><\/em><\/p>\n<p><strong>Inscri\u00e7\u00e3o:\u00a0<\/strong><\/p>\n<p>Abaixo, solicitamos que preencha a ficha de inscri\u00e7\u00e3o para garantir sua vaga e ajudar-nos na organiza\u00e7\u00e3o deste semin\u00e1rio t\u00e3o especial.<\/p>\n<p style=\"text-align: center;\"><strong><a href=\"https:\/\/forms.gle\/o9qkkB1MbQ8J5afD7\">Acesse aqui: Formul\u00e1rio de inscri\u00e7\u00e3o<\/a><\/strong><\/p>\n<p><strong>Programa\u00e7\u00e3o:<\/strong><\/p>\n<p><a href=\"https:\/\/wp.ufpel.edu.br\/ppgdtsa\/files\/2023\/10\/1.png\"><img class=\"alignnone wp-image-5063 \" src=\"https:\/\/wp.ufpel.edu.br\/ppgdtsa\/files\/2023\/10\/1-724x1024.png\" alt=\"\" width=\"405\" height=\"573\" srcset=\"https:\/\/wp.ufpel.edu.br\/ppgdtsa\/files\/2023\/10\/1-724x1024.png 724w, https:\/\/wp.ufpel.edu.br\/ppgdtsa\/files\/2023\/10\/1-283x400.png 283w, https:\/\/wp.ufpel.edu.br\/ppgdtsa\/files\/2023\/10\/1-768x1086.png 768w, https:\/\/wp.ufpel.edu.br\/ppgdtsa\/files\/2023\/10\/1-1086x1536.png 1086w, https:\/\/wp.ufpel.edu.br\/ppgdtsa\/files\/2023\/10\/1-1448x2048.png 1448w, https:\/\/wp.ufpel.edu.br\/ppgdtsa\/files\/2023\/10\/1.png 1587w\" sizes=\"(max-width: 405px) 100vw, 405px\" \/><\/a><\/p>\n<p><strong>Submiss\u00e3o de resumos:<\/strong><\/p>\n<p>O PPGDTSA convida discentes a apresentarem suas pesquisas na forma de resumo ao seu VIII Semin\u00e1rio, cujo tema central \u201cAs transforma\u00e7\u00f5es no mundo dos alimentos, seguran\u00e7a alimentar e desenvolvimento rural\u201d. Resumos de pesquisas que estejam alinhadas a este tema podem ser enviados, conforme as seguintes modalidades:<\/p>\n<p>-Pesquisas iniciais: Resumo de pesquisas em fase de elabora\u00e7\u00e3o do projeto;<br \/>\n-Pesquisas avan\u00e7adas: Resumo de pesquisa em fase final; com resultados.<\/p>\n<p>Autores que submeterem resumos ter\u00e3o seus trabalhos publicados nos anais do evento.<\/p>\n<p>Regras para submiss\u00e3o:<\/p>\n<ul>\n<li>Para as submiss\u00f5es, as autoras \/ os autores primeiramente devem realizar a inscri\u00e7\u00e3o no evento, atrav\u00e9s do preenchimento do formul\u00e1rio. <strong><a href=\"https:\/\/forms.gle\/o9qkkB1MbQ8J5afD7\">Acesse aqui: Formul\u00e1rio de inscri\u00e7\u00e3o<\/a><\/strong><\/li>\n<li>O texto dever\u00e1 ser inserido no template, que cont\u00e9m mais informa\u00e7\u00f5es sobre a formata\u00e7\u00e3o do trabalho:<\/li>\n<\/ul>\n<p style=\"text-align: center;\"><strong><a href=\"https:\/\/wp.ufpel.edu.br\/ppgdtsa\/files\/2023\/10\/template-Seminario.docx\">Modelo Resumo <\/a>\u00a0<\/strong> \u00a0 \u00a0<strong> \u00a0<a href=\"https:\/\/wp.ufpel.edu.br\/ppgdtsa\/files\/2023\/10\/Modelo_Poster.ppt\">Modelo_Poster<\/a><\/strong><\/p>\n<ul>\n<li>O limite de envio de submiss\u00f5es \u00e9 de no m\u00e1ximo 2 por autor\/a principal. E cada submiss\u00e3o poder\u00e1 ter no m\u00e1ximo 5 (cinco) autores.<\/li>\n<li>IMPORTANTE: Com o resum pronto, \u00e9 necess\u00e1rio encaminhar uma c\u00f3pia do arquivo para o e-mail: seminario.ppgdtsa@gmail.com. No assunto, escreva &#8220;Submiss\u00e3o &#8211; T\u00edtulo do Trabalho&#8221;.<\/li>\n<\/ul>\n<p>Avali\u00e7\u00e3o dos trabalhos:<\/p>\n<ul>\n<li>Os trabalhos passar\u00e3o por uma avalia\u00e7\u00e3o e at\u00e9 o dia 22 de novembro ser\u00e1 divulgado o resultado de aceite.<\/li>\n<li>Os trabalhos poder\u00e3o ser aprovados, rejeitados ou necessitar\u00e3o ajustes. O prazo para ajustes e reenvio \u00e9 at\u00e9 o dia 28 de novembro, atrav\u00e9s do e-mail: seminario.ppgdtsa@gmail.com<\/li>\n<li>Os trabalhos aprovados e apresentados no Semin\u00e1rio, ir\u00e3o compor os Anais do VIII Semin\u00e1rio do PPGDTSA, que ser\u00e1 organizado em formato e-book.<\/li>\n<\/ul>\n<p>Apresenta\u00e7\u00e3o:<\/p>\n<ul>\n<li>As apresenta\u00e7\u00f5es ser\u00e3o apenas em formato p\u00f4ster e devem seguir o template do p\u00f4ster, dispon\u00edvel na p\u00e1gina do evento. Evento &#8211; Semin\u00e1rio PPGDTSA<\/li>\n<li>Os posters ser\u00e3o apresentados a partir das 15:30 do dia 08 de dezembro e poder\u00e3o serem entregues para a comiss\u00e3o desde o in\u00edcio do evento.<\/li>\n<li>Os apresentadores ter\u00e3o direito a um certificado de apresenta\u00e7\u00e3o, condicionado a apresenta\u00e7\u00e3o do poster no evento, que ser\u00e1 disponibilizado posteriormente ao evento.<\/li>\n<\/ul>\n<p>Cronograma:<\/p>\n<p><a href=\"https:\/\/wp.ufpel.edu.br\/ppgdtsa\/files\/2023\/10\/Cronograma.png\"><img class=\"alignnone wp-image-5079\" src=\"https:\/\/wp.ufpel.edu.br\/ppgdtsa\/files\/2023\/10\/Cronograma-400x400.png\" alt=\"\" width=\"409\" height=\"409\" srcset=\"https:\/\/wp.ufpel.edu.br\/ppgdtsa\/files\/2023\/10\/Cronograma-400x400.png 400w, https:\/\/wp.ufpel.edu.br\/ppgdtsa\/files\/2023\/10\/Cronograma-1024x1024.png 1024w, https:\/\/wp.ufpel.edu.br\/ppgdtsa\/files\/2023\/10\/Cronograma-200x200.png 200w, https:\/\/wp.ufpel.edu.br\/ppgdtsa\/files\/2023\/10\/Cronograma-768x768.png 768w, https:\/\/wp.ufpel.edu.br\/ppgdtsa\/files\/2023\/10\/Cronograma.png 1080w\" sizes=\"(max-width: 409px) 100vw, 409px\" \/><\/a><\/p>\n<p>Esperamos que este evento proporcione momentos de aprendizado, troca de experi\u00eancias e reflex\u00e3o profunda sobre os desafios e oportunidades no campo da agronomia e ci\u00eancias sociais agr\u00e1rias. Seu envolvimento e participa\u00e7\u00e3o s\u00e3o fundamentais para o sucesso deste evento.<\/p>\n<p>Agradecemos desde j\u00e1 e nos vemos em breve!<\/p>\n<p>Atenciosamente, Comiss\u00e3o organizadora.<\/p>\n<p>Em caso de duvidas, favor envie um e-mail para <span style=\"color: #000000;\">seminario.ppgdtsa@gmail.com<\/span><\/p>\n<p>&nbsp;<\/p>\n","protected":false},"excerpt":{"rendered":"<p>VIII Semin\u00e1rio PPG DTSA &#8211; UFPEL Caros participantes, colegas e entusiastas da pesquisa agr\u00e1ria, \u00c9 com grande prazer que convidamos todos e todas a participarem do VIII Semin\u00e1rio do PPG Desenvolvimento Territorial e Sistemas Agroindustriais. Data: 08 de dezembro de 2023 Local:\u00a0 Anfiteatro da FAEM, Campus Cap\u00e3o do Le\u00e3o. Tema: Este ano \u00e9 de celebra\u00e7\u00e3o [&hellip;]<\/p>\n","protected":false},"author":348,"featured_media":0,"parent":0,"menu_order":0,"comment_status":"closed","ping_status":"closed","template":"","meta":{"footnotes":""},"class_list":["post-4954","page","type-page","status-publish","hentry"],"jetpack_sharing_enabled":true,"_links":{"self":[{"href":"https:\/\/wp.ufpel.edu.br\/ppgdtsa\/wp-json\/wp\/v2\/pages\/4954","targetHints":{"allow":["GET"]}}],"collection":[{"href":"https:\/\/wp.ufpel.edu.br\/ppgdtsa\/wp-json\/wp\/v2\/pages"}],"about":[{"href":"https:\/\/wp.ufpel.edu.br\/ppgdtsa\/wp-json\/wp\/v2\/types\/page"}],"author":[{"embeddable":true,"href":"https:\/\/wp.ufpel.edu.br\/ppgdtsa\/wp-json\/wp\/v2\/users\/348"}],"replies":[{"embeddable":true,"href":"https:\/\/wp.ufpel.edu.br\/ppgdtsa\/wp-json\/wp\/v2\/comments?post=4954"}],"version-history":[{"count":14,"href":"https:\/\/wp.ufpel.edu.br\/ppgdtsa\/wp-json\/wp\/v2\/pages\/4954\/revisions"}],"predecessor-version":[{"id":5080,"href":"https:\/\/wp.ufpel.edu.br\/ppgdtsa\/wp-json\/wp\/v2\/pages\/4954\/revisions\/5080"}],"wp:attachment":[{"href":"https:\/\/wp.ufpel.edu.br\/ppgdtsa\/wp-json\/wp\/v2\/media?parent=4954"}],"curies":[{"name":"wp","href":"https:\/\/api.w.org\/{rel}","templated":true}]}}