{"id":4951,"date":"2023-08-01T12:50:17","date_gmt":"2023-08-01T15:50:17","guid":{"rendered":"https:\/\/wp.ufpel.edu.br\/ppgdtsa\/?page_id=4951"},"modified":"2024-04-10T09:46:27","modified_gmt":"2024-04-10T12:46:27","slug":"divulgacoes","status":"publish","type":"page","link":"https:\/\/wp.ufpel.edu.br\/ppgdtsa\/divulgacoes\/","title":{"rendered":"Divulga\u00e7\u00f5es"},"content":{"rendered":"<p>PALESTRA<\/p>\n<p>Ocorreu no dia 05\/03\/24 a palestra do professor Ricardo Rezer &#8220;Interdisciplinaridade na P\u00f3s Gradua\u00e7\u00e3o&#8221;.<br \/>\nA palestra faz parte do <a href=\"https:\/\/wp.ufpel.edu.br\/ppgdtsa\/2024\/02\/21\/ppg-dtsa-promove-ciclo-de-palestras-sobre-interdisciplinariedade\/\">Ciclo de Palestras sobre Interdisciplinaridade promovido pelo PPGDTSA<\/a>.<\/p>\n<p>A palestra teve a participa\u00e7\u00e3o externa atrav\u00e9s do Webconf e ficou registrada em v\u00eddeo no sistema. Voc\u00ea pode conferi-la na \u00edntegra clicando no link abaixo.<\/p>\n<p><a href=\"https:\/\/bbbadm-balancer.ufpel.edu.br\/playback\/presentation\/2.3\/0eb0969088f1dc6ab4d6043c2de3867c0e75089d-1709638395004\">Interdisciplinaridade na P\u00f3s Gradua\u00e7\u00e3o<\/a><\/p>\n<p>&nbsp;<\/p>\n<p>&nbsp;<\/p>\n","protected":false},"excerpt":{"rendered":"<p>PALESTRA Ocorreu no dia 05\/03\/24 a palestra do professor Ricardo Rezer &#8220;Interdisciplinaridade na P\u00f3s Gradua\u00e7\u00e3o&#8221;. A palestra faz parte do Ciclo de Palestras sobre Interdisciplinaridade promovido pelo PPGDTSA. A palestra teve a participa\u00e7\u00e3o externa atrav\u00e9s do Webconf e ficou registrada em v\u00eddeo no sistema. Voc\u00ea pode conferi-la na \u00edntegra clicando no link abaixo. Interdisciplinaridade na [&hellip;]<\/p>\n","protected":false},"author":348,"featured_media":0,"parent":0,"menu_order":0,"comment_status":"closed","ping_status":"closed","template":"","meta":{"footnotes":""},"class_list":["post-4951","page","type-page","status-publish","hentry"],"jetpack_sharing_enabled":true,"_links":{"self":[{"href":"https:\/\/wp.ufpel.edu.br\/ppgdtsa\/wp-json\/wp\/v2\/pages\/4951","targetHints":{"allow":["GET"]}}],"collection":[{"href":"https:\/\/wp.ufpel.edu.br\/ppgdtsa\/wp-json\/wp\/v2\/pages"}],"about":[{"href":"https:\/\/wp.ufpel.edu.br\/ppgdtsa\/wp-json\/wp\/v2\/types\/page"}],"author":[{"embeddable":true,"href":"https:\/\/wp.ufpel.edu.br\/ppgdtsa\/wp-json\/wp\/v2\/users\/348"}],"replies":[{"embeddable":true,"href":"https:\/\/wp.ufpel.edu.br\/ppgdtsa\/wp-json\/wp\/v2\/comments?post=4951"}],"version-history":[{"count":5,"href":"https:\/\/wp.ufpel.edu.br\/ppgdtsa\/wp-json\/wp\/v2\/pages\/4951\/revisions"}],"predecessor-version":[{"id":5274,"href":"https:\/\/wp.ufpel.edu.br\/ppgdtsa\/wp-json\/wp\/v2\/pages\/4951\/revisions\/5274"}],"wp:attachment":[{"href":"https:\/\/wp.ufpel.edu.br\/ppgdtsa\/wp-json\/wp\/v2\/media?parent=4951"}],"curies":[{"name":"wp","href":"https:\/\/api.w.org\/{rel}","templated":true}]}}

Divulgações

<p>PALESTRA</p>
<p>Ocorreu no dia 05/03/24 a palestra do professor Ricardo Rezer &#8220;Interdisciplinaridade na Pós Graduação&#8221;.<br />
A palestra faz parte do <a href="https://wp.ufpel.edu.br/ppgdtsa/2024/02/21/ppg-dtsa-promove-ciclo-de-palestras-sobre-interdisciplinariedade/">Ciclo de Palestras sobre Interdisciplinaridade promovido pelo PPGDTSA</a>.</p>
<p>A palestra teve a participação externa através do Webconf e ficou registrada em vídeo no sistema. Você pode conferi-la na íntegra clicando no link abaixo.</p>
<p><a href="https://bbbadm-balancer.ufpel.edu.br/playback/presentation/2.3/0eb0969088f1dc6ab4d6043c2de3867c0e75089d-1709638395004">Interdisciplinaridade na Pós Graduação</a></p>
<p>&nbsp;</p>
<p>&nbsp;</p>

<p>PALESTRA Ocorreu no dia 05/03/24 a palestra do professor Ricardo Rezer &#8220;Interdisciplinaridade na Pós Graduação&#8221;. A palestra faz parte do Ciclo de Palestras sobre Interdisciplinaridade promovido pelo PPGDTSA. A palestra teve a participação externa através do Webconf e ficou registrada em vídeo no sistema. Você pode conferi-la na íntegra clicando no link abaixo. Interdisciplinaridade na [&hellip;]</p>
