{"id":4829,"date":"2023-04-20T15:51:16","date_gmt":"2023-04-20T18:51:16","guid":{"rendered":"https:\/\/wp.ufpel.edu.br\/ppgdtsa\/?page_id=4829"},"modified":"2023-04-20T15:54:50","modified_gmt":"2023-04-20T18:54:50","slug":"encaminhamento-de-defesas","status":"publish","type":"page","link":"https:\/\/wp.ufpel.edu.br\/ppgdtsa\/encaminhamento-de-defesas\/","title":{"rendered":"Encaminhamento de Defesas"},"content":{"rendered":"<p>Ao finalizar sua Disserta\u00e7\u00e3o o acad\u00eamico dever\u00e1 encaminhar Solicita\u00e7\u00e3o de Defesa \u00e0 Secretaria do Colegiado do PPGDTSA.<\/p>\n<p>A solicita\u00e7\u00e3o \u00e9 feita atrav\u00e9s de <a href=\"https:\/\/forms.gle\/AgpLLcyGyeRTvGkt5\" target=\"_blank\" rel=\"noopener\">Formul\u00e1rio Pr\u00f3prio<\/a>.<\/p>\n<p>&nbsp;<\/p>\n<p>Antes de preencher o Formul\u00e1rio lembra-se:<\/p>\n<ol>\n<li>Converse com seu Orientador. Defina com anteced\u00eancia uma data prevista para a realiza\u00e7\u00e3o da Defesa, confira na Secretaria a disponibilidade de uma sala (em caso presencial) ou da plataforma webconf (em caso \u00e0 dist\u00e2ncia).<\/li>\n<li>Defina com anteced\u00eancia a composi\u00e7\u00e3o da Banca de Examinadores, entre em contato com todos, verifique sua disponibilidade e solicite os seguintes dados:\n<ol>\n<li>Nome completo;<\/li>\n<li>CPF e RG;<\/li>\n<li>Data de nascimento;<\/li>\n<li>E-mail;<\/li>\n<li>Cargo\/Empresa\/Institui\u00e7\u00e3o em que est\u00e1 vinculado;<\/li>\n<li>Titula\u00e7\u00e3o;<\/li>\n<li>\u00c1rea de titula\u00e7\u00e3o;<\/li>\n<li>Ano de titula\u00e7\u00e3o;<\/li>\n<li>Institui\u00e7\u00e3o de titula\u00e7\u00e3o;<\/li>\n<li>Se estrangeiro, solicite documenta\u00e7\u00e3o equivalente ao CPF e RG.<\/li>\n<\/ol>\n<\/li>\n<li>Tenha os seguintes arquivos \u00e0 m\u00e3o, \u00e9 necess\u00e1rio envi\u00e1-los no Formul\u00e1rio:\n<ol>\n<li>Certificado de Profici\u00eancia;<\/li>\n<li>Disserta\u00e7\u00e3o Finalizada;<\/li>\n<li>Termo de Autoriza\u00e7\u00e3o de Publica\u00e7\u00e3o da Biblioteca preenchido e assinado; dispon\u00edvel <a href=\"https:\/\/wp.ufpel.edu.br\/sisbi\/files\/2021\/04\/Termo_de_autorizacao_para_inserir_teses_e_dissertacoes_nas_bases_de_dados_da_UFPel_e_IBICTatualizado-1.pdf\" target=\"_blank\" rel=\"noopener\">neste link<\/a>.<\/li>\n<\/ol>\n<\/li>\n<\/ol>\n<p>Ap\u00f3s encaminhar o Formul\u00e1rio \u00e0 Secretaria voc\u00ea receber\u00e1 um e-mail de confirma\u00e7\u00e3o. Salve-o e, em caso de d\u00favida, envie e-mail para ppgdtsa@gmail.com<\/p>\n","protected":false},"excerpt":{"rendered":"<p>Ao finalizar sua Disserta\u00e7\u00e3o o acad\u00eamico dever\u00e1 encaminhar Solicita\u00e7\u00e3o de Defesa \u00e0 Secretaria do Colegiado do PPGDTSA. A solicita\u00e7\u00e3o \u00e9 feita atrav\u00e9s de Formul\u00e1rio Pr\u00f3prio. &nbsp; Antes de preencher o Formul\u00e1rio lembra-se: Converse com seu Orientador. Defina com anteced\u00eancia uma data prevista para a realiza\u00e7\u00e3o da Defesa, confira na Secretaria a disponibilidade de uma sala [&hellip;]<\/p>\n","protected":false},"author":348,"featured_media":0,"parent":0,"menu_order":0,"comment_status":"closed","ping_status":"closed","template":"","meta":{"footnotes":""},"class_list":["post-4829","page","type-page","status-publish","hentry"],"jetpack_sharing_enabled":true,"_links":{"self":[{"href":"https:\/\/wp.ufpel.edu.br\/ppgdtsa\/wp-json\/wp\/v2\/pages\/4829","targetHints":{"allow":["GET"]}}],"collection":[{"href":"https:\/\/wp.ufpel.edu.br\/ppgdtsa\/wp-json\/wp\/v2\/pages"}],"about":[{"href":"https:\/\/wp.ufpel.edu.br\/ppgdtsa\/wp-json\/wp\/v2\/types\/page"}],"author":[{"embeddable":true,"href":"https:\/\/wp.ufpel.edu.br\/ppgdtsa\/wp-json\/wp\/v2\/users\/348"}],"replies":[{"embeddable":true,"href":"https:\/\/wp.ufpel.edu.br\/ppgdtsa\/wp-json\/wp\/v2\/comments?post=4829"}],"version-history":[{"count":4,"href":"https:\/\/wp.ufpel.edu.br\/ppgdtsa\/wp-json\/wp\/v2\/pages\/4829\/revisions"}],"predecessor-version":[{"id":4834,"href":"https:\/\/wp.ufpel.edu.br\/ppgdtsa\/wp-json\/wp\/v2\/pages\/4829\/revisions\/4834"}],"wp:attachment":[{"href":"https:\/\/wp.ufpel.edu.br\/ppgdtsa\/wp-json\/wp\/v2\/media?parent=4829"}],"curies":[{"name":"wp","href":"https:\/\/api.w.org\/{rel}","templated":true}]}}