{"id":44,"date":"2014-02-18T17:58:37","date_gmt":"2014-02-18T20:58:37","guid":{"rendered":"https:\/\/wp.ufpel.edu.br\/ppgdtsa\/?page_id=44"},"modified":"2017-07-26T12:21:17","modified_gmt":"2017-07-26T15:21:17","slug":"sitios-de-pesquisa","status":"publish","type":"page","link":"https:\/\/wp.ufpel.edu.br\/ppgdtsa\/sitios-de-pesquisa\/","title":{"rendered":"Livros"},"content":{"rendered":"<p><strong>Livro com a participa\u00e7\u00e3o do professor Marcelo Fernandes Pacheco Dias<\/strong><\/p>\n<p><a href=\"https:\/\/wp.ufpel.edu.br\/ppgdtsa\/files\/2014\/02\/consolidando-portada.png\"><img class=\"alignleft wp-image-2009 size-full\" src=\"https:\/\/wp.ufpel.edu.br\/ppgdtsa\/files\/2014\/02\/consolidando-portada.png\" alt=\"\" width=\"240\" height=\"310\" \/><\/a><\/p>\n<h4>Livro Digital<\/h4>\n<h4>\u201cConsolidando acciones cooperativas para la relaci\u00f3n de las Universidades con el mundo productivo en el espacio ALCUE\u201d<\/h4>\n<h4>Cap\u00edtulo 14.\u00a0Universidad y agronegocios: An\u00e1lisis de centralidad en redes de colaboraci\u00f3n cient\u00edfico-tecnol\u00f3gica de Argentina y Brasil University and agribusiness: Centrality analysis in scientific and technological cooperation networks from\u00a0Argentina and Brazil<\/h4>\n<h4>Dispon\u00edvel em:<\/h4>\n<h4><a href=\"http:\/\/www.redue-alcue.org\/website\/consolidandoacciones.php\">http:\/\/www.redue-alcue.org\/website\/consolidandoacciones.php<\/a><\/h4>\n<p>&nbsp;<\/p>\n<p>&nbsp;<\/p>\n<p>&nbsp;<\/p>\n<p>&nbsp;<\/p>\n<p><span style=\"color: #ffffff\">.<\/span><\/p>\n<p><strong>Livro com a participa\u00e7\u00e3o do professor Fl\u00e1vio Sacco dos Anjos<\/strong><\/p>\n<p>TERRIT\u00d3RIO, TERRITORIALIDADES\u00a0E ESTRAT\u00c9GIAS DE DESENVOLVIMENTO<br \/>\nREGIONAL<\/p>\n<p><a href=\"https:\/\/wp.ufpel.edu.br\/ppgdtsa\/files\/2014\/02\/Livro-Unochapeco_Rosana-Badaloti.pdf\">livro-unochapeco_rosana-badaloti<\/a><\/p>\n<p><span style=\"color: #ffffff\">.<\/span><\/p>\n<p><strong>Livro com a participa\u00e7\u00e3o do professor Marcelo Fernandes Pacheco Dias<\/strong><\/p>\n<p><img class=\"alignleft wp-image-1010 size-full\" src=\"https:\/\/wp.ufpel.edu.br\/ppgdtsa\/files\/2016\/05\/Livro-Plano-de-Desenvolvimento-para-Arranjo-Produtivo.jpg\" alt=\"Livro Plano de Desenvolvimento para Arranjo Produtivo\" width=\"478\" height=\"656\" srcset=\"https:\/\/wp.ufpel.edu.br\/ppgdtsa\/files\/2016\/05\/Livro-Plano-de-Desenvolvimento-para-Arranjo-Produtivo.jpg 478w, https:\/\/wp.ufpel.edu.br\/ppgdtsa\/files\/2016\/05\/Livro-Plano-de-Desenvolvimento-para-Arranjo-Produtivo-116x159.jpg 116w, https:\/\/wp.ufpel.edu.br\/ppgdtsa\/files\/2016\/05\/Livro-Plano-de-Desenvolvimento-para-Arranjo-Produtivo-232x318.jpg 232w\" sizes=\"(max-width: 478px) 100vw, 478px\" \/><\/p>\n<p>&nbsp;<\/p>\n<p>&nbsp;<\/p>\n<p>&nbsp;<\/p>\n<p>&nbsp;<\/p>\n<p>&nbsp;<\/p>\n<p>&nbsp;<\/p>\n<p>&nbsp;<\/p>\n<p>&nbsp;<\/p>\n<p>&nbsp;<\/p>\n<p>&nbsp;<\/p>\n<p>&nbsp;<\/p>\n<p>&nbsp;<\/p>\n<p>&nbsp;<\/p>\n<p>&nbsp;<\/p>\n<p>&nbsp;<\/p>\n<p>&nbsp;<\/p>\n<p>&nbsp;<\/p>\n<p><span style=\"background-color: #ffffff\">.<\/span><\/p>\n<p><strong>Livro com a participa\u00e7\u00e3o do professor Marcelo Fernandes Pacheco Dias<\/strong><\/p>\n<p><img class=\"alignleft wp-image-1011 size-full\" src=\"https:\/\/wp.ufpel.edu.br\/ppgdtsa\/files\/2016\/05\/Livro-Universidad-y-Agronegocios.jpg\" alt=\"Livro Universidad y Agronegocios\" width=\"428\" height=\"607\" srcset=\"https:\/\/wp.ufpel.edu.br\/ppgdtsa\/files\/2016\/05\/Livro-Universidad-y-Agronegocios.jpg 428w, https:\/\/wp.ufpel.edu.br\/ppgdtsa\/files\/2016\/05\/Livro-Universidad-y-Agronegocios-112x159.jpg 112w, https:\/\/wp.ufpel.edu.br\/ppgdtsa\/files\/2016\/05\/Livro-Universidad-y-Agronegocios-224x318.jpg 224w\" sizes=\"(max-width: 428px) 100vw, 428px\" \/><\/p>\n<p>&nbsp;<\/p>\n<p>&nbsp;<\/p>\n<p>&nbsp;<\/p>\n<p>&nbsp;<\/p>\n<p>&nbsp;<\/p>\n<p>&nbsp;<\/p>\n<p>&nbsp;<\/p>\n<p>&nbsp;<\/p>\n<p>&nbsp;<\/p>\n<p>&nbsp;<\/p>\n<p>&nbsp;<\/p>\n<p>&nbsp;<\/p>\n<p>&nbsp;<\/p>\n<p>&nbsp;<\/p>\n<p>&nbsp;<\/p>\n<p>&nbsp;<\/p>\n<p><span style=\"background-color: #ffffff\">.<\/span><\/p>\n<p><strong>Cap\u00edtulo de Livro com prof. Fl\u00e1vio Sacco dos Anjos e\u00a0N\u00e1dia Velleda Caldas sobre &#8220;Indica\u00e7\u00f5es de Proced\u00eancia&#8221;<\/strong><\/p>\n<p>http:\/\/www.ibpibrasil.org\/Biblioteca-Eletronica-do-IBPI\/Livro-Indica-o-Geografica<\/p>\n<p><span style=\"color: #ffffff\">.<\/span><\/p>\n<p><strong>Livro com a Participa\u00e7\u00e3o da professora C\u00e1tia Crisa<\/strong><\/p>\n<p><img class=\"alignnone wp-image-546\" src=\"https:\/\/wp.ufpel.edu.br\/ppgdtsa\/files\/2015\/02\/Pol\u00edticas-P\u00fablicas-de-Desenvolvimento-Rural-no-Brasil.jpg\" alt=\"Pol\u00edticas P\u00fablicas de Desenvolvimento Rural no Brasil\" width=\"794\" height=\"387\" srcset=\"https:\/\/wp.ufpel.edu.br\/ppgdtsa\/files\/2015\/02\/Pol\u00edticas-P\u00fablicas-de-Desenvolvimento-Rural-no-Brasil.jpg 960w, https:\/\/wp.ufpel.edu.br\/ppgdtsa\/files\/2015\/02\/Pol\u00edticas-P\u00fablicas-de-Desenvolvimento-Rural-no-Brasil-212x103.jpg 212w, https:\/\/wp.ufpel.edu.br\/ppgdtsa\/files\/2015\/02\/Pol\u00edticas-P\u00fablicas-de-Desenvolvimento-Rural-no-Brasil-424x207.jpg 424w\" sizes=\"(max-width: 794px) 100vw, 794px\" \/><\/p>\n<p>&nbsp;<\/p>\n","protected":false},"excerpt":{"rendered":"<p>Livro com a participa\u00e7\u00e3o do professor Marcelo Fernandes Pacheco Dias Livro Digital \u201cConsolidando acciones cooperativas para la relaci\u00f3n de las Universidades con el mundo productivo en el espacio ALCUE\u201d Cap\u00edtulo 14.\u00a0Universidad y agronegocios: An\u00e1lisis de centralidad en redes de colaboraci\u00f3n cient\u00edfico-tecnol\u00f3gica de Argentina y Brasil University and agribusiness: Centrality analysis in scientific and technological cooperation [&hellip;]<\/p>\n","protected":false},"author":348,"featured_media":0,"parent":0,"menu_order":0,"comment_status":"closed","ping_status":"closed","template":"","meta":{"footnotes":""},"class_list":["post-44","page","type-page","status-publish","hentry"],"jetpack_sharing_enabled":true,"_links":{"self":[{"href":"https:\/\/wp.ufpel.edu.br\/ppgdtsa\/wp-json\/wp\/v2\/pages\/44","targetHints":{"allow":["GET"]}}],"collection":[{"href":"https:\/\/wp.ufpel.edu.br\/ppgdtsa\/wp-json\/wp\/v2\/pages"}],"about":[{"href":"https:\/\/wp.ufpel.edu.br\/ppgdtsa\/wp-json\/wp\/v2\/types\/page"}],"author":[{"embeddable":true,"href":"https:\/\/wp.ufpel.edu.br\/ppgdtsa\/wp-json\/wp\/v2\/users\/348"}],"replies":[{"embeddable":true,"href":"https:\/\/wp.ufpel.edu.br\/ppgdtsa\/wp-json\/wp\/v2\/comments?post=44"}],"version-history":[{"count":18,"href":"https:\/\/wp.ufpel.edu.br\/ppgdtsa\/wp-json\/wp\/v2\/pages\/44\/revisions"}],"predecessor-version":[{"id":2012,"href":"https:\/\/wp.ufpel.edu.br\/ppgdtsa\/wp-json\/wp\/v2\/pages\/44\/revisions\/2012"}],"wp:attachment":[{"href":"https:\/\/wp.ufpel.edu.br\/ppgdtsa\/wp-json\/wp\/v2\/media?parent=44"}],"curies":[{"name":"wp","href":"https:\/\/api.w.org\/{rel}","templated":true}]}}

<p><strong>Livro com a participação do professor Marcelo Fernandes Pacheco Dias</strong></p>
<p><a href="https://wp.ufpel.edu.br/ppgdtsa/files/2014/02/consolidando-portada.png"><img class="alignleft wp-image-2009 size-full" src="https://wp.ufpel.edu.br/ppgdtsa/files/2014/02/consolidando-portada.png" alt="" width="240" height="310" /></a></p>
<h4>Livro Digital</h4>
<h4>“Consolidando acciones cooperativas para la relación de las Universidades con el mundo productivo en el espacio ALCUE”</h4>
<h4>Capítulo 14. Universidad y agronegocios: Análisis de centralidad en redes de colaboración científico-tecnológica de Argentina y Brasil University and agribusiness: Centrality analysis in scientific and technological cooperation networks from Argentina and Brazil</h4>
<h4>Disponível em:</h4>
<h4><a href="http://www.redue-alcue.org/website/consolidandoacciones.php">http://www.redue-alcue.org/website/consolidandoacciones.php</a></h4>
<p>&nbsp;</p>
<p>&nbsp;</p>
<p>&nbsp;</p>
<p>&nbsp;</p>
<p><span style="color: #ffffff">.</span></p>
<p><strong>Livro com a participação do professor Flávio Sacco dos Anjos</strong></p>
<p>TERRITÓRIO, TERRITORIALIDADES E ESTRATÉGIAS DE DESENVOLVIMENTO<br />
REGIONAL</p>
<p><a href="https://wp.ufpel.edu.br/ppgdtsa/files/2014/02/Livro-Unochapeco_Rosana-Badaloti.pdf">livro-unochapeco_rosana-badaloti</a></p>
<p><span style="color: #ffffff">.</span></p>
<p><strong>Livro com a participação do professor Marcelo Fernandes Pacheco Dias</strong></p>
<p><img class="alignleft wp-image-1010 size-full" src="https://wp.ufpel.edu.br/ppgdtsa/files/2016/05/Livro-Plano-de-Desenvolvimento-para-Arranjo-Produtivo.jpg" alt="Livro Plano de Desenvolvimento para Arranjo Produtivo" width="478" height="656" srcset="https://wp.ufpel.edu.br/ppgdtsa/files/2016/05/Livro-Plano-de-Desenvolvimento-para-Arranjo-Produtivo.jpg 478w, https://wp.ufpel.edu.br/ppgdtsa/files/2016/05/Livro-Plano-de-Desenvolvimento-para-Arranjo-Produtivo-116x159.jpg 116w, https://wp.ufpel.edu.br/ppgdtsa/files/2016/05/Livro-Plano-de-Desenvolvimento-para-Arranjo-Produtivo-232x318.jpg 232w" sizes="(max-width: 478px) 100vw, 478px" /></p>
<p>&nbsp;</p>
<p>&nbsp;</p>
<p>&nbsp;</p>
<p>&nbsp;</p>
<p>&nbsp;</p>
<p>&nbsp;</p>
<p>&nbsp;</p>
<p>&nbsp;</p>
<p>&nbsp;</p>
<p>&nbsp;</p>
<p>&nbsp;</p>
<p>&nbsp;</p>
<p>&nbsp;</p>
<p>&nbsp;</p>
<p>&nbsp;</p>
<p>&nbsp;</p>
<p>&nbsp;</p>
<p><span style="background-color: #ffffff">.</span></p>
<p><strong>Livro com a participação do professor Marcelo Fernandes Pacheco Dias</strong></p>
<p><img class="alignleft wp-image-1011 size-full" src="https://wp.ufpel.edu.br/ppgdtsa/files/2016/05/Livro-Universidad-y-Agronegocios.jpg" alt="Livro Universidad y Agronegocios" width="428" height="607" srcset="https://wp.ufpel.edu.br/ppgdtsa/files/2016/05/Livro-Universidad-y-Agronegocios.jpg 428w, https://wp.ufpel.edu.br/ppgdtsa/files/2016/05/Livro-Universidad-y-Agronegocios-112x159.jpg 112w, https://wp.ufpel.edu.br/ppgdtsa/files/2016/05/Livro-Universidad-y-Agronegocios-224x318.jpg 224w" sizes="(max-width: 428px) 100vw, 428px" /></p>
<p>&nbsp;</p>
<p>&nbsp;</p>
<p>&nbsp;</p>
<p>&nbsp;</p>
<p>&nbsp;</p>
<p>&nbsp;</p>
<p>&nbsp;</p>
<p>&nbsp;</p>
<p>&nbsp;</p>
<p>&nbsp;</p>
<p>&nbsp;</p>
<p>&nbsp;</p>
<p>&nbsp;</p>
<p>&nbsp;</p>
<p>&nbsp;</p>
<p>&nbsp;</p>
<p><span style="background-color: #ffffff">.</span></p>
<p><strong>Capítulo de Livro com prof. Flávio Sacco dos Anjos e Nádia Velleda Caldas sobre &#8220;Indicações de Procedência&#8221;</strong></p>
<p>http://www.ibpibrasil.org/Biblioteca-Eletronica-do-IBPI/Livro-Indica-o-Geografica</p>
<p><span style="color: #ffffff">.</span></p>
<p><strong>Livro com a Participação da professora Cátia Crisa</strong></p>
<p><img class="alignnone wp-image-546" src="https://wp.ufpel.edu.br/ppgdtsa/files/2015/02/Políticas-Públicas-de-Desenvolvimento-Rural-no-Brasil.jpg" alt="Políticas Públicas de Desenvolvimento Rural no Brasil" width="794" height="387" srcset="https://wp.ufpel.edu.br/ppgdtsa/files/2015/02/Políticas-Públicas-de-Desenvolvimento-Rural-no-Brasil.jpg 960w, https://wp.ufpel.edu.br/ppgdtsa/files/2015/02/Políticas-Públicas-de-Desenvolvimento-Rural-no-Brasil-212x103.jpg 212w, https://wp.ufpel.edu.br/ppgdtsa/files/2015/02/Políticas-Públicas-de-Desenvolvimento-Rural-no-Brasil-424x207.jpg 424w" sizes="(max-width: 794px) 100vw, 794px" /></p>
<p>&nbsp;</p>

<p>Livro com a participação do professor Marcelo Fernandes Pacheco Dias Livro Digital “Consolidando acciones cooperativas para la relación de las Universidades con el mundo productivo en el espacio ALCUE” Capítulo 14. Universidad y agronegocios: Análisis de centralidad en redes de colaboración científico-tecnológica de Argentina y Brasil University and agribusiness: Centrality analysis in scientific and technological cooperation [&hellip;]</p>
