{"id":32,"date":"2014-02-14T16:52:15","date_gmt":"2014-02-14T18:52:15","guid":{"rendered":"https:\/\/wp.ufpel.edu.br\/ppgdtsa\/?page_id=32"},"modified":"2025-03-24T10:32:09","modified_gmt":"2025-03-24T13:32:09","slug":"indicadores-de-avaliacao-capes","status":"publish","type":"page","link":"https:\/\/wp.ufpel.edu.br\/ppgdtsa\/indicadores-de-avaliacao-capes\/","title":{"rendered":"Avalia\u00e7\u00e3o na Capes"},"content":{"rendered":"<p><a href=\"https:\/\/sucupira.capes.gov.br\/sucupira\/public\/consultas\/coleta\/programa\/viewPrograma.jsf?popup=true&amp;cd_programa=42003016052P1\">Cadastro na CAPES &#8211; INTERDISCIPLINAR<\/a><\/p>\n<p><a href=\"https:\/\/wp.ufpel.edu.br\/ppgdtsa\/files\/2025\/03\/Portaria-no-188-de-24-de-Junho-de-2024-1.pdf\">Portaria CAPES n\u00ba 188\/2024 &#8211; Mudan\u00e7a de \u00c1rea de Avalia\u00e7\u00e3o e \u00c1rea B\u00e1sica dos Programas de P\u00f3s-Gradua\u00e7\u00e3o<\/a><\/p>\n<p><a href=\"https:\/\/wp.ufpel.edu.br\/ppgdtsa\/files\/2025\/03\/PORTARIA-CAPES-No-253-DE-15-DE-AGOSTO-DE-2024-PORTARIA-CAPES-No-253-DE-15-DE-AGOSTO-DE-2024-DOU-Imprensa-Nacional.pdf\">Portaria CAPES n\u00ba 253\/2024: Comit\u00eas da \u00e1rea interdisciplinar dos Programas de P\u00f3s-Gradua\u00e7\u00e3o Stricto Sensu<\/a><\/p>\n<p><a href=\"https:\/\/sucupira.capes.gov.br\/sucupira\/\">Base de Dados Sucupira<\/a><\/p>\n<p>&nbsp;<\/p>\n","protected":false},"excerpt":{"rendered":"<p>Cadastro na CAPES &#8211; INTERDISCIPLINAR Portaria CAPES n\u00ba 188\/2024 &#8211; Mudan\u00e7a de \u00c1rea de Avalia\u00e7\u00e3o e \u00c1rea B\u00e1sica dos Programas de P\u00f3s-Gradua\u00e7\u00e3o Portaria CAPES n\u00ba 253\/2024: Comit\u00eas da \u00e1rea interdisciplinar dos Programas de P\u00f3s-Gradua\u00e7\u00e3o Stricto Sensu Base de Dados Sucupira &nbsp;<\/p>\n","protected":false},"author":348,"featured_media":0,"parent":0,"menu_order":0,"comment_status":"closed","ping_status":"closed","template":"","meta":{"footnotes":""},"class_list":["post-32","page","type-page","status-publish","hentry"],"jetpack_sharing_enabled":true,"_links":{"self":[{"href":"https:\/\/wp.ufpel.edu.br\/ppgdtsa\/wp-json\/wp\/v2\/pages\/32","targetHints":{"allow":["GET"]}}],"collection":[{"href":"https:\/\/wp.ufpel.edu.br\/ppgdtsa\/wp-json\/wp\/v2\/pages"}],"about":[{"href":"https:\/\/wp.ufpel.edu.br\/ppgdtsa\/wp-json\/wp\/v2\/types\/page"}],"author":[{"embeddable":true,"href":"https:\/\/wp.ufpel.edu.br\/ppgdtsa\/wp-json\/wp\/v2\/users\/348"}],"replies":[{"embeddable":true,"href":"https:\/\/wp.ufpel.edu.br\/ppgdtsa\/wp-json\/wp\/v2\/comments?post=32"}],"version-history":[{"count":10,"href":"https:\/\/wp.ufpel.edu.br\/ppgdtsa\/wp-json\/wp\/v2\/pages\/32\/revisions"}],"predecessor-version":[{"id":5848,"href":"https:\/\/wp.ufpel.edu.br\/ppgdtsa\/wp-json\/wp\/v2\/pages\/32\/revisions\/5848"}],"wp:attachment":[{"href":"https:\/\/wp.ufpel.edu.br\/ppgdtsa\/wp-json\/wp\/v2\/media?parent=32"}],"curies":[{"name":"wp","href":"https:\/\/api.w.org\/{rel}","templated":true}]}}

Avaliação na Capes

<p><a href="https://sucupira.capes.gov.br/sucupira/public/consultas/coleta/programa/viewPrograma.jsf?popup=true&amp;cd_programa=42003016052P1">Cadastro na CAPES &#8211; INTERDISCIPLINAR</a></p>
<p><a href="https://wp.ufpel.edu.br/ppgdtsa/files/2025/03/Portaria-no-188-de-24-de-Junho-de-2024-1.pdf">Portaria CAPES nº 188/2024 &#8211; Mudança de Área de Avaliação e Área Básica dos Programas de Pós-Graduação</a></p>
<p><a href="https://wp.ufpel.edu.br/ppgdtsa/files/2025/03/PORTARIA-CAPES-No-253-DE-15-DE-AGOSTO-DE-2024-PORTARIA-CAPES-No-253-DE-15-DE-AGOSTO-DE-2024-DOU-Imprensa-Nacional.pdf">Portaria CAPES nº 253/2024: Comitês da área interdisciplinar dos Programas de Pós-Graduação Stricto Sensu</a></p>
<p><a href="https://sucupira.capes.gov.br/sucupira/">Base de Dados Sucupira</a></p>
<p>&nbsp;</p>

<p>Cadastro na CAPES &#8211; INTERDISCIPLINAR Portaria CAPES nº 188/2024 &#8211; Mudança de Área de Avaliação e Área Básica dos Programas de Pós-Graduação Portaria CAPES nº 253/2024: Comitês da área interdisciplinar dos Programas de Pós-Graduação Stricto Sensu Base de Dados Sucupira &nbsp;</p>
