{"id":2880,"date":"2019-02-19T16:02:24","date_gmt":"2019-02-19T19:02:24","guid":{"rendered":"https:\/\/wp.ufpel.edu.br\/ppgdtsa\/?page_id=2880"},"modified":"2019-02-19T16:02:24","modified_gmt":"2019-02-19T19:02:24","slug":"oportunidades","status":"publish","type":"page","link":"https:\/\/wp.ufpel.edu.br\/ppgdtsa\/oportunidades\/","title":{"rendered":"Oportunidades"},"content":{"rendered":"<p>Processo seletivo simplificado &#8211; Professor substituto &#8211; Universidade<br \/>\nFederal de S\u00e3o Carlos &#8211;\u00a0 \u00c1rea: Administra\u00e7\u00e3o\u00a0 &#8211;\u00a0 Sub\u00e1rea:\u00a0 Administra\u00e7\u00e3o<br \/>\ne Sistemas Agroindustriais.<\/p>\n<p>A Universidade Federal de S\u00e3o Carlos est\u00e1 com inscri\u00e7\u00f5es abertas em<br \/>\nprocesso seletivo simplificado para preenchimento de vaga de professor<br \/>\nsubstituto para atua\u00e7\u00e3o no Centro de Ci\u00eancias da Natureza &#8211; Campus Lagoa<br \/>\ndo Sino &#8211;\u00a0 \u00c1rea: Administra\u00e7\u00e3o\u00a0 &#8211;\u00a0 Sub\u00e1rea:\u00a0 Administra\u00e7\u00e3o e Sistemas<br \/>\nAgroindustriais . \u00c9 exigido o t\u00edtulo de mestre em uma das seguintes<br \/>\n\u00e1reas (conforme \u00e1reas de conhecimento CAPES dispon\u00edveis na Plataforma<br \/>\nSucupira): Ci\u00eancias Sociais Aplicadas; Engenharias; Ci\u00eancias Agr\u00e1rias;<br \/>\n\u00c1rea Interdisciplinar (para \u00e1rea interdisciplinar ser\u00e3o consideradas as<br \/>\nsub-\u00e1reas c\u00f3digos: 90191000 &#8211; Meio Ambiente e Agr\u00e1rias; 90192000 &#8211;<br \/>\nSociais e Humanidades e 90193000 &#8211; Engenharia\/Tecnologia\/Gest\u00e3o).<\/p>\n<p>As inscri\u00e7\u00f5es v\u00e3o at\u00e9 25\/02\/2019.<\/p>\n<p>Maiores informa\u00e7\u00f5es em :\u00a0<a href=\"http:\/\/www.concursos.ufscar.br\/\" target=\"_blank\" rel=\"noopener noreferrer\" data-saferedirecturl=\"https:\/\/www.google.com\/url?q=http:\/\/www.concursos.ufscar.br&amp;source=gmail&amp;ust=1550689206472000&amp;usg=AFQjCNFv_a-z2F0nyRAX_IyY_jT4sewq0A\">www.concursos.ufscar.br<\/a><\/p>\n","protected":false},"excerpt":{"rendered":"<p>Processo seletivo simplificado &#8211; Professor substituto &#8211; Universidade Federal de S\u00e3o Carlos &#8211;\u00a0 \u00c1rea: Administra\u00e7\u00e3o\u00a0 &#8211;\u00a0 Sub\u00e1rea:\u00a0 Administra\u00e7\u00e3o e Sistemas Agroindustriais. A Universidade Federal de S\u00e3o Carlos est\u00e1 com inscri\u00e7\u00f5es abertas em processo seletivo simplificado para preenchimento de vaga de professor substituto para atua\u00e7\u00e3o no Centro de Ci\u00eancias da Natureza &#8211; Campus Lagoa do Sino [&hellip;]<\/p>\n","protected":false},"author":348,"featured_media":0,"parent":0,"menu_order":0,"comment_status":"closed","ping_status":"closed","template":"","meta":{"footnotes":""},"class_list":["post-2880","page","type-page","status-publish","hentry"],"jetpack_sharing_enabled":true,"_links":{"self":[{"href":"https:\/\/wp.ufpel.edu.br\/ppgdtsa\/wp-json\/wp\/v2\/pages\/2880","targetHints":{"allow":["GET"]}}],"collection":[{"href":"https:\/\/wp.ufpel.edu.br\/ppgdtsa\/wp-json\/wp\/v2\/pages"}],"about":[{"href":"https:\/\/wp.ufpel.edu.br\/ppgdtsa\/wp-json\/wp\/v2\/types\/page"}],"author":[{"embeddable":true,"href":"https:\/\/wp.ufpel.edu.br\/ppgdtsa\/wp-json\/wp\/v2\/users\/348"}],"replies":[{"embeddable":true,"href":"https:\/\/wp.ufpel.edu.br\/ppgdtsa\/wp-json\/wp\/v2\/comments?post=2880"}],"version-history":[{"count":1,"href":"https:\/\/wp.ufpel.edu.br\/ppgdtsa\/wp-json\/wp\/v2\/pages\/2880\/revisions"}],"predecessor-version":[{"id":2882,"href":"https:\/\/wp.ufpel.edu.br\/ppgdtsa\/wp-json\/wp\/v2\/pages\/2880\/revisions\/2882"}],"wp:attachment":[{"href":"https:\/\/wp.ufpel.edu.br\/ppgdtsa\/wp-json\/wp\/v2\/media?parent=2880"}],"curies":[{"name":"wp","href":"https:\/\/api.w.org\/{rel}","templated":true}]}}