{"id":26,"date":"2014-02-14T16:15:38","date_gmt":"2014-02-14T18:15:38","guid":{"rendered":"https:\/\/wp.ufpel.edu.br\/ppgdtsa\/?page_id=26"},"modified":"2026-01-09T11:40:11","modified_gmt":"2026-01-09T14:40:11","slug":"apresentacao","status":"publish","type":"page","link":"https:\/\/wp.ufpel.edu.br\/ppgdtsa\/apresentacao\/","title":{"rendered":"Coordena\u00e7\u00e3o"},"content":{"rendered":"<p><strong>Coordena\u00e7\u00e3o<\/strong><\/p>\n<p>Coordena\u00e7\u00e3o: Prof. Dr. Mario Duarte Canever<\/p>\n<p>Coordena\u00e7\u00e3o adjunta: Prof. Dr. Cl\u00e1udio Becker<\/p>\n<p>Contato: <a href=\"mailto:ppgdtsa@ufpel.edu.br\">ppgdtsa@gmail.com<\/a><\/p>\n<p><strong>Secretaria<\/strong><\/p>\n<p>TAE Claudeir Pereira Ferreira<\/p>\n<p>&nbsp;<\/p>\n<p><strong>Depto. Ci\u00eancias Sociais Agr\u00e1rias<\/strong><\/p>\n<p>&nbsp;<\/p>\n<p>&nbsp;<\/p>\n<p><strong>Localiza\u00e7\u00e3o<\/strong><\/p>\n<p>Faculdade de Agronomia Eliseu Maciel<\/p>\n<p>Departamento de Ci\u00eancias Sociais Agr\u00e1rias<\/p>\n<p>Campus Cap\u00e3o do Le\u00e3o<\/p>\n<p>Campus Universit\u00e1rio s\/n<br \/>\nCap\u00e3o do Le\u00e3o &#8211; RS, Brasil, CEP:\u00a0 96010-610<\/p>\n<p>&nbsp;<\/p>\n<p>&nbsp;<\/p>\n","protected":false},"excerpt":{"rendered":"<p>Coordena\u00e7\u00e3o Coordena\u00e7\u00e3o: Prof. Dr. Mario Duarte Canever Coordena\u00e7\u00e3o adjunta: Prof. Dr. Cl\u00e1udio Becker Contato: ppgdtsa@gmail.com Secretaria TAE Claudeir Pereira Ferreira &nbsp; Depto. Ci\u00eancias Sociais Agr\u00e1rias &nbsp; &nbsp; Localiza\u00e7\u00e3o Faculdade de Agronomia Eliseu Maciel Departamento de Ci\u00eancias Sociais Agr\u00e1rias Campus Cap\u00e3o do Le\u00e3o Campus Universit\u00e1rio s\/n Cap\u00e3o do Le\u00e3o &#8211; RS, Brasil, CEP:\u00a0 96010-610 &nbsp; &nbsp;<\/p>\n","protected":false},"author":348,"featured_media":0,"parent":0,"menu_order":0,"comment_status":"closed","ping_status":"closed","template":"","meta":{"footnotes":""},"class_list":["post-26","page","type-page","status-publish","hentry"],"jetpack_sharing_enabled":true,"_links":{"self":[{"href":"https:\/\/wp.ufpel.edu.br\/ppgdtsa\/wp-json\/wp\/v2\/pages\/26","targetHints":{"allow":["GET"]}}],"collection":[{"href":"https:\/\/wp.ufpel.edu.br\/ppgdtsa\/wp-json\/wp\/v2\/pages"}],"about":[{"href":"https:\/\/wp.ufpel.edu.br\/ppgdtsa\/wp-json\/wp\/v2\/types\/page"}],"author":[{"embeddable":true,"href":"https:\/\/wp.ufpel.edu.br\/ppgdtsa\/wp-json\/wp\/v2\/users\/348"}],"replies":[{"embeddable":true,"href":"https:\/\/wp.ufpel.edu.br\/ppgdtsa\/wp-json\/wp\/v2\/comments?post=26"}],"version-history":[{"count":4,"href":"https:\/\/wp.ufpel.edu.br\/ppgdtsa\/wp-json\/wp\/v2\/pages\/26\/revisions"}],"predecessor-version":[{"id":6119,"href":"https:\/\/wp.ufpel.edu.br\/ppgdtsa\/wp-json\/wp\/v2\/pages\/26\/revisions\/6119"}],"wp:attachment":[{"href":"https:\/\/wp.ufpel.edu.br\/ppgdtsa\/wp-json\/wp\/v2\/media?parent=26"}],"curies":[{"name":"wp","href":"https:\/\/api.w.org\/{rel}","templated":true}]}}