{"id":2591,"date":"2018-05-17T16:40:32","date_gmt":"2018-05-17T19:40:32","guid":{"rendered":"https:\/\/wp.ufpel.edu.br\/ppgdtsa\/?page_id=2591"},"modified":"2026-01-20T08:32:55","modified_gmt":"2026-01-20T11:32:55","slug":"contatos","status":"publish","type":"page","link":"https:\/\/wp.ufpel.edu.br\/ppgdtsa\/contatos\/","title":{"rendered":"Contatos"},"content":{"rendered":"<p><strong>Prof. Dr. Mario Duarte Canever <\/strong>&#8211; Coordenador do Curso<\/p>\n<p><strong>E-mail: <\/strong>caneverm@gmail.com<\/p>\n<p>&nbsp;<\/p>\n<p><strong>Secretaria do Programa em Desenvolvimento Territorial e Sistemas Agroindustriais<\/strong><\/p>\n<p><strong>E-mail: <\/strong><a href=\"mailto:ppgdtsa@gmail.com\">ppgdtsa@gmail.com<\/a> \/\u00a0<a href=\"mailto:ppgdtsa@ufpel.edu.br\">ppgdtsa@ufpel.edu.br<\/a><\/p>\n<p>Campus Cap\u00e3o do Le\u00e3o<br \/>\n<a href=\"https:\/\/goo.gl\/maps\/t5gQ9692jvVjA2RU9\">Faculdade de Agronomia Eliseu Maciel<\/a><br \/>\nDepartamento de Ci\u00eancias Sociais Agr\u00e1rias<br \/>\nCaixa Postal 354<br \/>\nCep 96010-900<\/p>\n","protected":false},"excerpt":{"rendered":"<p>Prof. Dr. Mario Duarte Canever &#8211; Coordenador do Curso E-mail: caneverm@gmail.com &nbsp; Secretaria do Programa em Desenvolvimento Territorial e Sistemas Agroindustriais E-mail: ppgdtsa@gmail.com \/\u00a0ppgdtsa@ufpel.edu.br Campus Cap\u00e3o do Le\u00e3o Faculdade de Agronomia Eliseu Maciel Departamento de Ci\u00eancias Sociais Agr\u00e1rias Caixa Postal 354 Cep 96010-900<\/p>\n","protected":false},"author":348,"featured_media":0,"parent":0,"menu_order":0,"comment_status":"closed","ping_status":"closed","template":"","meta":{"footnotes":""},"class_list":["post-2591","page","type-page","status-publish","hentry"],"jetpack_sharing_enabled":true,"_links":{"self":[{"href":"https:\/\/wp.ufpel.edu.br\/ppgdtsa\/wp-json\/wp\/v2\/pages\/2591","targetHints":{"allow":["GET"]}}],"collection":[{"href":"https:\/\/wp.ufpel.edu.br\/ppgdtsa\/wp-json\/wp\/v2\/pages"}],"about":[{"href":"https:\/\/wp.ufpel.edu.br\/ppgdtsa\/wp-json\/wp\/v2\/types\/page"}],"author":[{"embeddable":true,"href":"https:\/\/wp.ufpel.edu.br\/ppgdtsa\/wp-json\/wp\/v2\/users\/348"}],"replies":[{"embeddable":true,"href":"https:\/\/wp.ufpel.edu.br\/ppgdtsa\/wp-json\/wp\/v2\/comments?post=2591"}],"version-history":[{"count":5,"href":"https:\/\/wp.ufpel.edu.br\/ppgdtsa\/wp-json\/wp\/v2\/pages\/2591\/revisions"}],"predecessor-version":[{"id":6120,"href":"https:\/\/wp.ufpel.edu.br\/ppgdtsa\/wp-json\/wp\/v2\/pages\/2591\/revisions\/6120"}],"wp:attachment":[{"href":"https:\/\/wp.ufpel.edu.br\/ppgdtsa\/wp-json\/wp\/v2\/media?parent=2591"}],"curies":[{"name":"wp","href":"https:\/\/api.w.org\/{rel}","templated":true}]}}

<p><strong>Prof. Dr. Mario Duarte Canever </strong>&#8211; Coordenador do Curso</p>
<p><strong>E-mail: </strong>caneverm@gmail.com</p>
<p>&nbsp;</p>
<p><strong>Secretaria do Programa em Desenvolvimento Territorial e Sistemas Agroindustriais</strong></p>
<p><strong>E-mail: </strong><a href="mailto:ppgdtsa@gmail.com">ppgdtsa@gmail.com</a> / <a href="mailto:ppgdtsa@ufpel.edu.br">ppgdtsa@ufpel.edu.br</a></p>
<p>Campus Capão do Leão<br />
<a href="https://goo.gl/maps/t5gQ9692jvVjA2RU9">Faculdade de Agronomia Eliseu Maciel</a><br />
Departamento de Ciências Sociais Agrárias<br />
Caixa Postal 354<br />
Cep 96010-900</p>

<p>Prof. Dr. Mario Duarte Canever &#8211; Coordenador do Curso E-mail: caneverm@gmail.com &nbsp; Secretaria do Programa em Desenvolvimento Territorial e Sistemas Agroindustriais E-mail: ppgdtsa@gmail.com / ppgdtsa@ufpel.edu.br Campus Capão do Leão Faculdade de Agronomia Eliseu Maciel Departamento de Ciências Sociais Agrárias Caixa Postal 354 Cep 96010-900</p>
