{"id":2145,"date":"2017-03-18T10:15:31","date_gmt":"2017-03-18T13:15:31","guid":{"rendered":"https:\/\/wp.ufpel.edu.br\/ppgdtsa\/?page_id=2145"},"modified":"2017-08-12T10:58:52","modified_gmt":"2017-08-12T13:58:52","slug":"direccion","status":"publish","type":"page","link":"https:\/\/wp.ufpel.edu.br\/ppgdtsa\/direccion\/","title":{"rendered":"Direcci\u00f3n"},"content":{"rendered":"<p><em>Venga en nuestra oficina y tome un caf\u00e9 con nosotros. Sacaremos todas sus dudas sobre el PPGDTSA.<\/em><\/p>\n<p><strong>Oficina<\/strong><\/p>\n<p>Andr\u00e9 Cruz &#8211; Secretario<\/p>\n<p>Eduardo Robaert &#8211; Pasante<\/p>\n<p><em>Facultad Administraci\u00f3n y Turismo (haga clic <a href=\"https:\/\/www.google.com.br\/maps\/place\/Universidade+Federal+de+Pelotas\/@-31.7805013,-52.3256765,16.71z\/data=!4m5!3m4!1s0x0:0xedf2316371213d3a!8m2!3d-31.7810978!4d-52.3234767\">aqui <\/a>para vernos en Google Maps)<br \/>\n<\/em><\/p>\n<p>Campus Porto<\/p>\n<p>Calle Gomes Carneiro, 1 \u2013 Sala 420<\/p>\n<p>Centro \u2013 Pelotas\/RS<\/p>\n<p>CEP 96010-610 (C\u00f3digo Postal)<\/p>\n<p><strong>Coordinaci\u00f3n\u00a0<\/strong><\/p>\n<p>Prof. M\u00e1rio Conill Gomes &#8211; Coordinador<\/p>\n<p><em>Facultad de Agronom\u00eda Eliseu Maciel (haga clic <a href=\"https:\/\/www.google.com.br\/maps\/place\/Faculdade+de+Agronomia+Eliseu+Maciel\/@-31.8022726,-52.4170697,17z\/data=!3m1!4b1!4m5!3m4!1s0x9511cbc7e365af97:0x7029a662e5355e41!8m2!3d-31.8022726!4d-52.414881\">aqui<\/a> para vernos en Google Maps)<br \/>\n<\/em><\/p>\n<p>Departamiento de Ci\u00eancias Sociales Agrarias &#8211; Sala 718<\/p>\n<p>Campus Cap\u00e3o do Le\u00e3o<\/p>\n<p>Buz\u00f3n 354<\/p>\n<p>CEP 96010-900\u00a0(C\u00f3digo Postal)<\/p>\n","protected":false},"excerpt":{"rendered":"<p>Venga en nuestra oficina y tome un caf\u00e9 con nosotros. Sacaremos todas sus dudas sobre el PPGDTSA. Oficina Andr\u00e9 Cruz &#8211; Secretario Eduardo Robaert &#8211; Pasante Facultad Administraci\u00f3n y Turismo (haga clic aqui para vernos en Google Maps) Campus Porto Calle Gomes Carneiro, 1 \u2013 Sala 420 Centro \u2013 Pelotas\/RS CEP 96010-610 (C\u00f3digo Postal) Coordinaci\u00f3n\u00a0 [&hellip;]<\/p>\n","protected":false},"author":348,"featured_media":0,"parent":0,"menu_order":0,"comment_status":"closed","ping_status":"closed","template":"","meta":{"footnotes":""},"class_list":["post-2145","page","type-page","status-publish","hentry"],"jetpack_sharing_enabled":true,"_links":{"self":[{"href":"https:\/\/wp.ufpel.edu.br\/ppgdtsa\/wp-json\/wp\/v2\/pages\/2145","targetHints":{"allow":["GET"]}}],"collection":[{"href":"https:\/\/wp.ufpel.edu.br\/ppgdtsa\/wp-json\/wp\/v2\/pages"}],"about":[{"href":"https:\/\/wp.ufpel.edu.br\/ppgdtsa\/wp-json\/wp\/v2\/types\/page"}],"author":[{"embeddable":true,"href":"https:\/\/wp.ufpel.edu.br\/ppgdtsa\/wp-json\/wp\/v2\/users\/348"}],"replies":[{"embeddable":true,"href":"https:\/\/wp.ufpel.edu.br\/ppgdtsa\/wp-json\/wp\/v2\/comments?post=2145"}],"version-history":[{"count":4,"href":"https:\/\/wp.ufpel.edu.br\/ppgdtsa\/wp-json\/wp\/v2\/pages\/2145\/revisions"}],"predecessor-version":[{"id":2151,"href":"https:\/\/wp.ufpel.edu.br\/ppgdtsa\/wp-json\/wp\/v2\/pages\/2145\/revisions\/2151"}],"wp:attachment":[{"href":"https:\/\/wp.ufpel.edu.br\/ppgdtsa\/wp-json\/wp\/v2\/media?parent=2145"}],"curies":[{"name":"wp","href":"https:\/\/api.w.org\/{rel}","templated":true}]}}

Dirección

<p><em>Venga en nuestra oficina y tome un café con nosotros. Sacaremos todas sus dudas sobre el PPGDTSA.</em></p>
<p><strong>Oficina</strong></p>
<p>André Cruz &#8211; Secretario</p>
<p>Eduardo Robaert &#8211; Pasante</p>
<p><em>Facultad Administración y Turismo (haga clic <a href="https://www.google.com.br/maps/place/Universidade+Federal+de+Pelotas/@-31.7805013,-52.3256765,16.71z/data=!4m5!3m4!1s0x0:0xedf2316371213d3a!8m2!3d-31.7810978!4d-52.3234767">aqui </a>para vernos en Google Maps)<br />
</em></p>
<p>Campus Porto</p>
<p>Calle Gomes Carneiro, 1 – Sala 420</p>
<p>Centro – Pelotas/RS</p>
<p>CEP 96010-610 (Código Postal)</p>
<p><strong>Coordinación </strong></p>
<p>Prof. Mário Conill Gomes &#8211; Coordinador</p>
<p><em>Facultad de Agronomía Eliseu Maciel (haga clic <a href="https://www.google.com.br/maps/place/Faculdade+de+Agronomia+Eliseu+Maciel/@-31.8022726,-52.4170697,17z/data=!3m1!4b1!4m5!3m4!1s0x9511cbc7e365af97:0x7029a662e5355e41!8m2!3d-31.8022726!4d-52.414881">aqui</a> para vernos en Google Maps)<br />
</em></p>
<p>Departamiento de Ciências Sociales Agrarias &#8211; Sala 718</p>
<p>Campus Capão do Leão</p>
<p>Buzón 354</p>
<p>CEP 96010-900 (Código Postal)</p>

<p>Venga en nuestra oficina y tome un café con nosotros. Sacaremos todas sus dudas sobre el PPGDTSA. Oficina André Cruz &#8211; Secretario Eduardo Robaert &#8211; Pasante Facultad Administración y Turismo (haga clic aqui para vernos en Google Maps) Campus Porto Calle Gomes Carneiro, 1 – Sala 420 Centro – Pelotas/RS CEP 96010-610 (Código Postal) Coordinación  [&hellip;]</p>
