{"id":1719,"date":"2017-04-21T11:09:52","date_gmt":"2017-04-21T14:09:52","guid":{"rendered":"https:\/\/wp.ufpel.edu.br\/ppgdtsa\/?page_id=1719"},"modified":"2026-01-23T10:17:44","modified_gmt":"2026-01-23T13:17:44","slug":"o-colegiado","status":"publish","type":"page","link":"https:\/\/wp.ufpel.edu.br\/ppgdtsa\/o-colegiado\/","title":{"rendered":"Colegiado"},"content":{"rendered":"<p style=\"text-align: center;\"><strong>Membros do Colegiado do PPGDTSA<\/strong><\/p>\n<p><strong>Mandato 2025-atual &#8211; <\/strong>\u00a0Portaria Interna <a href=\"https:\/\/sei.ufpel.edu.br\/sei\/controlador.php?acao=procedimento_trabalhar&amp;acao_origem=protocolo_pesquisa_rapida&amp;id_protocolo=3891421&amp;infra_sistema=100000100&amp;infra_unidade_atual=110000462&amp;infra_hash=fa8df67e2cfb543738682ec8b2a3d106ab3b9c108f8679730668bf26177c1d66\">238\/2025<\/a>.<\/p>\n<p>M\u00e1rio Duarte Canever &#8211; Coordenador<\/p>\n<p>M\u00e1rio Conil Gomes &#8211; Titular<br \/>\nAline Soares Pereira &#8211; Suplente<\/p>\n<p>Marcelo Fernandes Pacheco Dias &#8211; Titular<br \/>\nJuliano Luiz Foss\u00e1 &#8211; Suplente<\/p>\n<p>Cl\u00e1udio Becker &#8211; Titular<br \/>\nGabrielito Rauter Menezes &#8211; Suplente<\/p>\n<p>Marielen Priscila Kaufmann &#8211; Titular<br \/>\nRog\u00e9rio Costa Campos &#8211; Suplente<\/p>\n<p>Alain Hernandez Santoyo &#8211; Titular<br \/>\nN\u00e1dia Campos Pereira Bruhn &#8211; Suplente<\/p>\n<p>Claudeir Pereira Ferreira (TAE) &#8211; Titular<br \/>\nLadislau Seus Silveira (TAE) &#8211; Suplente<\/p>\n<p>Diego Fernandes Figueiredo (representante discente) &#8211; Titular<br \/>\nDaniele Morales Mallue (representante discente) &#8211; Suplente<\/p>\n<p>&nbsp;<\/p>\n<p><strong>Mandato 2023-2025 <\/strong>&#8211; alterado pela <a href=\"https:\/\/drive.google.com\/file\/d\/15LLTO2PllktaQOSERokI6CoRt6Bjn-oH\/view?usp=sharing\" target=\"_blank\" rel=\"noopener\">Portaria Interna 02\/2025<\/a>.<\/p>\n<p><strong>Representa\u00e7\u00e3o Docente<\/strong><\/p>\n<p>Titular: Prof. Marcelo Fernandes Pacheco Dias (Coordenador)<br \/>\nTitular: Prof. Mario Duarte Canever (Coordenador Adjunto)<\/p>\n<p>Titular: Prof. Claudio Becker<br \/>\nSuplente: Prof. Clenio Nailto Pillon<\/p>\n<p>Titular: Prof. Felipe Fehlberg Herrmann<br \/>\nSuplente: Prof. N\u00e1dia Campos Pereira Bruhn<\/p>\n<p>Titular: Prof. L\u00facio Andr\u00e9 de Oliveira Fernandes<br \/>\nSuplente: Prof. Gabrielito Rauter Menezes<\/p>\n<p>Titular: Prof. M\u00e1rio Conill Gomes<br \/>\nSuplente: Prof. Aline Soares Pereira<\/p>\n<p>Titular: Prof. Augusto Hauber Gameiro<br \/>\nSuplente: Prof. Rog\u00e9rio Costa Campos<\/p>\n<p><strong>Representa\u00e7\u00e3o Discente<\/strong><br \/>\nTitular: Acad. Luana Vahl Cousen<br \/>\nSuplente: Acad.\u00a0Lucas\u00a0F.\u00a0Muller<\/p>\n<p>&nbsp;<\/p>\n<p><span style=\"font-size: 12pt;\"><strong>Mandato 2021-2022<\/strong><\/span><\/p>\n<p><strong>Representa\u00e7\u00e3o Docente<\/strong><\/p>\n<p>Titular: Prof. Mario Duarte Canever (Coordenador)<br \/>\nSuplente: a definir<\/p>\n<p>Titular: Prof. Marcelo Fernandes Pacheco Dias (Coordenador Adjunto)<br \/>\nSuplente: a definir<\/p>\n<p>Titular: Prof. Mario Conill Gomes<br \/>\nSuplente: Prof. Gabrielito Rauter Menezes<\/p>\n<p>Titular: Prof. L\u00facio Andr\u00e9 de Oliveira Fernandes<br \/>\nSuplente: a definir<\/p>\n<p>Titular: Prof\u00aa Luciara Bilhalva Corr\u00eaa<br \/>\nSuplente: Prof. D\u00e9cio Souza Cotrim<\/p>\n<p>Titular: Prof. Rog\u00e9rio Costa Campos<br \/>\nSuplente: a definir<\/p>\n<p class=\"Texto_Centralizado\"><strong>Representa\u00e7\u00e3o Discente<\/strong><\/p>\n<p>Titular:\u00a0Acad.\u00a0Laura Gon\u00e7alves Osorio<br \/>\nSuplente:\u00a0Acad. M\u00e1rcia Schuch Borges<\/p>\n<p>&nbsp;<\/p>\n<p><span style=\"font-size: 12pt;\"><strong>Mandato 2019-2020<\/strong><\/span><\/p>\n<p><strong>Representa\u00e7\u00e3o Docente<\/strong><\/p>\n<p>Titular: Prof. Alisson Eduardo Maehler (Coordenador)<br \/>\nSuplente: Prof. Mario Duarte Canever (Coordenador Adjunto)<\/p>\n<p>Titular: Prof. Gabrielito Rauter Menezes<br \/>\nSuplente: Prof. M\u00e1rio Conill Gomes<\/p>\n<p>Titular: Prof. Robson Andreazza<br \/>\nSuplente: Prof. L\u00facio Andr\u00e9 de Oliveira Fernandes<\/p>\n<p>Titular: Prof\u00aa Luciara Bilhalva Corr\u00eaa<br \/>\nSuplente: Prof. D\u00e9cio Souza Cotrim<\/p>\n<p>Titular: Prof. Marcelo Fernandes Pacheco Dias<br \/>\nSuplente: Prof. Marcio Silva Rodrigues<\/p>\n<p>Titular: Prof. Rog\u00e9rio Costa Campos<br \/>\nSuplente: Prof. Elvis Silveira Martins<\/p>\n<p><strong>Representa\u00e7\u00e3o Discente<\/strong><\/p>\n<p>Titular: Acad. Laura Gon\u00e7alves Osorio<br \/>\nSuplente: Acad. M\u00e1rcia Schuch Borges<\/p>\n","protected":false},"excerpt":{"rendered":"<p>Membros do Colegiado do PPGDTSA Mandato 2025-atual &#8211; \u00a0Portaria Interna 238\/2025. M\u00e1rio Duarte Canever &#8211; Coordenador M\u00e1rio Conil Gomes &#8211; Titular Aline Soares Pereira &#8211; Suplente Marcelo Fernandes Pacheco Dias &#8211; Titular Juliano Luiz Foss\u00e1 &#8211; Suplente Cl\u00e1udio Becker &#8211; Titular Gabrielito Rauter Menezes &#8211; Suplente Marielen Priscila Kaufmann &#8211; Titular Rog\u00e9rio Costa Campos &#8211; [&hellip;]<\/p>\n","protected":false},"author":348,"featured_media":0,"parent":0,"menu_order":0,"comment_status":"closed","ping_status":"closed","template":"","meta":{"footnotes":""},"class_list":["post-1719","page","type-page","status-publish","hentry"],"jetpack_sharing_enabled":true,"_links":{"self":[{"href":"https:\/\/wp.ufpel.edu.br\/ppgdtsa\/wp-json\/wp\/v2\/pages\/1719","targetHints":{"allow":["GET"]}}],"collection":[{"href":"https:\/\/wp.ufpel.edu.br\/ppgdtsa\/wp-json\/wp\/v2\/pages"}],"about":[{"href":"https:\/\/wp.ufpel.edu.br\/ppgdtsa\/wp-json\/wp\/v2\/types\/page"}],"author":[{"embeddable":true,"href":"https:\/\/wp.ufpel.edu.br\/ppgdtsa\/wp-json\/wp\/v2\/users\/348"}],"replies":[{"embeddable":true,"href":"https:\/\/wp.ufpel.edu.br\/ppgdtsa\/wp-json\/wp\/v2\/comments?post=1719"}],"version-history":[{"count":4,"href":"https:\/\/wp.ufpel.edu.br\/ppgdtsa\/wp-json\/wp\/v2\/pages\/1719\/revisions"}],"predecessor-version":[{"id":6122,"href":"https:\/\/wp.ufpel.edu.br\/ppgdtsa\/wp-json\/wp\/v2\/pages\/1719\/revisions\/6122"}],"wp:attachment":[{"href":"https:\/\/wp.ufpel.edu.br\/ppgdtsa\/wp-json\/wp\/v2\/media?parent=1719"}],"curies":[{"name":"wp","href":"https:\/\/api.w.org\/{rel}","templated":true}]}}