{"id":1565,"date":"2017-03-19T20:45:26","date_gmt":"2017-03-19T23:45:26","guid":{"rendered":"https:\/\/wp.ufpel.edu.br\/ppgdtsa\/?page_id=1565"},"modified":"2020-03-30T22:37:01","modified_gmt":"2020-03-31T01:37:01","slug":"disciplinascreditos","status":"publish","type":"page","link":"https:\/\/wp.ufpel.edu.br\/ppgdtsa\/disciplinascreditos\/","title":{"rendered":"Disciplinas\/Cr\u00e9ditos"},"content":{"rendered":"<p><strong>Que tipo de disciplinas h\u00e1 no PPGDTSA?<\/strong><\/p>\n<p>Existem 2 tipos de disciplina:<\/p>\n<p>&#8211; <u>As formativas<\/u>: s\u00e3o obrigat\u00f3rias e compreendem as disciplinas b\u00e1sicas da \u00e1rea de concentra\u00e7\u00e3o do programa, bem como disciplinas associadas \u00e0 investiga\u00e7\u00e3o cient\u00edfica e metodol\u00f3gica;<\/p>\n<p>&#8211; <u>As eletivas<\/u>: que s\u00e3o aquelas cujos conte\u00fados se identificam especificamente com as linhas de pesquisa do Programa e com a natureza dos projetos de pesquisa dos discentes;<\/p>\n<p>&#8211; <u>Est\u00e1gio docente<\/u>: est\u00e1gio supervisionado de doc\u00eancia, visando a prepara\u00e7\u00e3o dos Discentes para a doc\u00eancia<\/p>\n<p><strong>Quantos cr\u00e9ditos tenho que fazer?<\/strong><\/p>\n<p>O discente dever\u00e1 integralizar um total de 24 cr\u00e9ditos. 18 cr\u00e9ditos em disciplinas formativas (obrigat\u00f3rias) e 6 cr\u00e9ditos em disciplinas eletivas.<\/p>\n<p><strong>Todas as disciplinas tem o mesmo n\u00famero de cr\u00e9ditos?<\/strong><\/p>\n<p>N\u00e3o. H\u00e1 disciplinas de 1, 2, 3 ou 4 cr\u00e9ditos.<\/p>\n","protected":false},"excerpt":{"rendered":"<p>Que tipo de disciplinas h\u00e1 no PPGDTSA? Existem 2 tipos de disciplina: &#8211; As formativas: s\u00e3o obrigat\u00f3rias e compreendem as disciplinas b\u00e1sicas da \u00e1rea de concentra\u00e7\u00e3o do programa, bem como disciplinas associadas \u00e0 investiga\u00e7\u00e3o cient\u00edfica e metodol\u00f3gica; &#8211; As eletivas: que s\u00e3o aquelas cujos conte\u00fados se identificam especificamente com as linhas de pesquisa do Programa [&hellip;]<\/p>\n","protected":false},"author":348,"featured_media":0,"parent":0,"menu_order":0,"comment_status":"closed","ping_status":"closed","template":"","meta":{"footnotes":""},"class_list":["post-1565","page","type-page","status-publish","hentry"],"jetpack_sharing_enabled":true,"_links":{"self":[{"href":"https:\/\/wp.ufpel.edu.br\/ppgdtsa\/wp-json\/wp\/v2\/pages\/1565","targetHints":{"allow":["GET"]}}],"collection":[{"href":"https:\/\/wp.ufpel.edu.br\/ppgdtsa\/wp-json\/wp\/v2\/pages"}],"about":[{"href":"https:\/\/wp.ufpel.edu.br\/ppgdtsa\/wp-json\/wp\/v2\/types\/page"}],"author":[{"embeddable":true,"href":"https:\/\/wp.ufpel.edu.br\/ppgdtsa\/wp-json\/wp\/v2\/users\/348"}],"replies":[{"embeddable":true,"href":"https:\/\/wp.ufpel.edu.br\/ppgdtsa\/wp-json\/wp\/v2\/comments?post=1565"}],"version-history":[{"count":2,"href":"https:\/\/wp.ufpel.edu.br\/ppgdtsa\/wp-json\/wp\/v2\/pages\/1565\/revisions"}],"predecessor-version":[{"id":3665,"href":"https:\/\/wp.ufpel.edu.br\/ppgdtsa\/wp-json\/wp\/v2\/pages\/1565\/revisions\/3665"}],"wp:attachment":[{"href":"https:\/\/wp.ufpel.edu.br\/ppgdtsa\/wp-json\/wp\/v2\/media?parent=1565"}],"curies":[{"name":"wp","href":"https:\/\/api.w.org\/{rel}","templated":true}]}}