{"id":1539,"date":"2017-03-19T20:25:31","date_gmt":"2017-03-19T23:25:31","guid":{"rendered":"https:\/\/wp.ufpel.edu.br\/ppgdtsa\/?page_id=1539"},"modified":"2024-04-02T20:36:12","modified_gmt":"2024-04-02T23:36:12","slug":"prazos","status":"publish","type":"page","link":"https:\/\/wp.ufpel.edu.br\/ppgdtsa\/prazos\/","title":{"rendered":"Prazos"},"content":{"rendered":"<p><strong>H\u00e1 um prazo m\u00ednimo para permanecer no curso?<\/strong><\/p>\n<p>Sim. O prazo m\u00ednimo \u00e9 de 12 meses.<\/p>\n<p><strong>Quando devo qualificar o meu projeto de disserta\u00e7\u00e3o?<\/strong><\/p>\n<p>Os projetos de disserta\u00e7\u00e3o dever\u00e3o ser qualificados em at\u00e9 15 meses a contar do ingresso no Programa, com possibilidade de prorroga\u00e7\u00e3o m\u00e1xima at\u00e9 18 meses.<\/p>\n<p><strong>Que prazo terei para defender minha disserta\u00e7\u00e3o?<\/strong><\/p>\n<p>O prazo regulamentar \u00e9 de 24 meses.<\/p>\n<p><strong>Posso solicitar prorroga\u00e7\u00e3o de prazo para defesa de disserta\u00e7\u00e3o? Em que casos?<\/strong><\/p>\n<p>Sim. A prorroga\u00e7\u00e3o est\u00e1 condicionada a circunst\u00e2ncias excepcionais, como em casos de doen\u00e7a grave e longa, por exemplo. Em geral n\u00e3o se considera como circunst\u00e2ncia excepcional a troca de orienta\u00e7\u00e3o em meio ao curso, compromissos de trabalho assumidos pelo discente, dificuldade de concilia\u00e7\u00e3o de trabalho e estudo, etc.<\/p>\n<p>Qual \u00e9 o prazo m\u00e1ximo de prorroga\u00e7\u00e3o?<\/p>\n<p>O colegiado pode conceder at\u00e9 6 meses de prazo, dependendo da justificativa e da circunst\u00e2ncia.<\/p>\n","protected":false},"excerpt":{"rendered":"<p>H\u00e1 um prazo m\u00ednimo para permanecer no curso? Sim. O prazo m\u00ednimo \u00e9 de 12 meses. Quando devo qualificar o meu projeto de disserta\u00e7\u00e3o? Os projetos de disserta\u00e7\u00e3o dever\u00e3o ser qualificados em at\u00e9 15 meses a contar do ingresso no Programa, com possibilidade de prorroga\u00e7\u00e3o m\u00e1xima at\u00e9 18 meses. Que prazo terei para defender minha [&hellip;]<\/p>\n","protected":false},"author":348,"featured_media":0,"parent":0,"menu_order":0,"comment_status":"closed","ping_status":"closed","template":"","meta":{"footnotes":""},"class_list":["post-1539","page","type-page","status-publish","hentry"],"jetpack_sharing_enabled":true,"_links":{"self":[{"href":"https:\/\/wp.ufpel.edu.br\/ppgdtsa\/wp-json\/wp\/v2\/pages\/1539","targetHints":{"allow":["GET"]}}],"collection":[{"href":"https:\/\/wp.ufpel.edu.br\/ppgdtsa\/wp-json\/wp\/v2\/pages"}],"about":[{"href":"https:\/\/wp.ufpel.edu.br\/ppgdtsa\/wp-json\/wp\/v2\/types\/page"}],"author":[{"embeddable":true,"href":"https:\/\/wp.ufpel.edu.br\/ppgdtsa\/wp-json\/wp\/v2\/users\/348"}],"replies":[{"embeddable":true,"href":"https:\/\/wp.ufpel.edu.br\/ppgdtsa\/wp-json\/wp\/v2\/comments?post=1539"}],"version-history":[{"count":6,"href":"https:\/\/wp.ufpel.edu.br\/ppgdtsa\/wp-json\/wp\/v2\/pages\/1539\/revisions"}],"predecessor-version":[{"id":5267,"href":"https:\/\/wp.ufpel.edu.br\/ppgdtsa\/wp-json\/wp\/v2\/pages\/1539\/revisions\/5267"}],"wp:attachment":[{"href":"https:\/\/wp.ufpel.edu.br\/ppgdtsa\/wp-json\/wp\/v2\/media?parent=1539"}],"curies":[{"name":"wp","href":"https:\/\/api.w.org\/{rel}","templated":true}]}}

<p><strong>Há um prazo mínimo para permanecer no curso?</strong></p>
<p>Sim. O prazo mínimo é de 12 meses.</p>
<p><strong>Quando devo qualificar o meu projeto de dissertação?</strong></p>
<p>Os projetos de dissertação deverão ser qualificados em até 15 meses a contar do ingresso no Programa, com possibilidade de prorrogação máxima até 18 meses.</p>
<p><strong>Que prazo terei para defender minha dissertação?</strong></p>
<p>O prazo regulamentar é de 24 meses.</p>
<p><strong>Posso solicitar prorrogação de prazo para defesa de dissertação? Em que casos?</strong></p>
<p>Sim. A prorrogação está condicionada a circunstâncias excepcionais, como em casos de doença grave e longa, por exemplo. Em geral não se considera como circunstância excepcional a troca de orientação em meio ao curso, compromissos de trabalho assumidos pelo discente, dificuldade de conciliação de trabalho e estudo, etc.</p>
<p>Qual é o prazo máximo de prorrogação?</p>
<p>O colegiado pode conceder até 6 meses de prazo, dependendo da justificativa e da circunstância.</p>

<p>Há um prazo mínimo para permanecer no curso? Sim. O prazo mínimo é de 12 meses. Quando devo qualificar o meu projeto de dissertação? Os projetos de dissertação deverão ser qualificados em até 15 meses a contar do ingresso no Programa, com possibilidade de prorrogação máxima até 18 meses. Que prazo terei para defender minha [&hellip;]</p>
