{"id":1450,"date":"2017-03-18T09:03:13","date_gmt":"2017-03-18T12:03:13","guid":{"rendered":"https:\/\/wp.ufpel.edu.br\/ppgdtsa\/?page_id=1450"},"modified":"2017-03-19T19:15:19","modified_gmt":"2017-03-19T22:15:19","slug":"contato","status":"publish","type":"page","link":"https:\/\/wp.ufpel.edu.br\/ppgdtsa\/contato\/","title":{"rendered":"CONTATO"},"content":{"rendered":"<p><strong>Voc\u00ea pode entrar em contato conosco:<\/strong><\/p>\n<ul>\n<li>Atrav\u00e9s do <em><a href=\"https:\/\/wp.ufpel.edu.br\/ppgdtsa\/contato\/entre-em-contato\/\">formul\u00e1rio de contato<\/a>;<\/em><\/li>\n<li>Por <a href=\"https:\/\/wp.ufpel.edu.br\/ppgdtsa\/email\/\">correio eletr\u00f4nico<\/a>;<\/li>\n<li>Por <a href=\"https:\/\/wp.ufpel.edu.br\/ppgdtsa\/telefones\/\">telefone<\/a><\/li>\n<li>Ou aparecer nos nossos <a href=\"https:\/\/wp.ufpel.edu.br\/ppgdtsa\/endereco\/\">endere\u00e7os <\/a>para tomar um cafezinho conosco.<\/li>\n<\/ul>\n<p>&nbsp;<\/p>\n<p>&nbsp;<\/p>\n","protected":false},"excerpt":{"rendered":"<p>Voc\u00ea pode entrar em contato conosco: Atrav\u00e9s do formul\u00e1rio de contato; Por correio eletr\u00f4nico; Por telefone Ou aparecer nos nossos endere\u00e7os para tomar um cafezinho conosco. &nbsp; &nbsp;<\/p>\n","protected":false},"author":348,"featured_media":0,"parent":0,"menu_order":0,"comment_status":"closed","ping_status":"closed","template":"","meta":{"footnotes":""},"class_list":["post-1450","page","type-page","status-publish","hentry"],"jetpack_sharing_enabled":true,"_links":{"self":[{"href":"https:\/\/wp.ufpel.edu.br\/ppgdtsa\/wp-json\/wp\/v2\/pages\/1450","targetHints":{"allow":["GET"]}}],"collection":[{"href":"https:\/\/wp.ufpel.edu.br\/ppgdtsa\/wp-json\/wp\/v2\/pages"}],"about":[{"href":"https:\/\/wp.ufpel.edu.br\/ppgdtsa\/wp-json\/wp\/v2\/types\/page"}],"author":[{"embeddable":true,"href":"https:\/\/wp.ufpel.edu.br\/ppgdtsa\/wp-json\/wp\/v2\/users\/348"}],"replies":[{"embeddable":true,"href":"https:\/\/wp.ufpel.edu.br\/ppgdtsa\/wp-json\/wp\/v2\/comments?post=1450"}],"version-history":[{"count":6,"href":"https:\/\/wp.ufpel.edu.br\/ppgdtsa\/wp-json\/wp\/v2\/pages\/1450\/revisions"}],"predecessor-version":[{"id":1519,"href":"https:\/\/wp.ufpel.edu.br\/ppgdtsa\/wp-json\/wp\/v2\/pages\/1450\/revisions\/1519"}],"wp:attachment":[{"href":"https:\/\/wp.ufpel.edu.br\/ppgdtsa\/wp-json\/wp\/v2\/media?parent=1450"}],"curies":[{"name":"wp","href":"https:\/\/api.w.org\/{rel}","templated":true}]}}