{"id":13,"date":"2014-01-24T18:50:46","date_gmt":"2014-01-24T20:50:46","guid":{"rendered":"https:\/\/wp.ufpel.edu.br\/ppgdtsa\/?page_id=13"},"modified":"2016-12-05T17:49:47","modified_gmt":"2016-12-05T19:49:47","slug":"linhas-de-pesquisa","status":"publish","type":"page","link":"https:\/\/wp.ufpel.edu.br\/ppgdtsa\/teste-de-proficiencia\/area-de-concentracao\/linhas-de-pesquisa\/","title":{"rendered":"Linhas de Pesquisa"},"content":{"rendered":"<p><strong><em>Desenvolvimento Territorial e Ruralidade<\/em><\/strong><\/p>\n<p>Descri\u00e7\u00e3o: Compreende os estudos multi-interdisciplinares sobre a atua\u00e7\u00e3o do Estado, em suas distintas escalas (Uni\u00e3o, Estado e munic\u00edpios), assim como dos agentes privados (Produtores, cooperativas, empresas etc.) e ONGs como inst\u00e2ncia de regula\u00e7\u00e3o, ordenamento, gest\u00e3o, planejamento e estrutura\u00e7\u00e3o dos processos sociais e produtivos de abrang\u00eancia rural, face os imperativos da sustentabilidade em suas m\u00faltiplas dimens\u00f5es (\u00e9tica, cultural e simb\u00f3lica, econ\u00f4mica, social).<\/p>\n<p><em><strong>Agrega\u00e7\u00e3o de Valor em Sistemas Agroindustriais<\/strong><\/em><\/p>\n<p>Descri\u00e7\u00e3o: Esta linha de pesquisa est\u00e1 voltada para a pesquisa multi-interdisciplinar sobre o ambiente externo, quanto do ambiente interno relacionado aos diferentes processos, recursos e produtos capazes de contribuir para agrega\u00e7\u00e3o de valor sustent\u00e1vel aos v\u00e1rios tipos de organiza\u00e7\u00f5es e ao sistema agroindustrial como um todo.<\/p>\n","protected":false},"excerpt":{"rendered":"<p>Desenvolvimento Territorial e Ruralidade Descri\u00e7\u00e3o: Compreende os estudos multi-interdisciplinares sobre a atua\u00e7\u00e3o do Estado, em suas distintas escalas (Uni\u00e3o, Estado e munic\u00edpios), assim como dos agentes privados (Produtores, cooperativas, empresas etc.) e ONGs como inst\u00e2ncia de regula\u00e7\u00e3o, ordenamento, gest\u00e3o, planejamento e estrutura\u00e7\u00e3o dos processos sociais e produtivos de abrang\u00eancia rural, face os imperativos da sustentabilidade [&hellip;]<\/p>\n","protected":false},"author":348,"featured_media":0,"parent":11,"menu_order":1,"comment_status":"closed","ping_status":"closed","template":"onecolumn-page.php","meta":{"footnotes":""},"class_list":["post-13","page","type-page","status-publish","hentry"],"jetpack_sharing_enabled":true,"_links":{"self":[{"href":"https:\/\/wp.ufpel.edu.br\/ppgdtsa\/wp-json\/wp\/v2\/pages\/13","targetHints":{"allow":["GET"]}}],"collection":[{"href":"https:\/\/wp.ufpel.edu.br\/ppgdtsa\/wp-json\/wp\/v2\/pages"}],"about":[{"href":"https:\/\/wp.ufpel.edu.br\/ppgdtsa\/wp-json\/wp\/v2\/types\/page"}],"author":[{"embeddable":true,"href":"https:\/\/wp.ufpel.edu.br\/ppgdtsa\/wp-json\/wp\/v2\/users\/348"}],"replies":[{"embeddable":true,"href":"https:\/\/wp.ufpel.edu.br\/ppgdtsa\/wp-json\/wp\/v2\/comments?post=13"}],"version-history":[{"count":4,"href":"https:\/\/wp.ufpel.edu.br\/ppgdtsa\/wp-json\/wp\/v2\/pages\/13\/revisions"}],"predecessor-version":[{"id":1298,"href":"https:\/\/wp.ufpel.edu.br\/ppgdtsa\/wp-json\/wp\/v2\/pages\/13\/revisions\/1298"}],"up":[{"embeddable":true,"href":"https:\/\/wp.ufpel.edu.br\/ppgdtsa\/wp-json\/wp\/v2\/pages\/11"}],"wp:attachment":[{"href":"https:\/\/wp.ufpel.edu.br\/ppgdtsa\/wp-json\/wp\/v2\/media?parent=13"}],"curies":[{"name":"wp","href":"https:\/\/api.w.org\/{rel}","templated":true}]}}

<p><strong><em>Desenvolvimento Territorial e Ruralidade</em></strong></p>
<p>Descrição: Compreende os estudos multi-interdisciplinares sobre a atuação do Estado, em suas distintas escalas (União, Estado e municípios), assim como dos agentes privados (Produtores, cooperativas, empresas etc.) e ONGs como instância de regulação, ordenamento, gestão, planejamento e estruturação dos processos sociais e produtivos de abrangência rural, face os imperativos da sustentabilidade em suas múltiplas dimensões (ética, cultural e simbólica, econômica, social).</p>
<p><em><strong>Agregação de Valor em Sistemas Agroindustriais</strong></em></p>
<p>Descrição: Esta linha de pesquisa está voltada para a pesquisa multi-interdisciplinar sobre o ambiente externo, quanto do ambiente interno relacionado aos diferentes processos, recursos e produtos capazes de contribuir para agregação de valor sustentável aos vários tipos de organizações e ao sistema agroindustrial como um todo.</p>

<p>Desenvolvimento Territorial e Ruralidade Descrição: Compreende os estudos multi-interdisciplinares sobre a atuação do Estado, em suas distintas escalas (União, Estado e municípios), assim como dos agentes privados (Produtores, cooperativas, empresas etc.) e ONGs como instância de regulação, ordenamento, gestão, planejamento e estruturação dos processos sociais e produtivos de abrangência rural, face os imperativos da sustentabilidade [&hellip;]</p>
