{"id":1211,"date":"2016-10-10T14:32:34","date_gmt":"2016-10-10T17:32:34","guid":{"rendered":"https:\/\/wp.ufpel.edu.br\/ppgdtsa\/?page_id=1211"},"modified":"2016-10-31T14:21:49","modified_gmt":"2016-10-31T16:21:49","slug":"educacao-basica","status":"publish","type":"page","link":"https:\/\/wp.ufpel.edu.br\/ppgdtsa\/educacao-basica\/","title":{"rendered":"Educa\u00e7\u00e3o B\u00e1sica"},"content":{"rendered":"<h1>Evento discute alternativas para res\u00edduos de pesca<\/h1>\n<h2 class=\"minilide\">Gerente de Pesca Artesanal da SDR e pescadores da Col\u00f4nia Z3 participaram da apresenta\u00e7\u00e3o promovida pela UFPel<\/h2>\n<div><\/div>\n<div id=\"compartilhe\"><\/div>\n<div id=\"slideshow-completo\">\n<div id=\"slideshow-completo-fotos\">\n<div id=\"pages\">\n<div class=\"scrollable\">\n<div class=\"item\">\n<p><a title=\"\" href=\"http:\/\/www.pelotas.com.br\/noticia\/imagem_noticia\/a8d3b5dcf08d5dad1d17aea5b216b832.jpg\" rel=\"prettyPhoto[pp_gal]\"><img class=\"imagem_grande\" title=\"\" src=\"http:\/\/www.pelotas.com.br\/noticia\/imagem_noticia\/a8d3b5dcf08d5dad1d17aea5b216b832.jpg\" alt=\"Foto: \" width=\"509\" height=\"382\" \/><\/a><\/p>\n<div><\/div>\n<div class=\"item-legenda\"><\/div>\n<\/div>\n<\/div>\n<\/div>\n<\/div>\n<div class=\"corpo-texto\">\n<div id=\"acessibilidade\">\n<p>\u00a0\u00a0\u00a0\u00a0\u00a0\u00a0 Na quinta-feira (27\/10\/16), o gerente de Pesca Artesanal da Secretaria de Desenvolvimento Rural (SDR), Cleiton Molina, e pescadores da Col\u00f4nia Z3 participaram de um evento cujo objetivo foi apresentar alternativas de transforma\u00e7\u00e3o de res\u00edduos de pescado em produtos. A organiza\u00e7\u00e3o foi feita pelo programa de p\u00f3s-gradua\u00e7\u00e3o em Desenvolvimento Territorial e Sistemas Agroindustriais da Universidade Federal de Pelotas (UFPel) e o evento foi realizado no Centro de Engenharias da institui\u00e7\u00e3o.<\/p>\n<p>A proposta apresentada na ocasi\u00e3o tem como objetivo avaliar as melhores tecnologias e seu custo para transformar os res\u00edduos em produtos como farinha de peixe, compostagem, silagem (alimento para animais) e quitina.<\/p>\n<p>O evento foi realizado pelos grupos de trabalhos de dois projetos de extens\u00e3o da UFPel: \u201cInser\u00e7\u00e3o Social e Educa\u00e7\u00e3o Ambiental na Col\u00f4nia Z3\u201d e \u201cTransfer\u00eancia de Tecnologia: transforma\u00e7\u00e3o de res\u00edduos de pescado da Col\u00f4nia de Pescadores Z3 em outros produtos\u201d, ambos coordenados pelo professor Robson Andreazza.<\/p>\n<\/div>\n<\/div>\n<\/div>\n<p>&nbsp;<\/p>\n<p>&nbsp;<\/p>\n<p><strong>Vista a Col\u00f4nia de Pescadores Z3. Projetos de Extens\u00e3o<\/strong><\/p>\n<p style=\"text-align: justify\">Na tarde da \u00fal<img class=\"size-thumbnail wp-image-1210 alignright\" src=\"https:\/\/wp.ufpel.edu.br\/ppgdtsa\/files\/2016\/10\/Educacao-basica-1-212x159.jpg\" alt=\"educacao-basica-1\" width=\"212\" height=\"159\" srcset=\"https:\/\/wp.ufpel.edu.br\/ppgdtsa\/files\/2016\/10\/Educacao-basica-1-212x159.jpg 212w, https:\/\/wp.ufpel.edu.br\/ppgdtsa\/files\/2016\/10\/Educacao-basica-1-424x318.jpg 424w, https:\/\/wp.ufpel.edu.br\/ppgdtsa\/files\/2016\/10\/Educacao-basica-1-768x576.jpg 768w\" sizes=\"(max-width: 212px) 100vw, 212px\" \/>tima segunda-feira, dia 12\/09\/2016, ocorreu na comunidade de Pescadores Z-3 o primeiro encontro oficial dos Projetos de Extens\u00e3o <em>\u201cInser\u00e7\u00e3o Social e Educa\u00e7\u00e3o Ambiental na Col\u00f4nia Z-3\u201d<\/em> e <em>\u201cTransfer\u00eancia de Tecnologia: Transforma\u00e7\u00e3o de<br \/>\nres\u00edduos de pescado da Col\u00f4nia de pescadores Z-3 em outros Produtos\u201d<\/em>, ambos coordenados pelo Prof. Dr. Robson Andreazza.<\/p>\n<p style=\"text-align: justify\">A\u00a0reuni\u00e3o contou com a presen\u00e7a do Presidente da associa\u00e7\u00e3o de pescadores da Z-3, Sr. Nilmar Concei\u00e7\u00e3o, junto com outras lideran\u00e7as da comunidade, dentre eles a diretora da escola, pescadores e familiares de pescadores. A equipe dos projetos de extens\u00e3o mencionados \u00e9 composta pelos acad\u00eamicos Fernanda \u00c1vila, Rachel Prates e Weslei da Silva ambos do curso de engenharia Ambiental e Sanit\u00e1ria, Jonas do Marco do curso de engenharia de Materiais, e Iliane Otto Mestranda do Programa de P\u00f3s-Gradua\u00e7\u00e3o em Desenvolvimento Territorial e Sistemas Agroindustriais, ambos da Universidade Federal de Pelotas<\/p>\n<p style=\"text-align: justify\">A Col\u00f4nia de Pescadores Z-3, fundada em 1923 e localizada as margens da Lagoa dos Patos em Pelotas e \u00e9\u00a0caracterizada pela pesca artesanal. Por\u00e9m, tamb\u00e9m apresenta problemas ambientais, econ\u00f4micos e sociais, como a diminui\u00e7\u00e3o da oferta de pescado, a baixa renda e o \u00eaxodo rural, conforme apontamentos mencionados pelos moradores da localidade em pesquisa realizada no ano de 2015 pelo Mestre Anderson Decker com orienta\u00e7\u00e3o do Prof. Dr. Robson Andreazza.<\/p>\n<p style=\"text-align: justify\">Tendo em vista as problem\u00e1ticas apontadas surge, inicialmente, o projeto da Mestranda Iliane Otto com o objetivo de estudar alternativas de transforma\u00e7\u00e3o do res\u00edduo do pescado em produto. Com o andamento dos estudos e resultados preliminares fez-se necess\u00e1ria a cria\u00e7\u00e3o dos projetos de extens\u00e3o j\u00e1 mencionados para que se possa junto com a comunidade verificar as melhores alternativas e buscar o desenvolvimento sustent\u00e1vel do local.<\/p>\n<p style=\"text-align: justify\">Na ocasi\u00e3o a equipe apresentou os objetivos dos projetos e os principais temas que ser\u00e3o abordados nos pr\u00f3ximos encontros. Dentre os principais objetivos dos projetos encontra-se o retorno das pesquisas que s\u00e3o desenvolvidas com a comunidade h\u00e1 alguns anos. Al\u00e9m de repassar aos participantes algumas das formas de transforma\u00e7\u00e3o do res\u00edduo do pescado em outros produtos, busca-se tamb\u00e9m sensibiliz\u00e1-los com rela\u00e7\u00e3o as quest\u00f5es ambientais e inseri-los na universidade, buscando uma maior aproxima\u00e7\u00e3o da comunidade com a universidade.<\/p>\n<p style=\"text-align: justify\">Os participantes mostraram-se interessados pelas a\u00e7\u00f5es que j\u00e1 foram desenvolvidas pelos acad\u00eamicos e contribu\u00edram com melhorias para os pr\u00f3ximos encontros que ocorrer\u00e3o at\u00e9 o fim deste ano. Os representantes das comunidades salientaram a import\u00e2ncia dos estudos na localidade e tamb\u00e9m a inclus\u00e3o da Educa\u00e7\u00e3o Ambiental nas Escolas, tema este que ser\u00e1 discutido nos pr\u00f3ximos encontros.<\/p>\n<p>&nbsp;<\/p>\n","protected":false},"excerpt":{"rendered":"<p>Evento discute alternativas para res\u00edduos de pesca Gerente de Pesca Artesanal da SDR e pescadores da Col\u00f4nia Z3 participaram da apresenta\u00e7\u00e3o promovida pela UFPel \u00a0\u00a0\u00a0\u00a0\u00a0\u00a0 Na quinta-feira (27\/10\/16), o gerente de Pesca Artesanal da Secretaria de Desenvolvimento Rural (SDR), Cleiton Molina, e pescadores da Col\u00f4nia Z3 participaram de um evento cujo objetivo foi apresentar alternativas [&hellip;]<\/p>\n","protected":false},"author":348,"featured_media":0,"parent":0,"menu_order":0,"comment_status":"closed","ping_status":"closed","template":"","meta":{"footnotes":""},"class_list":["post-1211","page","type-page","status-publish","hentry"],"jetpack_sharing_enabled":true,"_links":{"self":[{"href":"https:\/\/wp.ufpel.edu.br\/ppgdtsa\/wp-json\/wp\/v2\/pages\/1211","targetHints":{"allow":["GET"]}}],"collection":[{"href":"https:\/\/wp.ufpel.edu.br\/ppgdtsa\/wp-json\/wp\/v2\/pages"}],"about":[{"href":"https:\/\/wp.ufpel.edu.br\/ppgdtsa\/wp-json\/wp\/v2\/types\/page"}],"author":[{"embeddable":true,"href":"https:\/\/wp.ufpel.edu.br\/ppgdtsa\/wp-json\/wp\/v2\/users\/348"}],"replies":[{"embeddable":true,"href":"https:\/\/wp.ufpel.edu.br\/ppgdtsa\/wp-json\/wp\/v2\/comments?post=1211"}],"version-history":[{"count":4,"href":"https:\/\/wp.ufpel.edu.br\/ppgdtsa\/wp-json\/wp\/v2\/pages\/1211\/revisions"}],"predecessor-version":[{"id":1230,"href":"https:\/\/wp.ufpel.edu.br\/ppgdtsa\/wp-json\/wp\/v2\/pages\/1211\/revisions\/1230"}],"wp:attachment":[{"href":"https:\/\/wp.ufpel.edu.br\/ppgdtsa\/wp-json\/wp\/v2\/media?parent=1211"}],"curies":[{"name":"wp","href":"https:\/\/api.w.org\/{rel}","templated":true}]}}

Educação Básica

<h1>Evento discute alternativas para resíduos de pesca</h1>
<h2 class="minilide">Gerente de Pesca Artesanal da SDR e pescadores da Colônia Z3 participaram da apresentação promovida pela UFPel</h2>
<div></div>
<div id="compartilhe"></div>
<div id="slideshow-completo">
<div id="slideshow-completo-fotos">
<div id="pages">
<div class="scrollable">
<div class="item">
<p><a title="" href="http://www.pelotas.com.br/noticia/imagem_noticia/a8d3b5dcf08d5dad1d17aea5b216b832.jpg" rel="prettyPhoto[pp_gal]"><img class="imagem_grande" title="" src="http://www.pelotas.com.br/noticia/imagem_noticia/a8d3b5dcf08d5dad1d17aea5b216b832.jpg" alt="Foto: " width="509" height="382" /></a></p>
<div></div>
<div class="item-legenda"></div>
</div>
</div>
</div>
</div>
<div class="corpo-texto">
<div id="acessibilidade">
<p>       Na quinta-feira (27/10/16), o gerente de Pesca Artesanal da Secretaria de Desenvolvimento Rural (SDR), Cleiton Molina, e pescadores da Colônia Z3 participaram de um evento cujo objetivo foi apresentar alternativas de transformação de resíduos de pescado em produtos. A organização foi feita pelo programa de pós-graduação em Desenvolvimento Territorial e Sistemas Agroindustriais da Universidade Federal de Pelotas (UFPel) e o evento foi realizado no Centro de Engenharias da instituição.</p>
<p>A proposta apresentada na ocasião tem como objetivo avaliar as melhores tecnologias e seu custo para transformar os resíduos em produtos como farinha de peixe, compostagem, silagem (alimento para animais) e quitina.</p>
<p>O evento foi realizado pelos grupos de trabalhos de dois projetos de extensão da UFPel: “Inserção Social e Educação Ambiental na Colônia Z3” e “Transferência de Tecnologia: transformação de resíduos de pescado da Colônia de Pescadores Z3 em outros produtos”, ambos coordenados pelo professor Robson Andreazza.</p>
</div>
</div>
</div>
<p>&nbsp;</p>
<p>&nbsp;</p>
<p><strong>Vista a Colônia de Pescadores Z3. Projetos de Extensão</strong></p>
<p style="text-align: justify">Na tarde da úl<img class="size-thumbnail wp-image-1210 alignright" src="https://wp.ufpel.edu.br/ppgdtsa/files/2016/10/Educacao-basica-1-212x159.jpg" alt="educacao-basica-1" width="212" height="159" srcset="https://wp.ufpel.edu.br/ppgdtsa/files/2016/10/Educacao-basica-1-212x159.jpg 212w, https://wp.ufpel.edu.br/ppgdtsa/files/2016/10/Educacao-basica-1-424x318.jpg 424w, https://wp.ufpel.edu.br/ppgdtsa/files/2016/10/Educacao-basica-1-768x576.jpg 768w" sizes="(max-width: 212px) 100vw, 212px" />tima segunda-feira, dia 12/09/2016, ocorreu na comunidade de Pescadores Z-3 o primeiro encontro oficial dos Projetos de Extensão <em>“Inserção Social e Educação Ambiental na Colônia Z-3”</em> e <em>“Transferência de Tecnologia: Transformação de<br />
resíduos de pescado da Colônia de pescadores Z-3 em outros Produtos”</em>, ambos coordenados pelo Prof. Dr. Robson Andreazza.</p>
<p style="text-align: justify">A reunião contou com a presença do Presidente da associação de pescadores da Z-3, Sr. Nilmar Conceição, junto com outras lideranças da comunidade, dentre eles a diretora da escola, pescadores e familiares de pescadores. A equipe dos projetos de extensão mencionados é composta pelos acadêmicos Fernanda Ávila, Rachel Prates e Weslei da Silva ambos do curso de engenharia Ambiental e Sanitária, Jonas do Marco do curso de engenharia de Materiais, e Iliane Otto Mestranda do Programa de Pós-Graduação em Desenvolvimento Territorial e Sistemas Agroindustriais, ambos da Universidade Federal de Pelotas</p>
<p style="text-align: justify">A Colônia de Pescadores Z-3, fundada em 1923 e localizada as margens da Lagoa dos Patos em Pelotas e é caracterizada pela pesca artesanal. Porém, também apresenta problemas ambientais, econômicos e sociais, como a diminuição da oferta de pescado, a baixa renda e o êxodo rural, conforme apontamentos mencionados pelos moradores da localidade em pesquisa realizada no ano de 2015 pelo Mestre Anderson Decker com orientação do Prof. Dr. Robson Andreazza.</p>
<p style="text-align: justify">Tendo em vista as problemáticas apontadas surge, inicialmente, o projeto da Mestranda Iliane Otto com o objetivo de estudar alternativas de transformação do resíduo do pescado em produto. Com o andamento dos estudos e resultados preliminares fez-se necessária a criação dos projetos de extensão já mencionados para que se possa junto com a comunidade verificar as melhores alternativas e buscar o desenvolvimento sustentável do local.</p>
<p style="text-align: justify">Na ocasião a equipe apresentou os objetivos dos projetos e os principais temas que serão abordados nos próximos encontros. Dentre os principais objetivos dos projetos encontra-se o retorno das pesquisas que são desenvolvidas com a comunidade há alguns anos. Além de repassar aos participantes algumas das formas de transformação do resíduo do pescado em outros produtos, busca-se também sensibilizá-los com relação as questões ambientais e inseri-los na universidade, buscando uma maior aproximação da comunidade com a universidade.</p>
<p style="text-align: justify">Os participantes mostraram-se interessados pelas ações que já foram desenvolvidas pelos acadêmicos e contribuíram com melhorias para os próximos encontros que ocorrerão até o fim deste ano. Os representantes das comunidades salientaram a importância dos estudos na localidade e também a inclusão da Educação Ambiental nas Escolas, tema este que será discutido nos próximos encontros.</p>
<p>&nbsp;</p>

<p>Evento discute alternativas para resíduos de pesca Gerente de Pesca Artesanal da SDR e pescadores da Colônia Z3 participaram da apresentação promovida pela UFPel        Na quinta-feira (27/10/16), o gerente de Pesca Artesanal da Secretaria de Desenvolvimento Rural (SDR), Cleiton Molina, e pescadores da Colônia Z3 participaram de um evento cujo objetivo foi apresentar alternativas [&hellip;]</p>
