{"id":1205,"date":"2016-10-06T16:20:35","date_gmt":"2016-10-06T19:20:35","guid":{"rendered":"https:\/\/wp.ufpel.edu.br\/ppgdtsa\/?page_id=1205"},"modified":"2023-12-11T16:26:50","modified_gmt":"2023-12-11T19:26:50","slug":"dissertacoes","status":"publish","type":"page","link":"https:\/\/wp.ufpel.edu.br\/ppgdtsa\/dissertacoes\/","title":{"rendered":"Disserta\u00e7\u00f5es"},"content":{"rendered":"<p>Veja as disserta\u00e7\u00f5es na \u00edntegra no link abaixo:<\/p>\n<p><a href=\"https:\/\/guaiaca.ufpel.edu.br\/browse?type=program&amp;value=Programa+de+P%C3%B3s-Gradua%C3%A7%C3%A3o+em+Desenvolvimento+Territorial+e+Sistemas+Agroindustriais\">Guaiaca &#8211; Reposit\u00f3rio Institucional da UFPel<\/a><\/p>\n","protected":false},"excerpt":{"rendered":"<p>Veja as disserta\u00e7\u00f5es na \u00edntegra no link abaixo: Guaiaca &#8211; Reposit\u00f3rio Institucional da UFPel<\/p>\n","protected":false},"author":348,"featured_media":0,"parent":0,"menu_order":0,"comment_status":"closed","ping_status":"closed","template":"","meta":{"footnotes":""},"class_list":["post-1205","page","type-page","status-publish","hentry"],"jetpack_sharing_enabled":true,"_links":{"self":[{"href":"https:\/\/wp.ufpel.edu.br\/ppgdtsa\/wp-json\/wp\/v2\/pages\/1205","targetHints":{"allow":["GET"]}}],"collection":[{"href":"https:\/\/wp.ufpel.edu.br\/ppgdtsa\/wp-json\/wp\/v2\/pages"}],"about":[{"href":"https:\/\/wp.ufpel.edu.br\/ppgdtsa\/wp-json\/wp\/v2\/types\/page"}],"author":[{"embeddable":true,"href":"https:\/\/wp.ufpel.edu.br\/ppgdtsa\/wp-json\/wp\/v2\/users\/348"}],"replies":[{"embeddable":true,"href":"https:\/\/wp.ufpel.edu.br\/ppgdtsa\/wp-json\/wp\/v2\/comments?post=1205"}],"version-history":[{"count":5,"href":"https:\/\/wp.ufpel.edu.br\/ppgdtsa\/wp-json\/wp\/v2\/pages\/1205\/revisions"}],"predecessor-version":[{"id":5115,"href":"https:\/\/wp.ufpel.edu.br\/ppgdtsa\/wp-json\/wp\/v2\/pages\/1205\/revisions\/5115"}],"wp:attachment":[{"href":"https:\/\/wp.ufpel.edu.br\/ppgdtsa\/wp-json\/wp\/v2\/media?parent=1205"}],"curies":[{"name":"wp","href":"https:\/\/api.w.org\/{rel}","templated":true}]}}