{"id":6058,"date":"2023-03-09T13:51:03","date_gmt":"2023-03-09T16:51:03","guid":{"rendered":"https:\/\/wp.ufpel.edu.br\/ppgd\/?page_id=6058"},"modified":"2025-06-16T23:42:27","modified_gmt":"2025-06-17T02:42:27","slug":"avaliacao","status":"publish","type":"page","link":"https:\/\/wp.ufpel.edu.br\/ppgd\/avaliacao\/","title":{"rendered":"Relat\u00f3rio de Avalia\u00e7\u00e3o"},"content":{"rendered":"<p><a href=\"https:\/\/wp.ufpel.edu.br\/ppgd\/files\/2025\/06\/RELATORIO-QUADRIENAL-2021-2024.pdf\">Relat\u00f3rio 2021-2024<\/a><\/p>\n<p><a href=\"https:\/\/wp.ufpel.edu.br\/ppgd\/files\/2021\/10\/SUCUPIRA-FINALquadrienal.pdf\">Relat\u00f3rio 2020<\/a><\/p>\n<p><a href=\"https:\/\/wp.ufpel.edu.br\/ppgd\/files\/2021\/03\/SUCUPIRA-2019.pdf\">Relat\u00f3rio 2019<\/a><\/p>\n<p><a href=\"https:\/\/wp.ufpel.edu.br\/ppgd\/files\/2021\/03\/SUCUPIRA-2018.pdf\">Relat\u00f3rio 2018<\/a><\/p>\n<p><a href=\"https:\/\/wp.ufpel.edu.br\/ppgd\/files\/2021\/03\/SUCUPIRA-2017..pdf\">Relat\u00f3rio 2017<\/a><\/p>\n","protected":false},"excerpt":{"rendered":"<p>Relat\u00f3rio 2021-2024 Relat\u00f3rio 2020 Relat\u00f3rio 2019 Relat\u00f3rio 2018 Relat\u00f3rio 2017<\/p>\n","protected":false},"author":293,"featured_media":0,"parent":0,"menu_order":0,"comment_status":"closed","ping_status":"closed","template":"","meta":{"footnotes":""},"class_list":["post-6058","page","type-page","status-publish","hentry","nodate","item-wrap"],"jetpack-related-posts":[],"jetpack_sharing_enabled":true,"_links":{"self":[{"href":"https:\/\/wp.ufpel.edu.br\/ppgd\/wp-json\/wp\/v2\/pages\/6058","targetHints":{"allow":["GET"]}}],"collection":[{"href":"https:\/\/wp.ufpel.edu.br\/ppgd\/wp-json\/wp\/v2\/pages"}],"about":[{"href":"https:\/\/wp.ufpel.edu.br\/ppgd\/wp-json\/wp\/v2\/types\/page"}],"author":[{"embeddable":true,"href":"https:\/\/wp.ufpel.edu.br\/ppgd\/wp-json\/wp\/v2\/users\/293"}],"replies":[{"embeddable":true,"href":"https:\/\/wp.ufpel.edu.br\/ppgd\/wp-json\/wp\/v2\/comments?post=6058"}],"version-history":[{"count":5,"href":"https:\/\/wp.ufpel.edu.br\/ppgd\/wp-json\/wp\/v2\/pages\/6058\/revisions"}],"predecessor-version":[{"id":7749,"href":"https:\/\/wp.ufpel.edu.br\/ppgd\/wp-json\/wp\/v2\/pages\/6058\/revisions\/7749"}],"wp:attachment":[{"href":"https:\/\/wp.ufpel.edu.br\/ppgd\/wp-json\/wp\/v2\/media?parent=6058"}],"curies":[{"name":"wp","href":"https:\/\/api.w.org\/{rel}","templated":true}]}}