{"id":5830,"date":"2023-03-07T23:45:28","date_gmt":"2023-03-08T02:45:28","guid":{"rendered":"https:\/\/wp.ufpel.edu.br\/ppgd\/?page_id=5830"},"modified":"2025-05-30T19:32:52","modified_gmt":"2025-05-30T22:32:52","slug":"bolsas-e-auxilios","status":"publish","type":"page","link":"https:\/\/wp.ufpel.edu.br\/ppgd\/bolsas-e-auxilios\/","title":{"rendered":"Bolsas e Aux\u00edlios"},"content":{"rendered":"<p><span style=\"font-size: 18pt;\"><strong>BOLSAS 2025<\/strong><\/span><\/p>\n<p><a href=\"https:\/\/wp.ufpel.edu.br\/ppgd\/files\/2025\/05\/SEI_3096781_Edital_03.pdf\">SEI_3096781_Edital_03<\/a> (inscri\u00e7\u00f5es at\u00e9 02\/06\/2025)<\/p>\n<p><a href=\"https:\/\/wp.ufpel.edu.br\/ppgd\/files\/2025\/03\/Formulario-de-inscricao-Anexo-01-1.pdf\">Formulario de inscri\u00e7\u00e3o &#8211; Anexo 01<\/a><\/p>\n<p>_____<\/p>\n<p><a href=\"https:\/\/wp.ufpel.edu.br\/ppgd\/files\/2025\/03\/Edital-01.2025.pdf\">Edital 01.2025<\/a> (inscri\u00e7\u00f5es at\u00e9 30\/03\/25)<\/p>\n<p><strong>2\u00aa Retifica\u00e7\u00e3o do cronograma\u00a0<\/strong><\/p>\n<p>Peri\u0301odo de inscric\u0327a\u0303o: At\u00e9 as 23h59 de 30 de mar\u00e7o de 2025<br \/>\nResultado Preliminar: 03 de abril de 2025<br \/>\nRecebimento de recursos do Resultado Preliminar: 04 de abril de 2025<br \/>\nResultado Final: 05 de abril de 2025<\/p>\n<p><strong>Resultado<\/strong><\/p>\n<table style=\"width: 470px;\">\n<tbody>\n<tr>\n<td style=\"width: 85px;\" width=\"123\">Posi\u00e7\u00e3o<\/td>\n<td style=\"width: 385px;\" width=\"198\">Nome<\/td>\n<\/tr>\n<tr>\n<td style=\"width: 85px;\" width=\"123\">1<\/td>\n<td style=\"width: 385px;\" width=\"198\">VIT\u00d3RIA MEDEIROS DE ALMEIDA<\/td>\n<\/tr>\n<tr>\n<td style=\"width: 85px;\" width=\"123\">2<\/td>\n<td style=\"width: 385px;\" width=\"198\">MARINARA BORGES DA ROSA<\/td>\n<\/tr>\n<tr>\n<td style=\"width: 85px;\" width=\"123\">3<\/td>\n<td style=\"width: 385px;\" width=\"198\">LILIANE SOARES DE MACEDO MOREIRA ROCHA<\/td>\n<\/tr>\n<tr>\n<td style=\"width: 85px;\" width=\"123\">4<\/td>\n<td style=\"width: 385px;\" width=\"198\">MARCELO GOMES BORGES<\/td>\n<\/tr>\n<tr>\n<td style=\"width: 85px;\" width=\"123\">5<\/td>\n<td style=\"width: 385px;\" width=\"198\">NATHASCHA PEREIRA VIEIRA<\/td>\n<\/tr>\n<tr>\n<td style=\"width: 85px;\" width=\"123\">6<\/td>\n<td style=\"width: 385px;\" width=\"198\">C\u00c2NDIDA DA ROSA SCHEPP<\/td>\n<\/tr>\n<tr>\n<td style=\"width: 85px;\" width=\"123\">7<\/td>\n<td style=\"width: 385px;\" width=\"198\">LICI\u00ca IASMIN HENCKER SCOLARI<\/td>\n<\/tr>\n<\/tbody>\n<\/table>\n<p><strong>Resultado final<\/strong>: sem altera\u00e7\u00e3o.<\/p>\n<p>&#8211;<\/p>\n<p><a href=\"https:\/\/wp.ufpel.edu.br\/ppgd\/files\/2025\/03\/Edital-02.2025.pdf\">Edital 02.2025<\/a> (inscri\u00e7\u00f5es at\u00e9 30\/03\/25)<\/p>\n<p><strong>2\u00aa Retifica\u00e7\u00e3o do cronograma\u00a0<\/strong><\/p>\n<p>Peri\u0301odo de inscric\u0327a\u0303o: At\u00e9 as 23h59 de 30 de mar\u00e7o de 2025<br \/>\nResultado Preliminar: 03 de abril de 2025<br \/>\nRecebimento de recursos do Resultado Preliminar: 04 de abril de 2025<br \/>\nResultado Final: 05 de abril de 2025<\/p>\n<p><strong>Resultado<\/strong><\/p>\n<table style=\"width: 531px;\">\n<tbody>\n<tr>\n<td style=\"width: 148px;\" width=\"123\">Posi\u00e7\u00e3o<\/td>\n<td style=\"width: 383px;\" width=\"198\">Nome<\/td>\n<\/tr>\n<tr>\n<td style=\"width: 148px;\" width=\"123\">1<\/td>\n<td style=\"width: 383px;\" width=\"198\">LILIANE SOARES DE MACEDO MOREIRA ROCHA<\/td>\n<\/tr>\n<tr>\n<td style=\"width: 148px;\" width=\"123\">2<\/td>\n<td style=\"width: 383px;\" width=\"198\">MARCELO GOMES BORGES<\/td>\n<\/tr>\n<tr>\n<td style=\"width: 148px;\" width=\"123\">3<\/td>\n<td style=\"width: 383px;\" width=\"198\">NATHASCHA PEREIRA VIEIRA<\/td>\n<\/tr>\n<tr>\n<td style=\"width: 148px;\" width=\"123\">4<\/td>\n<td style=\"width: 383px;\" width=\"198\">C\u00c2NDIDA DA ROSA SCHEPP<\/td>\n<\/tr>\n<tr>\n<td style=\"width: 148px;\" width=\"123\">5<\/td>\n<td style=\"width: 383px;\" width=\"198\">LICI\u00ca IASMIN HENCKER SCOLARI<\/td>\n<\/tr>\n<tr>\n<td style=\"width: 148px;\" width=\"123\">Desclassifica\u00e7\u00e3o<\/td>\n<td style=\"width: 383px;\" width=\"198\">MARINARA BORGES DA ROSA<\/td>\n<\/tr>\n<\/tbody>\n<\/table>\n<p><strong>Resultado final<\/strong>: sem altera\u00e7\u00e3o.<\/p>\n<p><a href=\"https:\/\/wp.ufpel.edu.br\/ppgd\/files\/2025\/03\/Formulario-de-inscricao-Anexo-01-1.pdf\">Formulario de inscri\u00e7\u00e3o &#8211; Anexo 01<\/a><\/p>\n<p>______<\/p>\n<p><strong>AUX\u00cdLIOS 2024<\/strong><\/p>\n<p><a href=\"https:\/\/wp.ufpel.edu.br\/ppgd\/files\/2024\/08\/Auxilio-Participacao-em-Eventos-PPGD-2024.pdf\">Auxilio Participa\u00e7ao em Eventos &#8211; PPGD 2024<\/a><\/p>\n<table>\n<tbody>\n<tr>\n<td colspan=\"2\" width=\"576\"><strong>Cronograma\u00a0<\/strong><\/td>\n<\/tr>\n<tr>\n<td width=\"206\">M\u00eas de realiza\u00e7\u00e3o do evento<\/td>\n<td width=\"371\">Agosto, Setembro, Outubro, Novembro, Dezembro<\/td>\n<\/tr>\n<tr>\n<td width=\"206\">Data final para envio da solicita\u00e7\u00e3o<\/td>\n<td width=\"371\"><strong>At\u00e9 15\/09\/2024<\/strong><\/td>\n<\/tr>\n<\/tbody>\n<\/table>\n<p>______<\/p>\n<p><span style=\"font-size: 18pt;\"><strong>BOLSAS 2024<\/strong><\/span><\/p>\n<p><strong>EDITAL PPGD N\u00ba. 04\/2024 BOLSA DE MESTRADO CNPQ PPGD\/UFPEL<\/strong><\/p>\n<p>CRONOGRAMA<\/p>\n<table>\n<tbody>\n<tr>\n<td width=\"276\"><strong>Etapa <\/strong><\/td>\n<td width=\"276\"><strong>Prazos<\/strong><\/td>\n<\/tr>\n<tr>\n<td width=\"276\">Peri\u0301odo de inscric\u0327a\u0303o<\/td>\n<td width=\"276\">At\u00e9 as 23h59min de 28 de agosto de 2024<\/td>\n<\/tr>\n<tr>\n<td width=\"276\">Resultado Preliminar<\/td>\n<td width=\"276\">At\u00e9 as 12h de 29 de agosto de 2024<\/td>\n<\/tr>\n<tr>\n<td width=\"276\">Recebimento de recursos do Resultado Preliminar<\/td>\n<td width=\"276\">At\u00e9 as 23h59min de 29 de agosto de 2024<\/td>\n<\/tr>\n<tr>\n<td width=\"276\">Resultado Final<\/td>\n<td width=\"276\">30 de agosto de 2024<\/td>\n<\/tr>\n<\/tbody>\n<\/table>\n<p><a href=\"https:\/\/wp.ufpel.edu.br\/ppgd\/files\/2024\/08\/SEI_UFPel-2723347-Edital.pdf\">SEI_UFPel &#8211; 2723347 &#8211; Edital<\/a><\/p>\n<p><a href=\"https:\/\/wp.ufpel.edu.br\/ppgd\/files\/2024\/08\/Formulario-de-inscricao-Anexo-01-EDITAL-042024.pdf\">Formulario de inscri\u00e7\u00e3o &#8211; Anexo 01 EDITAL 042024<\/a><\/p>\n<p>Resultado:\u00a0<a href=\"https:\/\/wp.ufpel.edu.br\/ppgd\/files\/2024\/08\/SEI_UFPel-2727179-Despacho-1.pdf\">SEI_UFPel &#8211; 2727179 &#8211; Despacho<\/a><\/p>\n<p>Resultado final: <a href=\"https:\/\/wp.ufpel.edu.br\/ppgd\/files\/2024\/08\/SEI_UFPel-2728732-Despacho.pdf\">SEI_UFPel &#8211; 2728732 &#8211; Despacho<\/a><\/p>\n<p>_____<\/p>\n<p><strong>EDITAL PPGD N\u00ba. 03\/2024 BOLSA DE MESTRADO CAPES PPGD\/UFPEL<\/strong><\/p>\n<p class=\"Texto_Justificado\"><strong>CRONOGRAMA<\/strong><\/p>\n<table>\n<tbody>\n<tr>\n<td width=\"314\"><strong>26 de mar\u00e7o de 2024<\/strong><\/td>\n<td width=\"302\">Publica\u00e7\u00e3o do Edital<\/td>\n<\/tr>\n<tr>\n<td width=\"314\"><strong>26 de mar\u00e7o de 2024 a 02 de abril, at\u00e9 \u00e0s 23:59hs<\/strong><\/td>\n<td width=\"302\">Inscri\u00e7\u00e3o no Processo seletivo e envio da Documenta\u00e7\u00e3o<\/td>\n<\/tr>\n<tr>\n<td width=\"314\"><strong>At\u00e9 3 de abril de 2024<\/strong><\/td>\n<td width=\"302\">An\u00e1lise da documenta\u00e7\u00e3o e divulga\u00e7\u00e3o do resultado<\/td>\n<\/tr>\n<tr>\n<td width=\"314\"><strong>4 de abril de 2022, at\u00e9 \u00e0s 23:59 hs<\/strong><\/td>\n<td width=\"302\">Prazo para interposi\u00e7\u00e3o de recurso<\/td>\n<\/tr>\n<tr>\n<td width=\"314\"><strong>5 de abril de 2024<\/strong><\/td>\n<td width=\"302\">Divulga\u00e7\u00e3o Final (<a href=\"https:\/\/wp.ufpel.edu.br\/ppgd\/\">https:\/\/wp.ufpel.edu.br\/ppgd\/<\/a>)<\/td>\n<\/tr>\n<\/tbody>\n<\/table>\n<p class=\"Texto_Justificado\"><a style=\"background-color: #ffffff;\" href=\"https:\/\/wp.ufpel.edu.br\/ppgd\/files\/2024\/03\/SEI_UFPel-2570445-Edital-03-CAPES.pdf\">SEI_UFPel &#8211; 2570445 &#8211; Edital 03 CAPES<\/a><\/p>\n<p><a href=\"https:\/\/wp.ufpel.edu.br\/ppgd\/files\/2024\/03\/Formulario-de-inscricao-Anexo-01.pdf\">Formulario de inscri\u00e7\u00e3o &#8211; Anexo 01<\/a><\/p>\n<p><strong>Resultado (retificado)<\/strong><\/p>\n<table style=\"height: 309px;\" width=\"728\">\n<tbody>\n<tr style=\"height: 62px;\">\n<td style=\"height: 62px;\" width=\"123\"><strong>Ordem de prioridade<\/strong><\/td>\n<td style=\"height: 62px;\" width=\"104\"><strong>Matr\u00edcula<\/strong><\/td>\n<td style=\"height: 62px;\" width=\"95\"><strong>Renda<\/strong><\/td>\n<td style=\"height: 62px;\" width=\"104\"><strong>Moradia<\/strong><\/td>\n<td style=\"height: 62px;\" width=\"123\"><strong>Total pontos<\/strong><\/td>\n<td style=\"height: 62px;\" width=\"180\"><strong>Classifica\u00e7\u00e3o<\/strong><\/td>\n<\/tr>\n<tr style=\"height: 104px;\">\n<td style=\"height: 104px;\" width=\"123\">Sem ac\u00famulo<\/td>\n<td style=\"height: 104px;\" width=\"104\">24100051<\/td>\n<td style=\"height: 104px;\" width=\"95\">\n<p>70<\/p>\n<p>&nbsp;<\/td>\n<td style=\"height: 104px;\" width=\"104\">0<\/td>\n<td style=\"height: 104px;\" width=\"123\">70<\/td>\n<td style=\"height: 104px;\" width=\"180\">1\u00ba<\/td>\n<\/tr>\n<tr style=\"height: 39px;\">\n<td style=\"height: 39px;\" width=\"123\">Com ac\u00famulo<\/td>\n<td style=\"height: 39px;\" width=\"104\">24100076<\/td>\n<td style=\"height: 39px;\" width=\"95\">32<\/td>\n<td style=\"height: 39px;\" width=\"104\">0<\/td>\n<td style=\"height: 39px;\" width=\"123\">32<\/td>\n<td style=\"height: 39px;\" width=\"180\">2\u00ba<\/td>\n<\/tr>\n<tr style=\"height: 104px;\">\n<td style=\"height: 104px;\" width=\"123\">Sem ac\u00famulo<\/td>\n<td style=\"height: 104px;\" width=\"104\">24100101<\/td>\n<td style=\"height: 104px;\" width=\"95\">&#8211;<\/td>\n<td style=\"height: 104px;\" width=\"104\">&#8211;<\/td>\n<td style=\"height: 104px;\" width=\"123\">&#8211;<\/td>\n<td style=\"height: 104px;\" width=\"180\">\n<p><strong>Desclassifica\u00e7\u00e3o <\/strong><\/p>\n<p>&nbsp;<\/td>\n<\/tr>\n<tr>\n<td>Sem ac\u00famulo<\/td>\n<td>23103369<\/td>\n<td>&#8211;<\/td>\n<td>&#8211;<\/td>\n<td>&#8211;<\/td>\n<td><strong>Desclassifica\u00e7\u00e3o<\/strong><\/td>\n<\/tr>\n<\/tbody>\n<\/table>\n<p><strong>Resultado final<\/strong><\/p>\n<table style=\"height: 309px;\" width=\"728\">\n<tbody>\n<tr style=\"height: 62px;\">\n<td style=\"height: 62px;\" width=\"123\"><strong>Ordem de prioridade<\/strong><\/td>\n<td style=\"height: 62px;\" width=\"104\"><strong>Matr\u00edcula<\/strong><\/td>\n<td style=\"height: 62px;\" width=\"95\"><strong>Renda<\/strong><\/td>\n<td style=\"height: 62px;\" width=\"104\"><strong>Moradia<\/strong><\/td>\n<td style=\"height: 62px;\" width=\"123\"><strong>Total pontos<\/strong><\/td>\n<td style=\"height: 62px;\" width=\"180\"><strong>Classifica\u00e7\u00e3o<\/strong><\/td>\n<\/tr>\n<tr style=\"height: 104px;\">\n<td style=\"height: 104px;\" width=\"123\">Sem ac\u00famulo<\/td>\n<td style=\"height: 104px;\" width=\"104\">24100051<\/td>\n<td style=\"height: 104px;\" width=\"95\">\n<p>70<\/p>\n<p>&nbsp;<\/td>\n<td style=\"height: 104px;\" width=\"104\">0<\/td>\n<td style=\"height: 104px;\" width=\"123\">70<\/td>\n<td style=\"height: 104px;\" width=\"180\">1\u00ba<\/td>\n<\/tr>\n<tr style=\"height: 39px;\">\n<td style=\"height: 39px;\" width=\"123\">Com ac\u00famulo<\/td>\n<td style=\"height: 39px;\" width=\"104\">24100076<\/td>\n<td style=\"height: 39px;\" width=\"95\">32<\/td>\n<td style=\"height: 39px;\" width=\"104\">0<\/td>\n<td style=\"height: 39px;\" width=\"123\">32<\/td>\n<td style=\"height: 39px;\" width=\"180\">2\u00ba<\/td>\n<\/tr>\n<tr style=\"height: 104px;\">\n<td style=\"height: 104px;\" width=\"123\">Sem ac\u00famulo<\/td>\n<td style=\"height: 104px;\" width=\"104\">24100101<\/td>\n<td style=\"height: 104px;\" width=\"95\">&#8211;<\/td>\n<td style=\"height: 104px;\" width=\"104\">&#8211;<\/td>\n<td style=\"height: 104px;\" width=\"123\">&#8211;<\/td>\n<td style=\"height: 104px;\" width=\"180\">\n<p><strong>Desclassifica\u00e7\u00e3o<\/strong><\/p>\n<p>(recurso indeferido)<\/p>\n<p>&nbsp;<\/td>\n<\/tr>\n<tr>\n<td>Sem ac\u00famulo<\/td>\n<td>23103369<\/td>\n<td>&#8211;<\/td>\n<td>&#8211;<\/td>\n<td>&#8211;<\/td>\n<td><strong>Desclassifica\u00e7\u00e3o<\/strong><\/td>\n<\/tr>\n<\/tbody>\n<\/table>\n<p>_____<\/p>\n<p><strong>EDITAL PPGD N\u00ba. 02\/2024\u00a0BOLSA DE MESTRADO CAPES PPGD\/UFPEL<\/strong><\/p>\n<p class=\"Texto_Justificado\"><strong>CRONOGRAMA<\/strong><\/p>\n<table border=\"1\" cellspacing=\"0\" cellpadding=\"0\">\n<tbody>\n<tr>\n<td>\n<p class=\"Texto_Justificado\"><strong>Etapa<\/strong><\/p>\n<\/td>\n<td>\n<p class=\"Texto_Justificado\"><strong>Prazos<\/strong><\/p>\n<\/td>\n<\/tr>\n<tr>\n<td>\n<p class=\"Texto_Justificado\">Peri\u0301odo de inscric\u0327a\u0303o<\/p>\n<\/td>\n<td>\n<p class=\"Texto_Justificado\">At\u00e9 as 12h de 23 de fevereiro de 2024<\/p>\n<\/td>\n<\/tr>\n<tr>\n<td>\n<p class=\"Texto_Justificado\">Resultado Preliminar<\/p>\n<\/td>\n<td>\n<p class=\"Texto_Justificado\">26 de fevereiro de 2024<\/p>\n<\/td>\n<\/tr>\n<tr>\n<td>\n<p class=\"Texto_Justificado\">Recebimento de recursos do Resultado Preliminar<\/p>\n<\/td>\n<td>\n<p class=\"Texto_Justificado\">At\u00e9 as 12h do dia 27 de fevereiro de 2023<\/p>\n<\/td>\n<\/tr>\n<tr>\n<td>\n<p class=\"Texto_Justificado\">Resultado Final<\/p>\n<\/td>\n<td>\n<p class=\"Texto_Justificado\">28 de fevereiro de 2024<\/p>\n<\/td>\n<\/tr>\n<\/tbody>\n<\/table>\n<p><a href=\"https:\/\/wp.ufpel.edu.br\/ppgd\/files\/2024\/02\/SEI_UFPel-2517069-Edital.pdf\">SEI_UFPel &#8211; 2517069 &#8211; Edital<\/a><\/p>\n<p><a href=\"https:\/\/wp.ufpel.edu.br\/ppgd\/files\/2024\/02\/Formulario-de-inscricao-Anexo-01.pdf\">Formulario de inscri\u00e7\u00e3o &#8211; Anexo 01<\/a><\/p>\n<p><strong>Resultado Final:<\/strong><\/p>\n<table style=\"width: 553px;\">\n<tbody>\n<tr>\n<td style=\"width: 108px;\" width=\"81\">Ordem de prioridade<\/td>\n<td style=\"width: 245px;\" width=\"109\">Nome<\/td>\n<td style=\"width: 72px;\" width=\"57\">Nota<\/td>\n<td style=\"width: 99px;\" width=\"75\">Coloca\u00e7\u00e3o<\/td>\n<\/tr>\n<tr>\n<td style=\"width: 108px;\" width=\"81\">1<\/td>\n<td style=\"width: 245px;\" width=\"109\">\n<p>Bruna Flores Prates<\/p>\n<p>&nbsp;<\/td>\n<td style=\"width: 72px;\" width=\"57\">82,5<\/td>\n<td style=\"width: 99px;\" width=\"75\">1<\/td>\n<\/tr>\n<tr>\n<td style=\"width: 108px;\" width=\"81\">1<\/td>\n<td style=\"width: 245px;\" width=\"109\">Alexandre Corr\u00eaa de Olivera<\/td>\n<td style=\"width: 72px;\" width=\"57\">77,5<\/td>\n<td style=\"width: 99px;\" width=\"75\">2<\/td>\n<\/tr>\n<tr>\n<td style=\"width: 108px;\" width=\"81\">1<\/td>\n<td style=\"width: 245px;\" width=\"109\">Dienifer Jacobsen Rackow<\/td>\n<td style=\"width: 72px;\" width=\"57\">75<\/td>\n<td style=\"width: 99px;\" width=\"75\">3<\/td>\n<\/tr>\n<tr>\n<td style=\"width: 108px;\" width=\"81\">1<\/td>\n<td style=\"width: 245px;\" width=\"109\">\n<p>Ana Carolina Giudice Beber<\/p>\n<p>&nbsp;<\/td>\n<td style=\"width: 72px;\" width=\"57\">73,75<\/td>\n<td style=\"width: 99px;\" width=\"75\">4<\/td>\n<\/tr>\n<tr>\n<td style=\"width: 108px;\" width=\"81\">1<\/td>\n<td style=\"width: 245px;\" width=\"109\">Julio Augusto Jesus Lopez<\/td>\n<td style=\"width: 72px;\" width=\"57\">68,25<\/td>\n<td style=\"width: 99px;\" width=\"75\">5<\/td>\n<\/tr>\n<tr>\n<td style=\"width: 108px;\" width=\"81\">9<\/td>\n<td style=\"width: 245px;\" width=\"109\">Amanda Sallet de Almeira e Silva<\/td>\n<td style=\"width: 72px;\" width=\"57\">80<\/td>\n<td style=\"width: 99px;\" width=\"75\">6<\/td>\n<\/tr>\n<\/tbody>\n<\/table>\n<p>M\u00e1rcio Correa Ostrovski: inscri\u00e7\u00e3o indeferida (Art. 1.1., Edital)<\/p>\n<p>_____<\/p>\n<p><strong>EDITAL PPGD N\u00ba. 01\/2024 BOLSA DE MESTRADO CARREFOUR PPGD\/UFPEL\u00a0<\/strong><\/p>\n<p><strong>CRONOGRAMA<\/strong><\/p>\n<table border=\"1\" cellspacing=\"0\" cellpadding=\"0\">\n<tbody>\n<tr>\n<td>\n<p class=\"Texto_Justificado\"><strong>Etapa<\/strong><\/p>\n<\/td>\n<td>\n<p class=\"Texto_Justificado\"><strong>Prazos<\/strong><\/p>\n<\/td>\n<\/tr>\n<tr>\n<td>\n<p class=\"Texto_Justificado\">Peri\u0301odo de inscric\u0327a\u0303o<\/p>\n<\/td>\n<td>\n<p class=\"Texto_Justificado\">At\u00e9 as 12h de 16 de fevereiro de 2024<\/p>\n<\/td>\n<\/tr>\n<tr>\n<td>\n<p class=\"Texto_Justificado\">Publicac\u0327a\u0303o da Homologac\u0327a\u0303o das Inscri\u00e7\u00f5es<\/p>\n<\/td>\n<td>\n<p class=\"Texto_Justificado\">16 de fevereiro de 2024<\/p>\n<\/td>\n<\/tr>\n<tr>\n<td>\n<p class=\"Texto_Justificado\">Recebimento de recursos da Homologac\u0327a\u0303o das Inscri\u00e7\u00f5es<\/p>\n<\/td>\n<td>\n<p class=\"Texto_Justificado\">At\u00e9 as 12h do dia 17 de fevereiro de 2023<\/p>\n<\/td>\n<\/tr>\n<tr>\n<td>\n<p class=\"Texto_Justificado\">Resultado Preliminar<\/p>\n<\/td>\n<td>\n<p class=\"Texto_Justificado\">19 de fevereiro de 2024<\/p>\n<\/td>\n<\/tr>\n<tr>\n<td>\n<p class=\"Texto_Justificado\">Recebimento de recursos do Resultado Preliminar<\/p>\n<\/td>\n<td>\n<p class=\"Texto_Justificado\">At\u00e9 as 12h do dia 20 de fevereiro de 2023<\/p>\n<\/td>\n<\/tr>\n<tr>\n<td>\n<p class=\"Texto_Justificado\">Resultado Final<\/p>\n<\/td>\n<td>\n<p class=\"Texto_Justificado\">20 de fevereiro de 2024<\/p>\n<\/td>\n<\/tr>\n<\/tbody>\n<\/table>\n<p><a href=\"https:\/\/wp.ufpel.edu.br\/ppgd\/files\/2024\/02\/SEI_UFPel-2517064-Edital.pdf\">SEI_UFPel &#8211; 2517064 &#8211; Edital<\/a><\/p>\n<p><a href=\"https:\/\/wp.ufpel.edu.br\/ppgd\/files\/2024\/02\/Anexo_I___Formulario_de_Inscricao.pdf\">Anexo_I___Formulario_de_Inscricao<\/a><\/p>\n<p><a href=\"https:\/\/wp.ufpel.edu.br\/ppgd\/files\/2024\/02\/Anexo_II___Declaracao_de_Etnia.pdf\">Anexo_II___Declaracao_de_Etnia<\/a><\/p>\n<p><a href=\"https:\/\/wp.ufpel.edu.br\/ppgd\/files\/2024\/02\/Anexo_III___Declaracao_vulnerabilidade_economica_pos_graduacao_2024.pdf\">Anexo_III___Declaracao_vulnerabilidade_economica_pos_graduacao_2024<\/a><\/p>\n<p>N\u00e3o \u00e9 necess\u00e1ria assinatura da Coordena\u00e7\u00e3o para envio da inscri\u00e7\u00e3o a este Edital.<\/p>\n<p><strong>Inscri\u00e7\u00f5es homologadas:<\/strong><\/p>\n<p>ANDERSON ALEXANDRE DIAS SANTOS (Turma 2024)<\/p>\n<p>MARIN\u00caS LOPES DE ROSA (Turma 2024)<\/p>\n<p>MELINA RODRIGUES TEIXEIRA (Turma 2024)<\/p>\n<p>TIAGO OLIMPIO DA SILVA (Turma 2024)<\/p>\n<p><strong>Resultado\u00a0 preliminar:<\/strong><\/p>\n<p>Turma 2023 (3 cotas &#8211; dura\u00e7\u00e3o 12 meses cada) : n\u00e3o houve inscri\u00e7\u00f5es<\/p>\n<p>Turma 2024 (1 cota &#8211; dura\u00e7\u00e3o 24 meses)<\/p>\n<p>1\u00ba ANDERSON ALEXANDRE DIAS SANTOS<\/p>\n<p>2\u00ba TIAGO OLIMPIO DA SILVA<\/p>\n<p>3\u00ba MARIN\u00caS LOPES DE ROSA<\/p>\n<p>4\u00ba MELINA RODRIGUES TEIXEIRA<\/p>\n<p><strong>Resultado\u00a0 final:<\/strong><\/p>\n<p>Turma 2023 (3 cotas &#8211; dura\u00e7\u00e3o 12 meses cada) : n\u00e3o houve inscri\u00e7\u00f5es<\/p>\n<p>Turma 2024 (1 cota &#8211; dura\u00e7\u00e3o 24 meses)<\/p>\n<p>1\u00ba ANDERSON ALEXANDRE DIAS SANTOS<\/p>\n<p>2\u00ba TIAGO OLIMPIO DA SILVA<\/p>\n<p>3\u00ba MARIN\u00caS LOPES DE ROSA<\/p>\n<p>4\u00ba MELINA RODRIGUES TEIXEIRA<\/p>\n<p>IMPORTANTE: A banca de heteroidentifica\u00e7\u00e3o ser\u00e1 realizada presencialmente no dia 23 de fevereiro.<\/p>\n<p>A banca ser\u00e1 realizada no dia 23\/02 <strong>\u00a0\u00e0s 08:30, no audit\u00f3rio da Reitoria \u2013 4\u00ba andar\/Campus Anglo<\/strong> \u2013 \u00e0 Rua\u00a0 Gomes Carneiro, n\u00ba 01. Comparecer no hor\u00e1rio agendado com um documento de identidade com foto.<\/p>\n<p>_____<\/p>\n<p><strong>EDITAL DE BOLSA PPGD 2023<\/strong><\/p>\n<p><a href=\"https:\/\/wp.ufpel.edu.br\/ppgd\/files\/2023\/06\/Edital-Bolsa-02.2023-PPGD-UFPel.pdf\">Edital Bolsa 02.2023 PPGD UFPel<\/a><\/p>\n<p><a href=\"https:\/\/wp.ufpel.edu.br\/ppgd\/files\/2023\/05\/Formulario-Edidal-de-Bolsa-01.2023.pdf\">Formulario-Edidal-de-Bolsa-01.2023<\/a><\/p>\n<p>Resultado<\/p>\n<p>Selecionado: Jo\u00e3o Rurik<\/p>\n<p>Desclassificada: Isabella Mello Ness (item 5.5 \u2013 e e II do Edital)<\/p>\n<p>___<\/p>\n<p><a href=\"https:\/\/wp.ufpel.edu.br\/ppgd\/files\/2023\/05\/Edital-Bolsa-01.2023-PPGD-UFPel.pdf\">Edital Bolsa 01.2023 PPGD UFPel<\/a><\/p>\n<p><a href=\"https:\/\/wp.ufpel.edu.br\/ppgd\/files\/2023\/05\/Formulario-Edidal-de-Bolsa-01.2023.pdf\">Formulario-Edidal-de-Bolsa-01.2023<\/a><\/p>\n<p style=\"text-align: justify;\">Aos dois dias do m\u00eas de junho de dois mil e vinte e tr\u00eas, reuniram-se virtualmente a Comiss\u00e3o de Bolsas do PPGD, composta pelos Professores Dr. Bruno Rotta Almeida, Dr. Guilherme Camargo Massa\u00fa o e Dra. Karinne Emanoela Goettems dos Santos, bem como pelo representante discente M\u00e1rio J\u00fanior Carvalho, para deliberar o que segue: <strong>a) Candidatos inscritos no Edital 001\/2023: <\/strong>a Comiss\u00e3o recebeu duas inscri\u00e7\u00f5es dos seguintes alunos: Isabella Mello Ness, matr\u00edcula n. 23103381, e Jo\u00e3o Rurik, matr\u00edcula n. 23103369. Ap\u00f3s a an\u00e1lise da documenta\u00e7\u00e3o dos candidatos, a candidata Isabella n\u00e3o comprovou sua condi\u00e7\u00e3o de moradia, referente ao item 5.5 \u2013 II do Edital, raz\u00e3o pela qual vai desclassificada. J\u00e1 o candidato Jo\u00e3o enviou sua documenta\u00e7\u00e3o por e-mail \u00e0s 12h35min, n\u00e3o cumprindo com o prazo m\u00e1ximo previsto no cronograma do edital, qual seja \u00e0s 12hs do dia 02 de junho, para envio da sua inscri\u00e7\u00e3o, raz\u00e3o pela qual tamb\u00e9m est\u00e1 desclassificado<strong>. b) Novo edital:<\/strong> considerando que nenhum dos candidatos restou contemplado, a Comiss\u00e3o decide pela publica\u00e7\u00e3o de novo edital, com cronograma ex\u00edguo que viabilize resultado final para o dia 07 de junho de 2023. N\u00e3o havendo mais outro assunto a tratar, foi encerrada a reuni\u00e3o, com a lavratura da presente ata, que segue assinada pelos presentes.<\/p>\n<p>_____<\/p>\n<p><strong>AUX\u00cdLIOS 2023<\/strong><\/p>\n<p><a href=\"https:\/\/wp.ufpel.edu.br\/ppgd\/files\/2023\/05\/Auxilio-Publicacao-de-Livros-PPGD-2023.pdf\">Auxilio Publica\u00e7\u00e3o de Livros &#8211; PPGD 2023<\/a><\/p>\n<table style=\"height: 78px;\">\n<tbody>\n<tr style=\"height: 39px;\">\n<td style=\"height: 39px;\" colspan=\"2\" width=\"576\"><strong>Cronograma<\/strong><\/td>\n<\/tr>\n<tr style=\"height: 39px;\">\n<td style=\"height: 39px;\" width=\"206\">Data final para submiss\u00e3o<\/td>\n<td style=\"height: 39px;\" width=\"371\"><strong>15\/08\/2023<\/strong><\/td>\n<\/tr>\n<\/tbody>\n<\/table>\n<p>_____<\/p>\n<p><a href=\"https:\/\/wp.ufpel.edu.br\/ppgd\/files\/2023\/05\/Auxilio-Traducao-de-Artigos-PPGD-2023.pdf\">Auxilio Tradu\u00e7\u00e3o de Artigos &#8211; PPGD 2023<\/a><\/p>\n<table>\n<tbody>\n<tr style=\"height: 39px;\">\n<td style=\"height: 39px;\" colspan=\"2\" width=\"576\"><strong>Cronograma<\/strong><\/td>\n<\/tr>\n<tr style=\"height: 39px;\">\n<td style=\"height: 39px;\" width=\"206\">Data final para submiss\u00e3o<\/td>\n<td style=\"height: 39px;\" width=\"371\"><strong>15\/08\/2023<\/strong><\/td>\n<\/tr>\n<\/tbody>\n<\/table>\n<p>______<\/p>\n<p><a href=\"https:\/\/wp.ufpel.edu.br\/ppgd\/files\/2023\/05\/Auxilio-Participacao-em-Eventos-PPGD-2023.pdf\">Auxilio Participa\u00e7\u00e3o em Eventos &#8211; PPGD 2023<\/a><\/p>\n<table>\n<tbody>\n<tr>\n<td colspan=\"2\" width=\"576\"><strong>Cronograma 1<\/strong><\/td>\n<\/tr>\n<tr>\n<td width=\"206\">M\u00eas de realiza\u00e7\u00e3o do evento<\/td>\n<td width=\"371\">Maio, Junho, Julho e Agosto<\/td>\n<\/tr>\n<tr>\n<td width=\"206\">Data final para envio da solicita\u00e7\u00e3o<\/td>\n<td width=\"371\"><strong>At\u00e9 15\/06\/2023<\/strong><\/td>\n<\/tr>\n<\/tbody>\n<\/table>\n<p>&nbsp;<\/p>\n<table>\n<tbody>\n<tr>\n<td colspan=\"2\" width=\"576\"><strong>Cronograma 2<\/strong><\/td>\n<\/tr>\n<tr>\n<td width=\"206\">M\u00eas de realiza\u00e7\u00e3o do evento<\/td>\n<td width=\"371\">Setembro, Outubro, Novembro e Dezembro<\/td>\n<\/tr>\n<tr>\n<td width=\"206\">Data final para envio da solicita\u00e7\u00e3o<\/td>\n<td width=\"371\"><strong>At\u00e9 15\/09\/2023<\/strong><\/td>\n<\/tr>\n<\/tbody>\n<\/table>\n<p>______<\/p>\n<p><a href=\"https:\/\/wp.ufpel.edu.br\/ppgd\/files\/2023\/06\/Auxilio-Pesquisa-de-Campo-PPGD-2023-RETIFICADO-1.pdf\">Auxilio Pesquisa de Campo &#8211; PPGD 2023 &#8211; RETIFICADO<\/a><\/p>\n<table>\n<tbody>\n<tr>\n<td colspan=\"2\" width=\"576\"><strong>Cronograma 1<\/strong><\/td>\n<\/tr>\n<tr>\n<td width=\"206\">M\u00eas de realiza\u00e7\u00e3o da pesquisa de campo<\/td>\n<td width=\"371\">Maio, Junho, Julho e Agosto<\/td>\n<\/tr>\n<tr>\n<td width=\"206\">Data final para envio da solicita\u00e7\u00e3o<\/td>\n<td width=\"371\"><strong>At\u00e9 15\/06\/2023<\/strong><\/td>\n<\/tr>\n<\/tbody>\n<\/table>\n<p>&nbsp;<\/p>\n<table>\n<tbody>\n<tr>\n<td colspan=\"2\" width=\"576\"><strong>Cronograma 2<\/strong><\/td>\n<\/tr>\n<tr>\n<td width=\"206\">M\u00eas de realiza\u00e7\u00e3o da pesquisa de campo<\/td>\n<td width=\"371\">Setembro, Outubro, Novembro e Dezembro<\/td>\n<\/tr>\n<tr>\n<td width=\"206\">Data final para envio da solicita\u00e7\u00e3o<\/td>\n<td width=\"371\"><strong>At\u00e9 15\/09\/2023<\/strong><\/td>\n<\/tr>\n<\/tbody>\n<\/table>\n<p><strong>\u00a0<\/strong><\/p>\n<hr \/>\n<p><strong>Editais Encerrados: <\/strong><span style=\"font-size: 10pt;\"><span class=\"collapseomatic \" id=\"id69d8c1a65ae8b\"  tabindex=\"0\" title=\"Ver mais\"    >Ver mais<\/span><span id='swap-id69d8c1a65ae8b'  class='colomat-swap' style='display:none;'>Ver menos<\/span><div id=\"target-id69d8c1a65ae8b\" class=\"collapseomatic_content \"><\/span><\/p>\n<p><a href=\"https:\/\/wp.ufpel.edu.br\/ppgd\/bolsas\/\">Editais de Bolsas 2017-2023<\/a><\/p>\n<p><a href=\"https:\/\/wp.ufpel.edu.br\/ppgd\/auxilios-2\/\">Aux\u00edlios 2017-2022<\/a><\/p>\n<p><span style=\"font-size: 10pt;\"><\/div><\/span><\/p>\n","protected":false},"excerpt":{"rendered":"<p>BOLSAS 2025 SEI_3096781_Edital_03 (inscri\u00e7\u00f5es at\u00e9 02\/06\/2025) Formulario de inscri\u00e7\u00e3o &#8211; Anexo 01 _____ Edital 01.2025 (inscri\u00e7\u00f5es at\u00e9 30\/03\/25) 2\u00aa Retifica\u00e7\u00e3o do cronograma\u00a0 Peri\u0301odo de inscric\u0327a\u0303o: At\u00e9 as 23h59 de 30 de mar\u00e7o de 2025 Resultado Preliminar: 03 de abril de 2025 Recebimento de recursos do Resultado Preliminar: 04 de abril de 2025 Resultado Final: 05 &hellip; <\/p>\n<p><a class=\"more-link btn\" href=\"https:\/\/wp.ufpel.edu.br\/ppgd\/bolsas-e-auxilios\/\">Continue lendo<\/a><\/p>\n","protected":false},"author":293,"featured_media":0,"parent":0,"menu_order":0,"comment_status":"closed","ping_status":"closed","template":"","meta":{"footnotes":""},"class_list":["post-5830","page","type-page","status-publish","hentry","nodate","item-wrap"],"jetpack-related-posts":[],"jetpack_sharing_enabled":true,"_links":{"self":[{"href":"https:\/\/wp.ufpel.edu.br\/ppgd\/wp-json\/wp\/v2\/pages\/5830","targetHints":{"allow":["GET"]}}],"collection":[{"href":"https:\/\/wp.ufpel.edu.br\/ppgd\/wp-json\/wp\/v2\/pages"}],"about":[{"href":"https:\/\/wp.ufpel.edu.br\/ppgd\/wp-json\/wp\/v2\/types\/page"}],"author":[{"embeddable":true,"href":"https:\/\/wp.ufpel.edu.br\/ppgd\/wp-json\/wp\/v2\/users\/293"}],"replies":[{"embeddable":true,"href":"https:\/\/wp.ufpel.edu.br\/ppgd\/wp-json\/wp\/v2\/comments?post=5830"}],"version-history":[{"count":43,"href":"https:\/\/wp.ufpel.edu.br\/ppgd\/wp-json\/wp\/v2\/pages\/5830\/revisions"}],"predecessor-version":[{"id":7720,"href":"https:\/\/wp.ufpel.edu.br\/ppgd\/wp-json\/wp\/v2\/pages\/5830\/revisions\/7720"}],"wp:attachment":[{"href":"https:\/\/wp.ufpel.edu.br\/ppgd\/wp-json\/wp\/v2\/media?parent=5830"}],"curies":[{"name":"wp","href":"https:\/\/api.w.org\/{rel}","templated":true}]}}