{"id":5744,"date":"2023-03-07T20:13:15","date_gmt":"2023-03-07T23:13:15","guid":{"rendered":"https:\/\/wp.ufpel.edu.br\/ppgd\/?page_id=5744"},"modified":"2025-06-16T23:48:23","modified_gmt":"2025-06-17T02:48:23","slug":"pos-doutorados","status":"publish","type":"page","link":"https:\/\/wp.ufpel.edu.br\/ppgd\/pos-doutorados\/","title":{"rendered":"P\u00f3s-Doutorados"},"content":{"rendered":"<hr \/>\n<p>1) THIAGO RIBEIRO RAFAGNIN, sob supervis\u00e3o do Prof. Dr. Guilherme Camargo Massa\u00fa<\/p>\n<p>2) ULYSSES FONSECA LOUZADA, sob supervis\u00e3o do Prof. Dr. Valm\u00f4r Scott Jr.<\/p>\n<p>3) RICARDO LEMOS SAINZ, sob supervis\u00e3o do Prof. Dr. Marcelo Nunes Apolin\u00e1rio<\/p>\n","protected":false},"excerpt":{"rendered":"<p>1) THIAGO RIBEIRO RAFAGNIN, sob supervis\u00e3o do Prof. Dr. Guilherme Camargo Massa\u00fa 2) ULYSSES FONSECA LOUZADA, sob supervis\u00e3o do Prof. Dr. Valm\u00f4r Scott Jr. 3) RICARDO LEMOS SAINZ, sob supervis\u00e3o do Prof. Dr. Marcelo Nunes Apolin\u00e1rio<\/p>\n","protected":false},"author":293,"featured_media":0,"parent":0,"menu_order":0,"comment_status":"closed","ping_status":"closed","template":"","meta":{"footnotes":""},"class_list":["post-5744","page","type-page","status-publish","hentry","nodate","item-wrap"],"jetpack-related-posts":[],"jetpack_sharing_enabled":true,"_links":{"self":[{"href":"https:\/\/wp.ufpel.edu.br\/ppgd\/wp-json\/wp\/v2\/pages\/5744","targetHints":{"allow":["GET"]}}],"collection":[{"href":"https:\/\/wp.ufpel.edu.br\/ppgd\/wp-json\/wp\/v2\/pages"}],"about":[{"href":"https:\/\/wp.ufpel.edu.br\/ppgd\/wp-json\/wp\/v2\/types\/page"}],"author":[{"embeddable":true,"href":"https:\/\/wp.ufpel.edu.br\/ppgd\/wp-json\/wp\/v2\/users\/293"}],"replies":[{"embeddable":true,"href":"https:\/\/wp.ufpel.edu.br\/ppgd\/wp-json\/wp\/v2\/comments?post=5744"}],"version-history":[{"count":4,"href":"https:\/\/wp.ufpel.edu.br\/ppgd\/wp-json\/wp\/v2\/pages\/5744\/revisions"}],"predecessor-version":[{"id":7754,"href":"https:\/\/wp.ufpel.edu.br\/ppgd\/wp-json\/wp\/v2\/pages\/5744\/revisions\/7754"}],"wp:attachment":[{"href":"https:\/\/wp.ufpel.edu.br\/ppgd\/wp-json\/wp\/v2\/media?parent=5744"}],"curies":[{"name":"wp","href":"https:\/\/api.w.org\/{rel}","templated":true}]}}