{"id":3233,"date":"2020-10-06T11:41:05","date_gmt":"2020-10-06T14:41:05","guid":{"rendered":"https:\/\/wp.ufpel.edu.br\/ppgd\/?page_id=3233"},"modified":"2023-03-09T09:19:58","modified_gmt":"2023-03-09T12:19:58","slug":"projetos-de-pesquisa-com-recursos-de-agencias-publicas-de-fomento","status":"publish","type":"page","link":"https:\/\/wp.ufpel.edu.br\/ppgd\/projetos-de-pesquisa-com-recursos-de-agencias-publicas-de-fomento\/","title":{"rendered":"Financiamento Externo"},"content":{"rendered":"<div style=\"text-align: justify;\">\n<div class=\"layout-cell layout-cell-9\">\n<hr \/>\n<p><strong><strong>Edital: <\/strong><\/strong>Programa de Apoio a Eventos no Exterior (PAEX) n. 15\/2018\u00a0<span style=\"font-size: 10pt;\"><span class=\"collapseomatic \" id=\"id69e213cf92a1d\"  tabindex=\"0\" title=\"Ver mais\"    >Ver mais<\/span><span id='swap-id69e213cf92a1d'  class='colomat-swap' style='display:none;'>Ver menos<\/span><div id=\"target-id69e213cf92a1d\" class=\"collapseomatic_content \"><\/span><\/p>\n<div class=\"layout-cell layout-cell-3 text-align-right\"><strong>Nome do projeto:<\/strong> Ecofeminismo: el g\u00e9nero en el desarrollo sostenible<\/div>\n<div class=\"layout-cell layout-cell-3 text-align-right\">\n<div class=\"layout-cell-pad-5 text-align-right\"><strong>Execu\u00e7\u00e3o:<\/strong> 2018 &#8211; 2018<\/div>\n<div><strong>Coordenadora: <\/strong>Profa. Dra. M\u00e1rcia Rodrigues Bertoldi<\/div>\n<div><strong>Descri\u00e7\u00e3o:<\/strong> El objetivo del estudio es analizar la teor\u00eda del ecofeminismo en cuanto que promotora de la racionalidad ambiental, una percepci\u00f3n de mundo y un contrapunto a la idea de racionalidad econ\u00f3mica, instrumental e hiperproductiva post-moderna..<\/div>\n<\/div>\n<div class=\"layout-cell layout-cell-9\">\n<div class=\"layout-cell-pad-5\"><strong>Situa\u00e7\u00e3o<\/strong>: Conclu\u00eddo; Natureza: Pesquisa.<br class=\"clear\" \/><strong>Alunos envolvidos<\/strong>: Mestrado acad\u00eamico: (2) .<br class=\"clear\" \/><strong>Integrantes:<\/strong> Marcia Rodrigues Bertoldi &#8211; Coordenador \/ F\u00e1bio Rezende Braga &#8211; Integrante \/ Naiade Iria Cardoso Gon\u00e7alves &#8211; Integrante.<br class=\"clear\" \/><strong>Financiador(es):<\/strong> Coordena\u00e7\u00e3o de Aperfei\u00e7oamento de Pessoal de N\u00edvel Superior &#8211; Aux\u00edlio financeiro<\/div>\n<\/div>\n<p><span style=\"font-size: 10pt;\"><\/div><\/span><\/p>\n<\/div>\n<\/div>\n<div>\n<div class=\"layout-cell layout-cell-3 text-align-right\">\n<div class=\"layout-cell layout-cell-9\">\n<div class=\"layout-cell-pad-5\"><\/div>\n<\/div>\n<\/div>\n<\/div>\n<div style=\"text-align: justify;\">\n<div class=\"layout-cell layout-cell-9\">\n<div class=\"layout-cell-pad-5\">\n<hr \/>\n<p><strong>Edital: <\/strong>FAPERGS 01\/2017 &#8211; Aux\u00edlio Rec\u00e9m-Doutor (ARD)\u00a0<span style=\"font-size: 10pt;\"><span class=\"collapseomatic \" id=\"id69e213cf92ab8\"  tabindex=\"0\" title=\"Ver mais\"    >Ver mais<\/span><span id='swap-id69e213cf92ab8'  class='colomat-swap' style='display:none;'>Ver menos<\/span><div id=\"target-id69e213cf92ab8\" class=\"collapseomatic_content \"><\/span><\/p>\n<div class=\"layout-cell layout-cell-9\">\n<div class=\"layout-cell-pad-5\"><strong>Nome do projeto: <\/strong>C\u00e1rcere e vulnerabilidade social: alcances e limites das pol\u00edticas de diversidades no sistema penitenci\u00e1rio do Rio Grande do Sul<\/div>\n<\/div>\n<div class=\"layout-cell layout-cell-3 text-align-right\">\n<div class=\"layout-cell-pad-5 text-align-right\"><strong>Execu\u00e7\u00e3o: <\/strong>2017 &#8211; 2020<\/div>\n<div><strong>Coordenador: <\/strong>Prof. Dr. Bruno Rotta Almeida<\/div>\n<div>Descri\u00e7\u00e3o: A pesquisa visa analisar os alcances e os limites das pol\u00edticas de diversidades no sistema penitenci\u00e1rio do Rio Grande do Sul, buscando verificar o processo de constru\u00e7\u00e3o de diferentes modelos e mecanismos de pol\u00edticas de enfrentamento do c\u00e1rcere em defesa dos direitos fundamentais das pessoas presas e suas singularidades, os impactos na popula\u00e7\u00e3o privada de liberdade, e as perspectivas de luta e enfrentamento que podem ser desenvolvidas visando o respeito \u00e0s diversidades das pessoas privadas de liberdade. O projeto de pesquisa est\u00e1 conectado ao LIBERTAS \u2013 Programa de Enfrentamento da Vulnerabilidade em Ambientes Prisionais, vinculado \u00e0 Faculdade de Direito da Universidade Federal de Pelotas, que objetiva a realiza\u00e7\u00e3o de a\u00e7\u00f5es que conciliem ensino, pesquisa e extens\u00e3o, forjando um sistema que aprimora a produ\u00e7\u00e3o do conhecimento e a atua\u00e7\u00e3o do estudante de Direito na realidade da execu\u00e7\u00e3o penal brasileira, com o desenvolvimento de estudos e propostas concretas de pol\u00edticas sociais em parceria com a comunidade e institui\u00e7\u00f5es, visando reduzir os n\u00edveis de vulnerabiliza\u00e7\u00e3o e viol\u00eancia do sistema prisional local, estadual, nacional e internacional..<\/div>\n<\/div>\n<div class=\"layout-cell layout-cell-9\">\n<div class=\"layout-cell-pad-5\"><strong>Situa\u00e7\u00e3o:<\/strong> Conclu\u00eddo; Natureza: Pesquisa.<br class=\"clear\" \/><strong>Alunos envolvidos:<\/strong> Gradua\u00e7\u00e3o: (7) \/ Mestrado acad\u00eamico: (5) \/ Doutorado: (1) .<br class=\"clear\" \/><strong>Integrantes:<\/strong> Bruno Rotta Almeida &#8211; Coordenador \/ Bruna Hoisler Sallet &#8211; Integrante \/ Pedro Henrique Cunha Castanheira &#8211; Integrante \/ MARINA MOZZILLO DE MOURA &#8211; Integrante \/ Gabrielle Coelho Freire &#8211; Integrante \/ Erlane Alves dos Santos &#8211; Integrante \/ Rafaela Peres Castanho &#8211; Integrante \/ Aline Santestevan Oliveira Iribarrem &#8211; Integrante \/ Eduarda Vaz Corral &#8211; Integrante \/ Anderson Alexandre Dias Santos &#8211; Integrante \/ Marin\u00eas Lopes da Rosa &#8211; Integrante \/ Rafaella Soares Fraga &#8211; Integrante \/ Amanda do Nascimento Rodrigues &#8211; Integrante \/ Thais Silva Braga &#8211; Integrante.<br class=\"clear\" \/><strong>Financiador(es):<\/strong> Funda\u00e7\u00e3o de Amparo \u00e0 Pesquisa do Estado do Rio Grande do Sul &#8211; Aux\u00edlio financeiro<\/div>\n<\/div>\n<p>&nbsp;<\/p>\n<p><span style=\"font-size: 10pt;\"><\/div><\/span><\/p>\n<\/div>\n<\/div>\n<\/div>\n<div>\n<div class=\"layout-cell layout-cell-9\">\n<div class=\"layout-cell-pad-5\">\n<hr \/>\n<p><strong>Edital: <\/strong>Programa de Apoios \u00e0 Extens\u00e3o Universit\u00e1ria MEC\/SESu 2016\u00a0<span style=\"font-size: 10pt;\"><span class=\"collapseomatic \" id=\"id69e213cf92af0\"  tabindex=\"0\" title=\"Ver mais\"    >Ver mais<\/span><span id='swap-id69e213cf92af0'  class='colomat-swap' style='display:none;'>Ver menos<\/span><div id=\"target-id69e213cf92af0\" class=\"collapseomatic_content \"><\/span><\/p>\n<div class=\"layout-cell layout-cell-9\">\n<div class=\"layout-cell-pad-5\"><strong>Nome do projeto: <\/strong>Libertas &#8211; Programa de Enfrentamento da Vulnerabilidade em Ambientes Prisionais<\/div>\n<\/div>\n<div class=\"layout-cell layout-cell-3 text-align-right\">\n<div class=\"layout-cell-pad-5 text-align-right\"><strong>Execu\u00e7\u00e3o: <\/strong>2017- 2018<\/div>\n<div><strong>Coordenador: <\/strong>Prof. Dr. Bruno Rotta Almeida<\/div>\n<\/div>\n<div class=\"layout-cell layout-cell-9\">\n<div class=\"layout-cell-pad-5\"><strong>Descri\u00e7\u00e3o:<\/strong> O LIBERTAS &#8211; Programa de Extens\u00e3o em Ci\u00eancias Criminais se destina \u00e0 reflex\u00e3o e constru\u00e7\u00e3o de uma concep\u00e7\u00e3o cr\u00edtica das Ci\u00eancias Criminais nas seguintes abordagens: sistemas jur\u00eddico-penais; crime e viol\u00eancia; puni\u00e7\u00e3o e controle social; vulnerabilidade social. O programa objetiva a elabora\u00e7\u00e3o de pol\u00edticas sociais em parceria com a comunidade na tentativa de supera\u00e7\u00e3o do modelo atual. A partir da compreens\u00e3o do papel perverso que desenvolve o sistema penal, principalmente em nossa regi\u00e3o marginal, visa-se fomentar o pensamento cient\u00edfico na luta por um sistema penal humanista e menos estigmatizante. Logo, o LIBERTAS visa a realiza\u00e7\u00e3o de a\u00e7\u00f5es que conciliem ensino, pesquisa e extens\u00e3o, forjando um sistema completo e que aprimora a produ\u00e7\u00e3o do conhecimento ao permitir a intera\u00e7\u00e3o de atores, como professores, estudantes e a comunidade social. Endere\u00e7o: http:\/\/wp.ufpel.edu.br\/libertas\/.<br class=\"clear\" \/><strong>Situa\u00e7\u00e3o:<\/strong> Conclu\u00eddo; Natureza: Extens\u00e3o.<br class=\"clear\" \/><strong>Alunos envolvidos:<\/strong> Gradua\u00e7\u00e3o: (5) \/ Mestrado acad\u00eamico: (7) \/ Doutorado: (3) .<br class=\"clear\" \/><strong>Integrantes:<\/strong> Bruno Rotta Almeida &#8211; Coordenador \/ Inezita Silveira da Costa &#8211; Integrante \/ Ana Cl\u00e1udia Vinholes Siqueira Lucas &#8211; Integrante \/ Daniel Brod Rodrigues de Sousa &#8211; Integrante \/ Jose Fernando Gonzalez &#8211; Integrante \/ Bruna Hoisler Sallet &#8211; Integrante \/ Pedro Henrique Cunha Castanheira &#8211; Integrante \/ Mrina Mozzillo de Moura &#8211; Integrante \/ Gabrielle Coelho Freire &#8211; Integrante \/ Erlane Alves dos Santos &#8211; Integrante \/ Ta\u00edsa Gabriela Soares &#8211; Integrante \/ Rafaela Peres Castanho &#8211; Integrante \/ Aline Santestevan Oliveira Iribarrem &#8211; Integrante \/ Eduarda Vaz Corral &#8211; Integrante \/ Thais Bonato Gomes &#8211; Integrante.<br class=\"clear\" \/><strong>Financiador(es):<\/strong> Programa de Extens\u00e3o Universit\u00e1ria &#8211; Aux\u00edlio financeiro.<br class=\"clear\" \/>N\u00famero de produ\u00e7\u00f5es C, T &amp; A: 19 \/ N\u00famero de orienta\u00e7\u00f5es: 2<\/div>\n<\/div>\n<p><span style=\"font-size: 10pt;\"><\/div><\/span><\/p>\n<\/div>\n<div>\n<hr \/>\n<p><strong>Edital: <\/strong>MCTI\/CNPQ\/Universal 14\/2014<span style=\"font-size: 10pt;\"><span class=\"collapseomatic \" id=\"id69e213cf92b22\"  tabindex=\"0\" title=\"Ver mais\"    >Ver mais<\/span><span id='swap-id69e213cf92b22'  class='colomat-swap' style='display:none;'>Ver menos<\/span><div id=\"target-id69e213cf92b22\" class=\"collapseomatic_content \"><\/span><\/p>\n<div class=\"layout-cell layout-cell-9\">\n<div class=\"layout-cell-pad-5\"><strong>Nome do projeto: <\/strong>Quilombolas do Sul do Rio Grande do Sul: seus saberes e efetiva\u00e7\u00e3o da continuidade cultural\u00a0 como suporte ao desenvolvimento sustent\u00e1vel<\/div>\n<\/div>\n<div class=\"layout-cell layout-cell-3 text-align-right\">\n<div class=\"layout-cell-pad-5 text-align-right\"><b>Execu\u00e7\u00e3o: <\/b>2014 &#8211; 2017<\/div>\n<div><strong>Coordenadora: <\/strong>Profa. Dra. M\u00e1rcia Rodrigues Bertoldi<\/div>\n<\/div>\n<div class=\"layout-cell layout-cell-9\">\n<div class=\"layout-cell-pad-5\">Descri\u00e7\u00e3o: O objetivo desse projeto \u00e9 identificar as pr\u00e1ticas sustent\u00e1veis das comunidades quilombolas da cidade de Pelotas-RS, originadas de seus saberes tradicionais, que promovem o direito ao desenvolvimento sustent\u00e1vel (nas vertentes social, econ\u00f4mica, cultural e ambiental) e realizar o registro como forma de salvaguardar tais saberes e prosperar a continuidade cultural, a conserva\u00e7\u00e3o ambiental de seu habitat, a promo\u00e7\u00e3o da equidade social e a manuten\u00e7\u00e3o das identidades singulares e dos modos de organiza\u00e7\u00e3o econ\u00f4mica, elementos condicionantes da efetiva\u00e7\u00e3o do princ\u00edpio da dignidade humana..<br class=\"clear\" \/><strong>Situa\u00e7\u00e3o:<\/strong> Conclu\u00eddo; Natureza: Pesquisa.<br class=\"clear\" \/><strong>Alunos envolvidos:<\/strong> Gradua\u00e7\u00e3o: (3) .<br class=\"clear\" \/><strong>Integrantes:<\/strong> Marcia Rodrigues Bertoldi &#8211; Coordenador \/ Renata Ovenhausen Albernaz &#8211; Integrante \/ Rosane Aparecida Rubert &#8211; Integrante \/ Yasmin Seonane &#8211; Integrante \/ Nathercia Pedotti &#8211; Integrante \/ Guilherme Stefan &#8211; Integrante \/ Jefferson Galv\u00e3o &#8211; Integrante \/ Nara Beatriz Matias Soares &#8211; Integrante \/ Lu\u00edsa Ruas Oliveira &#8211; Integrante \/ \u00c1dria T\u00e1bita de Moraes Nascimento &#8211; Integrante.<br class=\"clear\" \/><strong>Financiador(es):<\/strong> Conselho Nacional de Desenvolvimento Cient\u00edfico e Tecnol\u00f3gico &#8211; Aux\u00edlio financeiro.<br class=\"clear\" \/>N\u00famero de produ\u00e7\u00f5es C, T &amp; A: 19<\/div>\n<\/div>\n<p><span style=\"font-size: 10pt;\"><\/div><\/span><\/p>\n<\/div>\n<\/div>\n<\/div>\n","protected":false},"excerpt":{"rendered":"<p>Edital: Programa de Apoio a Eventos no Exterior (PAEX) n. 15\/2018\u00a0 Edital: FAPERGS 01\/2017 &#8211; Aux\u00edlio Rec\u00e9m-Doutor (ARD)\u00a0 Edital: Programa de Apoios \u00e0 Extens\u00e3o Universit\u00e1ria MEC\/SESu 2016\u00a0 Edital: MCTI\/CNPQ\/Universal 14\/2014<\/p>\n","protected":false},"author":293,"featured_media":0,"parent":0,"menu_order":0,"comment_status":"closed","ping_status":"closed","template":"","meta":{"footnotes":""},"class_list":["post-3233","page","type-page","status-publish","hentry","nodate","item-wrap"],"jetpack-related-posts":[],"jetpack_sharing_enabled":true,"_links":{"self":[{"href":"https:\/\/wp.ufpel.edu.br\/ppgd\/wp-json\/wp\/v2\/pages\/3233","targetHints":{"allow":["GET"]}}],"collection":[{"href":"https:\/\/wp.ufpel.edu.br\/ppgd\/wp-json\/wp\/v2\/pages"}],"about":[{"href":"https:\/\/wp.ufpel.edu.br\/ppgd\/wp-json\/wp\/v2\/types\/page"}],"author":[{"embeddable":true,"href":"https:\/\/wp.ufpel.edu.br\/ppgd\/wp-json\/wp\/v2\/users\/293"}],"replies":[{"embeddable":true,"href":"https:\/\/wp.ufpel.edu.br\/ppgd\/wp-json\/wp\/v2\/comments?post=3233"}],"version-history":[{"count":22,"href":"https:\/\/wp.ufpel.edu.br\/ppgd\/wp-json\/wp\/v2\/pages\/3233\/revisions"}],"predecessor-version":[{"id":6025,"href":"https:\/\/wp.ufpel.edu.br\/ppgd\/wp-json\/wp\/v2\/pages\/3233\/revisions\/6025"}],"wp:attachment":[{"href":"https:\/\/wp.ufpel.edu.br\/ppgd\/wp-json\/wp\/v2\/media?parent=3233"}],"curies":[{"name":"wp","href":"https:\/\/api.w.org\/{rel}","templated":true}]}}