{"id":25,"date":"2016-12-29T08:57:39","date_gmt":"2016-12-29T10:57:39","guid":{"rendered":"https:\/\/wp.ufpel.edu.br\/ppgd\/?page_id=25"},"modified":"2023-03-09T09:30:33","modified_gmt":"2023-03-09T12:30:33","slug":"disciplinas","status":"publish","type":"page","link":"https:\/\/wp.ufpel.edu.br\/ppgd\/disciplinas\/","title":{"rendered":"Disciplinas"},"content":{"rendered":"<hr \/>\n<table class=\"dados-cobalto tabela-disciplinas\"><tr><th colspan=\"5\" class=\"tabela-quebra\">1\u00ba Semestre<\/th><\/tr><tr><th>C\u00f3digo<\/th><th>Disciplina<\/th><th>Car\u00e1ter<\/th><th>Cr.<\/th><th>Horas<\/th><\/tr><tr><td>04830107<\/td><td><a href=\"https:\/\/institucional.ufpel.edu.br\/disciplinas\/id\/55420\">ACESSIBILIDADE NA EDUCA\u00c7\u00c3O SUPERIOR<\/a><\/td><td>Optativa<\/td><td>4<\/td><td>60<\/td><\/tr><tr><td>04810053<\/td><td><a href=\"https:\/\/institucional.ufpel.edu.br\/disciplinas\/id\/55379\">ACESSO \u00c0 JUSTI\u00c7A E DEMOCRACIA<\/a><\/td><td>Optativa<\/td><td>4<\/td><td>60<\/td><\/tr><tr><td>04830095<\/td><td><a href=\"https:\/\/institucional.ufpel.edu.br\/disciplinas\/id\/55408\">A constru\u00e7\u00e3o da dignidade humana a partir dos direitos sociais<\/a><\/td><td>Optativa<\/td><td>4<\/td><td>60<\/td><\/tr><tr><td>04830094<\/td><td><a href=\"https:\/\/institucional.ufpel.edu.br\/disciplinas\/id\/55407\">CIDADANIA E G\u00caNERO: PERSPECTIVA DAS MULHERES NO MUNDO DO TRABALHO<\/a><\/td><td>Optativa<\/td><td>4<\/td><td>60<\/td><\/tr><tr><td>04830104<\/td><td><a href=\"https:\/\/institucional.ufpel.edu.br\/disciplinas\/id\/55417\">CONSTITUI\u00c7\u00c3O E ESTADO SOCIAL<\/a><\/td><td>Optativa<\/td><td>4<\/td><td>60<\/td><\/tr><tr><td>04830108<\/td><td><a href=\"https:\/\/institucional.ufpel.edu.br\/disciplinas\/id\/55421\">CONSUMO E VULNERABILIDADE NA SOCIEDADE CONTEMPOR\u00c2NEA<\/a><\/td><td>Optativa<\/td><td>4<\/td><td>60<\/td><\/tr><tr><td>04830112<\/td><td><a href=\"https:\/\/institucional.ufpel.edu.br\/disciplinas\/id\/55425\">Elabora\u00e7\u00e3o e Defesa de Disserta\u00e7\u00e3o de Mestrado<\/a><\/td><td>Optativa<\/td><td>6<\/td><td>90<\/td><\/tr><tr><td>04830114<\/td><td><a href=\"https:\/\/institucional.ufpel.edu.br\/disciplinas\/id\/55427\">Elabora\u00e7\u00e3o e Defesa de Disserta\u00e7\u00e3o de Mestrado<\/a><\/td><td>Optativa<\/td><td>6<\/td><td>90<\/td><\/tr><tr><td>04830113<\/td><td><a href=\"https:\/\/institucional.ufpel.edu.br\/disciplinas\/id\/55426\">Estudos Foucaultianos e Decolonialidade: constru\u00e7\u00f5es jur\u00eddicas por meio de jogos de poder e de saber<\/a><\/td><td>Optativa<\/td><td>4<\/td><td>60<\/td><\/tr><tr><td>04830096<\/td><td><a href=\"https:\/\/institucional.ufpel.edu.br\/disciplinas\/id\/55409\">Jurisdi\u00e7\u00e3o Constitucional, Controle de Constitucionalidade e Tutela dos Direitos Fundamentais Sociais<\/a><\/td><td>Optativa<\/td><td>4<\/td><td>60<\/td><\/tr><tr><td>04830092<\/td><td><a href=\"https:\/\/institucional.ufpel.edu.br\/disciplinas\/id\/55405\">METODOLOGIA DA PESQUISA JUR\u00cdDICA<\/a><\/td><td>Obrigat\u00f3ria<\/td><td>4<\/td><td>60<\/td><\/tr><tr><td>04820044<\/td><td><a href=\"https:\/\/institucional.ufpel.edu.br\/disciplinas\/id\/55404\">POL\u00cdTICA, PENALIDADE E EXCLUS\u00c3O SOCIAL<\/a><\/td><td>Optativa<\/td><td>4<\/td><td>60<\/td><\/tr><tr><td>04830105<\/td><td><a href=\"https:\/\/institucional.ufpel.edu.br\/disciplinas\/id\/55418\">SOLIDARIEDADE E EFETIVA\u00c7\u00c3O DOS DIREITOS SOCIAIS<\/a><\/td><td>Optativa<\/td><td>4<\/td><td>60<\/td><\/tr><tr><td>04830098<\/td><td><a href=\"https:\/\/institucional.ufpel.edu.br\/disciplinas\/id\/55411\">TEORIA GERAL DOS DIREITOS FUNDAMENTAIS SOCIAIS<\/a><\/td><td>Optativa<\/td><td>4<\/td><td>60<\/td><\/tr><tr><th colspan=\"5\" class=\"tabela-quebra\">2\u00ba Semestre<\/th><\/tr><tr><th>C\u00f3digo<\/th><th>Disciplina<\/th><th>Car\u00e1ter<\/th><th>Cr.<\/th><th>Horas<\/th><\/tr><tr><td>04830111<\/td><td><a href=\"https:\/\/institucional.ufpel.edu.br\/disciplinas\/id\/55424\">A constru\u00e7\u00e3o da dignidade humana a partir dos direitos sociais<\/a><\/td><td>Optativa<\/td><td>2<\/td><td>30<\/td><\/tr><tr><td>04830100<\/td><td><a href=\"https:\/\/institucional.ufpel.edu.br\/disciplinas\/id\/55413\">A CONSTRU\u00c7\u00c3O DA DIGNIDADE HUMANA A PARTIR DOS DIREITOS SOCIAIS<\/a><\/td><td>Optativa<\/td><td>4<\/td><td>60<\/td><\/tr><tr><td>04810059<\/td><td><a href=\"https:\/\/institucional.ufpel.edu.br\/disciplinas\/id\/56434\">CIBERN\u00c9TICA, CIBERSEGURAN\u00c7A E PROTE\u00c7\u00c3O DIGITAL NA DATAFICA\u00c7\u00c3O DE TUDO<\/a><\/td><td>Optativa<\/td><td>4<\/td><td>60<\/td><\/tr><tr><td>04830103<\/td><td><a href=\"https:\/\/institucional.ufpel.edu.br\/disciplinas\/id\/55416\">CONSTITUCIONALISMOS E DEMOCRACIA<\/a><\/td><td>Optativa<\/td><td>4<\/td><td>60<\/td><\/tr><tr><td>04830109<\/td><td><a href=\"https:\/\/institucional.ufpel.edu.br\/disciplinas\/id\/55422\">DIREITOS DOS POVOS ORIGIN\u00c1RIOS E NA NATUREZA<\/a><\/td><td>Optativa<\/td><td>4<\/td><td>60<\/td><\/tr><tr><td>04830099<\/td><td><a href=\"https:\/\/institucional.ufpel.edu.br\/disciplinas\/id\/55412\">DIREITOS FUNDAMENTAIS E DEMOCRACIA<\/a><\/td><td>Optativa<\/td><td>4<\/td><td>60<\/td><\/tr><tr><td>04810060<\/td><td><a href=\"https:\/\/institucional.ufpel.edu.br\/disciplinas\/id\/56435\">DIREITO, VULNERABILIDADE E NOVAS TECNOLOGIAS<\/a><\/td><td>Optativa<\/td><td>4<\/td><td>60<\/td><\/tr><tr><td>04810057<\/td><td><a href=\"https:\/\/institucional.ufpel.edu.br\/disciplinas\/id\/55383\">ESTADO, PUNI\u00c7\u00c3O E CONTROLE<\/a><\/td><td>Optativa<\/td><td>4<\/td><td>60<\/td><\/tr><tr><td>04830110<\/td><td><a href=\"https:\/\/institucional.ufpel.edu.br\/disciplinas\/id\/55423\">EST\u00c1GIO DOCENTE<\/a><\/td><td>Optativa<\/td><td>4<\/td><td>60<\/td><\/tr><tr><td>04820043<\/td><td><a href=\"https:\/\/institucional.ufpel.edu.br\/disciplinas\/id\/55403\">INCLUS\u00c3O, DI\u00c1LOGO E TRABALHO<\/a><\/td><td>Optativa<\/td><td>4<\/td><td>60<\/td><\/tr><tr><td>04810055<\/td><td><a href=\"https:\/\/institucional.ufpel.edu.br\/disciplinas\/id\/55381\">JURISDI\u00c7\u00c3O E SOCIEDADE<\/a><\/td><td>Optativa<\/td><td>4<\/td><td>60<\/td><\/tr><tr><td>04830101<\/td><td><a href=\"https:\/\/institucional.ufpel.edu.br\/disciplinas\/id\/55414\">MUDAN\u00c7AS CLIM\u00c1TICAS E DIREITOS SOCIAIS: IMPACTOS E PERSPECTIVAS<\/a><\/td><td>Optativa<\/td><td>4<\/td><td>60<\/td><\/tr><tr><td>04830106<\/td><td><a href=\"https:\/\/institucional.ufpel.edu.br\/disciplinas\/id\/55419\">POL\u00cdTICAS P\u00daBLICAS, DIVERSIDADE E VULNERABILIDADE<\/a><\/td><td>Optativa<\/td><td>4<\/td><td>60<\/td><\/tr><tr><td>04830097<\/td><td><a href=\"https:\/\/institucional.ufpel.edu.br\/disciplinas\/id\/55410\">Servi\u00e7os P\u00fablicos e Concretiza\u00e7\u00e3o dos Direitos Fundamentais Sociais<\/a><\/td><td>Optativa<\/td><td>4<\/td><td>60<\/td><\/tr><tr><td>04820042<\/td><td><a href=\"https:\/\/institucional.ufpel.edu.br\/disciplinas\/id\/55402\">SISTEMA PENAL Y PROTECCI\u00d3N DE LOS DERECHOS FUNDAMENTALES<\/a><\/td><td>Optativa<\/td><td>2<\/td><td>30<\/td><\/tr><tr><td>04810056<\/td><td><a href=\"https:\/\/institucional.ufpel.edu.br\/disciplinas\/id\/55382\">SISTEMA TRIBUT\u00c1RIO E DESENVOLVIMENTO SOCIAL<\/a><\/td><td>Optativa<\/td><td>4<\/td><td>60<\/td><\/tr><tr><td>04830093<\/td><td><a href=\"https:\/\/institucional.ufpel.edu.br\/disciplinas\/id\/55406\">TEORIA DOS DIREITOS FUNDAMENTAIS<\/a><\/td><td>Obrigat\u00f3ria<\/td><td>4<\/td><td>60<\/td><\/tr><tr><td>04830102<\/td><td><a href=\"https:\/\/institucional.ufpel.edu.br\/disciplinas\/id\/55415\">T\u00d3PICOS ESPECIAIS<\/a><\/td><td>Optativa<\/td><td>2<\/td><td>30<\/td><\/tr><tr><td>04810054<\/td><td><a href=\"https:\/\/institucional.ufpel.edu.br\/disciplinas\/id\/55380\">TUTELA COLETIVA DOS DIREITOS FUNDAMENTAIS SOCIAIS<\/a><\/td><td>Optativa<\/td><td>4<\/td><td>60<\/td><\/tr><\/table>\n<p style=\"text-align: justify;\">OBS: a distribui\u00e7\u00e3o das disciplinas por semestre \u00e9 meramente ilustrativa, pois as ofertas sofrem altera\u00e7\u00e3o a cada ano.<\/p>\n","protected":false},"excerpt":{"rendered":"<p>OBS: a distribui\u00e7\u00e3o das disciplinas por semestre \u00e9 meramente ilustrativa, pois as ofertas sofrem altera\u00e7\u00e3o a cada ano.<\/p>\n","protected":false},"author":293,"featured_media":0,"parent":0,"menu_order":0,"comment_status":"closed","ping_status":"closed","template":"","meta":{"footnotes":""},"class_list":["post-25","page","type-page","status-publish","hentry","nodate","item-wrap"],"jetpack-related-posts":[],"jetpack_sharing_enabled":true,"_links":{"self":[{"href":"https:\/\/wp.ufpel.edu.br\/ppgd\/wp-json\/wp\/v2\/pages\/25","targetHints":{"allow":["GET"]}}],"collection":[{"href":"https:\/\/wp.ufpel.edu.br\/ppgd\/wp-json\/wp\/v2\/pages"}],"about":[{"href":"https:\/\/wp.ufpel.edu.br\/ppgd\/wp-json\/wp\/v2\/types\/page"}],"author":[{"embeddable":true,"href":"https:\/\/wp.ufpel.edu.br\/ppgd\/wp-json\/wp\/v2\/users\/293"}],"replies":[{"embeddable":true,"href":"https:\/\/wp.ufpel.edu.br\/ppgd\/wp-json\/wp\/v2\/comments?post=25"}],"version-history":[{"count":98,"href":"https:\/\/wp.ufpel.edu.br\/ppgd\/wp-json\/wp\/v2\/pages\/25\/revisions"}],"predecessor-version":[{"id":6029,"href":"https:\/\/wp.ufpel.edu.br\/ppgd\/wp-json\/wp\/v2\/pages\/25\/revisions\/6029"}],"wp:attachment":[{"href":"https:\/\/wp.ufpel.edu.br\/ppgd\/wp-json\/wp\/v2\/media?parent=25"}],"curies":[{"name":"wp","href":"https:\/\/api.w.org\/{rel}","templated":true}]}}