{"id":2337,"date":"2020-03-02T17:39:28","date_gmt":"2020-03-02T20:39:28","guid":{"rendered":"https:\/\/wp.ufpel.edu.br\/ppgd\/?page_id=2337"},"modified":"2020-10-05T15:27:24","modified_gmt":"2020-10-05T18:27:24","slug":"aluno-especial-2020","status":"publish","type":"page","link":"https:\/\/wp.ufpel.edu.br\/ppgd\/aluno-especial-2020\/","title":{"rendered":"Aluno Especial 2020"},"content":{"rendered":"<p><span style=\"font-family: helvetica, arial, sans-serif\"><strong>Sele\u00e7\u00e3o 2020\/II<\/strong><\/span><\/p>\n<p><span style=\"color: #333333;font-family: helvetica, arial, sans-serif\"><a style=\"color: #333333\" href=\"https:\/\/wp.ufpel.edu.br\/ppgd\/files\/2020\/09\/Edital-de-selecao-81-2020-PPG-em-Direito-aluno-especial.pdf\">Edital-de-Selecao-Aluno-Especial 2020\/II<\/a><\/span><\/p>\n<p><span style=\"font-family: helvetica, arial, sans-serif;color: #333333\">Retifica\u00e7\u00e3o no hor\u00e1rio da disciplina\u00a0<strong>ACESSO \u00c0 JUSTI\u00c7A E DEMOCRACIA<\/strong>:\u00a0sexta,\u00a0<strong>das 18h \u00e0s 20h.<\/strong><\/span><\/p>\n<p><span style=\"color: #333333;font-family: helvetica, arial, sans-serif\"><a style=\"color: #333333\" href=\"https:\/\/wp.ufpel.edu.br\/ppgd\/files\/2020\/09\/FORMULARIO-DE-INSCRICAO-ALUNO-ESPECIAL.doc\">Formulario-de-Inscricao-Aluno-Especia<\/a><\/span><\/p>\n<p><span style=\"color: #333333;font-family: helvetica, arial, sans-serif\"><a style=\"color: #333333\" href=\"https:\/\/wp.ufpel.edu.br\/ppgd\/files\/2020\/09\/RESULTADO-ALUNO-ESPECIAL-2020-2.pdf\">Resultado &#8211; Aluno Especial &#8211; 2020\/II<\/a><\/span><\/p>\n<p>&nbsp;<\/p>\n<p>&nbsp;<\/p>\n<p><span style=\"font-family: helvetica, arial, sans-serif\"><strong>Sele\u00e7\u00e3o 2020\/I<\/strong><\/span><\/p>\n<p><span style=\"color: #000000;font-family: helvetica, arial, sans-serif\"><a style=\"color: #000000\" href=\"https:\/\/wp.ufpel.edu.br\/ppgd\/files\/2019\/08\/SEI_UFPel-0845351-Edital-de-sele\u00e7\u00e3o-PRPPGI.pdf\">Edital de sele\u00e7\u00e3o &#8211; Aluno Especial 2020\/I<\/a><\/span><\/p>\n<p><span style=\"color: #000000;font-family: helvetica, arial, sans-serif\"><a style=\"color: #000000\" href=\"https:\/\/wp.ufpel.edu.br\/ppgd\/files\/2019\/08\/Formul\u00e1rio-Inscri\u00e7\u00e3o-1.doc\">Formul\u00e1rio-Inscri\u00e7\u00e3o<\/a><\/span><\/p>\n<p><span style=\"color: #000000;font-family: helvetica, arial, sans-serif\"><a style=\"color: #000000\" href=\"https:\/\/wp.ufpel.edu.br\/ppgd\/files\/2020\/03\/Resultado_selecionados-por-disciplina.pdf\">Resultado_selecionados por disciplina.<\/a><\/span><\/p>\n<p><span style=\"color: #000000;font-family: helvetica, arial, sans-serif\"><a style=\"color: #000000\" href=\"https:\/\/wp.ufpel.edu.br\/ppgd\/files\/2020\/03\/Formul\u00e1rio-de-matr\u00edcula.pdf\">Formul\u00e1rio de matr\u00edcula.<\/a><\/span><\/p>\n<p><span style=\"color: #000000;font-family: helvetica, arial, sans-serif\"><a style=\"color: #000000\" href=\"https:\/\/wp.ufpel.edu.br\/ppgd\/files\/2020\/03\/Chamamento-de-Suplentes.pdf\">Chamamento de Suplentes<\/a><\/span><\/p>\n<p>&nbsp;<\/p>\n","protected":false},"excerpt":{"rendered":"<p>Sele\u00e7\u00e3o 2020\/II Edital-de-Selecao-Aluno-Especial 2020\/II Retifica\u00e7\u00e3o no hor\u00e1rio da disciplina\u00a0ACESSO \u00c0 JUSTI\u00c7A E DEMOCRACIA:\u00a0sexta,\u00a0das 18h \u00e0s 20h. Formulario-de-Inscricao-Aluno-Especia Resultado &#8211; Aluno Especial &#8211; 2020\/II &nbsp; &nbsp; Sele\u00e7\u00e3o 2020\/I Edital de sele\u00e7\u00e3o &#8211; Aluno Especial 2020\/I Formul\u00e1rio-Inscri\u00e7\u00e3o Resultado_selecionados por disciplina. Formul\u00e1rio de matr\u00edcula. Chamamento de Suplentes &nbsp;<\/p>\n","protected":false},"author":293,"featured_media":0,"parent":0,"menu_order":0,"comment_status":"closed","ping_status":"closed","template":"","meta":{"footnotes":""},"class_list":["post-2337","page","type-page","status-publish","hentry","nodate","item-wrap"],"jetpack-related-posts":[],"jetpack_sharing_enabled":true,"_links":{"self":[{"href":"https:\/\/wp.ufpel.edu.br\/ppgd\/wp-json\/wp\/v2\/pages\/2337","targetHints":{"allow":["GET"]}}],"collection":[{"href":"https:\/\/wp.ufpel.edu.br\/ppgd\/wp-json\/wp\/v2\/pages"}],"about":[{"href":"https:\/\/wp.ufpel.edu.br\/ppgd\/wp-json\/wp\/v2\/types\/page"}],"author":[{"embeddable":true,"href":"https:\/\/wp.ufpel.edu.br\/ppgd\/wp-json\/wp\/v2\/users\/293"}],"replies":[{"embeddable":true,"href":"https:\/\/wp.ufpel.edu.br\/ppgd\/wp-json\/wp\/v2\/comments?post=2337"}],"version-history":[{"count":8,"href":"https:\/\/wp.ufpel.edu.br\/ppgd\/wp-json\/wp\/v2\/pages\/2337\/revisions"}],"predecessor-version":[{"id":3204,"href":"https:\/\/wp.ufpel.edu.br\/ppgd\/wp-json\/wp\/v2\/pages\/2337\/revisions\/3204"}],"wp:attachment":[{"href":"https:\/\/wp.ufpel.edu.br\/ppgd\/wp-json\/wp\/v2\/media?parent=2337"}],"curies":[{"name":"wp","href":"https:\/\/api.w.org\/{rel}","templated":true}]}}