{"id":1968,"date":"2019-08-02T20:25:43","date_gmt":"2019-08-02T23:25:43","guid":{"rendered":"https:\/\/wp.ufpel.edu.br\/ppgd\/?page_id=1968"},"modified":"2020-03-11T15:45:06","modified_gmt":"2020-03-11T18:45:06","slug":"aluno-regular-2020","status":"publish","type":"page","link":"https:\/\/wp.ufpel.edu.br\/ppgd\/aluno-regular-2020\/","title":{"rendered":"Aluno Regular 2020"},"content":{"rendered":"<p style=\"text-align: center\"><span style=\"font-family: helvetica, arial, sans-serif;color: #000000\"><strong>Sele\u00e7\u00e3o \u2013 Aluno Regular 2020<\/strong><\/span><\/p>\n<p>&nbsp;<\/p>\n<p>&nbsp;<\/p>\n<p><span style=\"font-family: helvetica, arial, sans-serif;color: #000000\"><a style=\"color: #000000\" href=\"https:\/\/wp.ufpel.edu.br\/ppgd\/files\/2019\/08\/Edital-de-sele\u00e7\u00e3o-PPG-Direito-Aluno-Regular.pdf\">Edital de sele\u00e7\u00e3o &#8211; Aluno Regular 2020<\/a><\/span><\/p>\n<p style=\"text-align: left\"><span style=\"color: #000000;font-family: helvetica, arial, sans-serif\"><strong>Retifica\u00e7\u00e3o ao Edital n\u00ba 95\/2019 quanto ao link do livro &#8220;PIOVESAN, Fl\u00e1via. Temas de Direitos Humanos, 9\u00aa edi\u00e7\u00e3o. S\u00e3o Paulo: Saraiva, 2016 (Parte III, Cap\u00edtulos:12, 13, 14, 15, 16)&#8221;. <\/strong><\/span><\/p>\n<p style=\"text-align: left\"><span style=\"font-family: helvetica, arial, sans-serif;color: #000000\"><strong>Os cap\u00edtulos dever\u00e3o ser baixados neste link:<\/strong>\u00a0<a style=\"color: #000000\" href=\"https:\/\/wp.ufpel.edu.br\/ppgd\/files\/2019\/08\/Fl\u00e1via-Piovesan-Temas-de-direitos-humanos-cap.-12-a-16.pdf\">Fl\u00e1via Piovesan &#8211; Temas de direitos humanos cap. 12 a 16 <\/a><a style=\"color: #000000\" href=\"https:\/\/wp.ufpel.edu.br\/ppgd\/files\/2019\/08\/Fl\u00e1via-Piovesan-Temas-de-direitos-humanos-cap.-12-a-16.pdf\">(<\/a><strong>PIOVESAN, Fl\u00e1via. Temas de Direitos Humanos, 5\u00aa edi\u00e7\u00e3o. S\u00e3o Paulo: Saraiva, 2012 (Parte III,\u00a0Cap\u00edtulos:12, 13, 14, 15, 16)<\/strong><\/span><\/p>\n<p><span style=\"font-family: helvetica, arial, sans-serif;color: #000000\"><a style=\"color: #000000\" href=\"https:\/\/wp.ufpel.edu.br\/ppgd\/files\/2019\/08\/Edital-de-Retifica\u00e7\u00e3o-Regular-PPG-Direito.pdf\">Edital de Retifica\u00e7\u00e3o &#8211; Aluno Regular 2020<\/a><\/span><\/p>\n<p><span style=\"color: #000000;font-family: helvetica, arial, sans-serif\"><a style=\"color: #000000\" href=\"https:\/\/wp.ufpel.edu.br\/ppgd\/files\/2019\/08\/FORMULARIO-DE-INSCRI\u00c7\u00c3O-ATUALIZADO-1.doc\">Formul\u00e1rio de Inscri\u00e7\u00e3o<\/a><\/span><\/p>\n<p><span style=\"background-color: #ffffff;color: #000000;font-family: helvetica, arial, sans-serif\"><a style=\"background-color: #ffffff;color: #000000\" href=\"https:\/\/wp.ufpel.edu.br\/ppgd\/files\/2019\/08\/declaracao_etnia_2019.pdf\">Declara\u00e7\u00e3o_etnia_2019<\/a><\/span><\/p>\n<p><span style=\"color: #000000;font-family: helvetica, arial, sans-serif\"><a style=\"color: #000000\" href=\"https:\/\/wp.ufpel.edu.br\/ppgd\/files\/2019\/08\/Rela\u00e7\u00e3o-de-Incri\u00e7\u00f5es-Homologadas.pdf\">Rela\u00e7\u00e3o de Inscri\u00e7\u00f5es Homologadas<\/a><\/span><\/p>\n<p><span style=\"color: #000000;font-family: helvetica, arial, sans-serif\"><a style=\"color: #000000\" href=\"https:\/\/wp.ufpel.edu.br\/ppgd\/files\/2019\/10\/Avalia\u00e7\u00e3o-da-Prova-Escrita.pdf\">Resultado preliminar da Prova Escrita<\/a><\/span><\/p>\n<p><span style=\"color: #000000\"><a style=\"color: #000000\" href=\"https:\/\/wp.ufpel.edu.br\/ppgd\/files\/2019\/08\/ANEXO-1-LATTES.pdf\">Anexo 1 &#8211; Lattes<\/a><\/span><\/p>\n<p><span style=\"color: #000000\"><a style=\"color: #000000\" href=\"https:\/\/wp.ufpel.edu.br\/ppgd\/files\/2019\/08\/Avalia\u00e7\u00e3o-da-Prova-Escrita-Resultado-ap\u00f3s-recursos.pdf\">Avalia\u00e7\u00e3o da Prova Escrita &#8211; Resultado ap\u00f3s recursos<\/a><\/span><\/p>\n<p><span style=\"color: #000000\"><a style=\"color: #000000\" href=\"https:\/\/wp.ufpel.edu.br\/ppgd\/files\/2019\/08\/Avalia\u00e7\u00e3o-da-Prova-Escrita-Resultado-ap\u00f3s-recursos.pdf\">Resultado ap\u00f3s recursos- <\/a><a style=\"color: #000000\" href=\"https:\/\/wp.ufpel.edu.br\/ppgd\/files\/2019\/08\/Avalia\u00e7\u00e3o-da-Prova-Escrita-Resultado-ap\u00f3s-recursos.pdf\">Prova Escrita<\/a><\/span><\/p>\n<p><span style=\"color: #000000\"><a style=\"color: #000000\" href=\"https:\/\/wp.ufpel.edu.br\/ppgd\/files\/2019\/08\/AN\u00c1LISE-DO-CURR\u00cdCULO-LATTES-E-ANTEPROJETO-DE-DISSERTA\u00c7\u00c3O.pdf\">Resultado preliminar do curr\u00edculo Lattes e anteprojeto de disserta\u00e7\u00e3o<\/a><\/span><\/p>\n<p><span style=\"color: #000000\"><a style=\"color: #000000\" href=\"https:\/\/wp.ufpel.edu.br\/ppgd\/files\/2019\/08\/AN\u00c1LISE-DO-CURR\u00cdCULO-LATTES-E-ANTEPROJETO-DE-DISSERTA\u00c7\u00c3O-AP\u00d3S-RECURSOS.pdf\">Resultado ap\u00f3s recursos &#8211; curr\u00edculo Lattes e anteprojeto de disserta\u00e7\u00e3o<\/a><\/span><\/p>\n<p><span style=\"color: #000000\"><a style=\"color: #000000\" href=\"https:\/\/wp.ufpel.edu.br\/ppgd\/files\/2019\/08\/RESULTADO-FINAL.pdf\">Resultado Final<\/a><\/span><\/p>\n<p><span style=\"color: #000000\"><a style=\"color: #000000\" href=\"https:\/\/wp.ufpel.edu.br\/ppgd\/files\/2019\/08\/Resultado-Final_25_11_2019.pdf\">Resultado Final ap\u00f3s recursos<\/a><\/span><\/p>\n<p><span style=\"background-color: #ffffff;color: #000000\"><a style=\"background-color: #ffffff;color: #000000\" href=\"https:\/\/wp.ufpel.edu.br\/ppgd\/files\/2020\/03\/SUPLENTES.pdf\">Chamamento de Suplentes<\/a><\/span><\/p>\n<p><span style=\"background-color: #ffffff;color: #000000\"><a style=\"background-color: #ffffff;color: #000000\" href=\"https:\/\/wp.ufpel.edu.br\/ppgd\/files\/2020\/03\/2\u00ba-Chamamento-de-Suplentes.pdf\">2\u00ba Chamamento de Suplentes<\/a><\/span><\/p>\n<p>&nbsp;<\/p>\n","protected":false},"excerpt":{"rendered":"<p>Sele\u00e7\u00e3o \u2013 Aluno Regular 2020 &nbsp; &nbsp; Edital de sele\u00e7\u00e3o &#8211; Aluno Regular 2020 Retifica\u00e7\u00e3o ao Edital n\u00ba 95\/2019 quanto ao link do livro &#8220;PIOVESAN, Fl\u00e1via. Temas de Direitos Humanos, 9\u00aa edi\u00e7\u00e3o. S\u00e3o Paulo: Saraiva, 2016 (Parte III, Cap\u00edtulos:12, 13, 14, 15, 16)&#8221;. Os cap\u00edtulos dever\u00e3o ser baixados neste link:\u00a0Fl\u00e1via Piovesan &#8211; Temas de direitos &hellip; <\/p>\n<p><a class=\"more-link btn\" href=\"https:\/\/wp.ufpel.edu.br\/ppgd\/aluno-regular-2020\/\">Continue lendo<\/a><\/p>\n","protected":false},"author":293,"featured_media":0,"parent":0,"menu_order":0,"comment_status":"closed","ping_status":"closed","template":"","meta":{"footnotes":""},"class_list":["post-1968","page","type-page","status-publish","hentry","nodate","item-wrap"],"jetpack-related-posts":[],"jetpack_sharing_enabled":true,"_links":{"self":[{"href":"https:\/\/wp.ufpel.edu.br\/ppgd\/wp-json\/wp\/v2\/pages\/1968","targetHints":{"allow":["GET"]}}],"collection":[{"href":"https:\/\/wp.ufpel.edu.br\/ppgd\/wp-json\/wp\/v2\/pages"}],"about":[{"href":"https:\/\/wp.ufpel.edu.br\/ppgd\/wp-json\/wp\/v2\/types\/page"}],"author":[{"embeddable":true,"href":"https:\/\/wp.ufpel.edu.br\/ppgd\/wp-json\/wp\/v2\/users\/293"}],"replies":[{"embeddable":true,"href":"https:\/\/wp.ufpel.edu.br\/ppgd\/wp-json\/wp\/v2\/comments?post=1968"}],"version-history":[{"count":24,"href":"https:\/\/wp.ufpel.edu.br\/ppgd\/wp-json\/wp\/v2\/pages\/1968\/revisions"}],"predecessor-version":[{"id":2405,"href":"https:\/\/wp.ufpel.edu.br\/ppgd\/wp-json\/wp\/v2\/pages\/1968\/revisions\/2405"}],"wp:attachment":[{"href":"https:\/\/wp.ufpel.edu.br\/ppgd\/wp-json\/wp\/v2\/media?parent=1968"}],"curies":[{"name":"wp","href":"https:\/\/api.w.org\/{rel}","templated":true}]}}