{"id":1659,"date":"2019-06-21T20:30:48","date_gmt":"2019-06-21T23:30:48","guid":{"rendered":"https:\/\/wp.ufpel.edu.br\/ppgd\/?page_id=1659"},"modified":"2019-06-21T21:41:01","modified_gmt":"2019-06-22T00:41:01","slug":"aluno-regular-2019","status":"publish","type":"page","link":"https:\/\/wp.ufpel.edu.br\/ppgd\/aluno-regular-2019\/","title":{"rendered":"Aluno Regular 2019"},"content":{"rendered":"<p style=\"text-align: center\"><span style=\"font-family: helvetica, arial, sans-serif\"><strong>Sele\u00e7\u00e3o &#8211; Aluno Regular 2019<\/strong><\/span><\/p>\n<p>&nbsp;<\/p>\n<p><span style=\"font-family: helvetica, arial, sans-serif\"><a href=\"https:\/\/wp.ufpel.edu.br\/ppgd\/files\/2017\/01\/Edital-de-sele\u00e7\u00e3o-81-2019-PPG-Direito-Aluno-Regular.pdf\">Edital de sele\u00e7\u00e3o &#8211; Aluno regular 2019<\/a> <\/span><\/p>\n<p><span style=\"font-family: helvetica, arial, sans-serif\"><a href=\"https:\/\/wp.ufpel.edu.br\/ppgd\/files\/2017\/01\/Formul\u00e1rio-de-Inscri\u00e7\u00e3o.pdf\">Formul\u00e1rio de inscri\u00e7\u00e3o<\/a><\/span><\/p>\n<p><span style=\"font-family: helvetica, arial, sans-serif\"><a href=\"https:\/\/wp.ufpel.edu.br\/ppgd\/files\/2017\/01\/declaracao_etnia_PRPPGI.pdf\">Declaracao de etnia -PRPPGI<\/a> <\/span><\/p>\n<p><span style=\"font-family: helvetica, arial, sans-serif\"><a href=\"https:\/\/wp.ufpel.edu.br\/ppgd\/files\/2017\/01\/Rela\u00e7\u00e3o-de-Inscri\u00e7\u00f5es-Homologadas.pdf\">Rela\u00e7\u00e3o de inscri\u00e7\u00f5es homologadas<\/a><\/span><\/p>\n<p><span style=\"font-family: helvetica, arial, sans-serif\"><a href=\"https:\/\/wp.ufpel.edu.br\/ppgd\/files\/2017\/01\/Resultado_1\u00aa-FASE_Prova-Escrita.pdf\">Resultado preliminar &#8211; Primeira fase<\/a><\/span><\/p>\n<p><span style=\"font-family: helvetica, arial, sans-serif\"><a href=\"https:\/\/wp.ufpel.edu.br\/ppgd\/files\/2017\/01\/Resultado_Recursos_PE.pdf\">Resultado &#8211; Recursos \u00e0 primeira fase<\/a><\/span><\/p>\n<p><span style=\"font-family: helvetica, arial, sans-serif\"><a href=\"https:\/\/wp.ufpel.edu.br\/ppgd\/files\/2017\/01\/Resultado-An\u00e1lise-do-Anteprojeto-de-Pesquisa.pdf\">Resultado &#8211; Segunda fase<\/a><\/span><\/p>\n<p><span style=\"font-family: helvetica, arial, sans-serif\"><a href=\"https:\/\/wp.ufpel.edu.br\/ppgd\/files\/2017\/01\/Resultado_AN\u00c1LISE-DOS-RECURSOS_2\u00aa-Fase.pdf\">Resultado &#8211; Recursos \u00e0 segunda fase<\/a><\/span><\/p>\n<p><span style=\"font-family: helvetica, arial, sans-serif\"><a href=\"https:\/\/wp.ufpel.edu.br\/ppgd\/files\/2017\/01\/Resultado-Avalia\u00e7\u00e3o-do-Curr\u00edculo-Lattes.pdf\">Resultado &#8211; Terceira fase<\/a><\/span><\/p>\n<p><span style=\"font-family: helvetica, arial, sans-serif\"><a href=\"https:\/\/wp.ufpel.edu.br\/ppgd\/files\/2017\/01\/Resultado_AP\u00d3S-RECURSOS_3\u00aaFase.pdf\">Resultado &#8211; Recursos \u00e0 terceira fase<\/a>\u00a0<\/span><\/p>\n<p><span style=\"font-family: helvetica, arial, sans-serif\"><a href=\"https:\/\/wp.ufpel.edu.br\/ppgd\/files\/2017\/01\/RESULTADO-FINAL.pdf\">Resultado Final preliminar<\/a><\/span><\/p>\n<p><span style=\"font-family: helvetica, arial, sans-serif\"><a href=\"https:\/\/wp.ufpel.edu.br\/ppgd\/files\/2017\/01\/AN\u00c1LISE-DE-RECURSOS-APRESENTADOS-NA-FASE-FINAL.pdf\">Resultado &#8211; Recursos ao resultado final<\/a><\/span><\/p>\n<p><span style=\"font-family: helvetica, arial, sans-serif\"><a href=\"https:\/\/wp.ufpel.edu.br\/ppgd\/files\/2017\/01\/RESULTADO-FINAL-AP\u00d3S-RECURSOS.pdf\">Resultado Final definitivo<\/a>\u00a0\u00a0<\/span><\/p>\n<p><span style=\"font-family: helvetica, arial, sans-serif\"><a href=\"https:\/\/wp.ufpel.edu.br\/ppgd\/files\/2017\/01\/RETIFICA\u00c7\u00c3O.pdf\">Retifica\u00e7\u00e3o<\/a>\u00a0<\/span><\/p>\n<p>&nbsp;<\/p>\n<p>&nbsp;<\/p>\n","protected":false},"excerpt":{"rendered":"<p>Sele\u00e7\u00e3o &#8211; Aluno Regular 2019 &nbsp; Edital de sele\u00e7\u00e3o &#8211; Aluno regular 2019 Formul\u00e1rio de inscri\u00e7\u00e3o Declaracao de etnia -PRPPGI Rela\u00e7\u00e3o de inscri\u00e7\u00f5es homologadas Resultado preliminar &#8211; Primeira fase Resultado &#8211; Recursos \u00e0 primeira fase Resultado &#8211; Segunda fase Resultado &#8211; Recursos \u00e0 segunda fase Resultado &#8211; Terceira fase Resultado &#8211; Recursos \u00e0 terceira fase\u00a0 &hellip; <\/p>\n<p><a class=\"more-link btn\" href=\"https:\/\/wp.ufpel.edu.br\/ppgd\/aluno-regular-2019\/\">Continue lendo<\/a><\/p>\n","protected":false},"author":293,"featured_media":0,"parent":0,"menu_order":0,"comment_status":"closed","ping_status":"closed","template":"","meta":{"footnotes":""},"class_list":["post-1659","page","type-page","status-publish","hentry","nodate","item-wrap"],"jetpack-related-posts":[],"jetpack_sharing_enabled":true,"_links":{"self":[{"href":"https:\/\/wp.ufpel.edu.br\/ppgd\/wp-json\/wp\/v2\/pages\/1659","targetHints":{"allow":["GET"]}}],"collection":[{"href":"https:\/\/wp.ufpel.edu.br\/ppgd\/wp-json\/wp\/v2\/pages"}],"about":[{"href":"https:\/\/wp.ufpel.edu.br\/ppgd\/wp-json\/wp\/v2\/types\/page"}],"author":[{"embeddable":true,"href":"https:\/\/wp.ufpel.edu.br\/ppgd\/wp-json\/wp\/v2\/users\/293"}],"replies":[{"embeddable":true,"href":"https:\/\/wp.ufpel.edu.br\/ppgd\/wp-json\/wp\/v2\/comments?post=1659"}],"version-history":[{"count":4,"href":"https:\/\/wp.ufpel.edu.br\/ppgd\/wp-json\/wp\/v2\/pages\/1659\/revisions"}],"predecessor-version":[{"id":1684,"href":"https:\/\/wp.ufpel.edu.br\/ppgd\/wp-json\/wp\/v2\/pages\/1659\/revisions\/1684"}],"wp:attachment":[{"href":"https:\/\/wp.ufpel.edu.br\/ppgd\/wp-json\/wp\/v2\/media?parent=1659"}],"curies":[{"name":"wp","href":"https:\/\/api.w.org\/{rel}","templated":true}]}}