{"id":802,"date":"2016-07-09T23:13:10","date_gmt":"2016-07-10T02:13:10","guid":{"rendered":"https:\/\/wp.ufpel.edu.br\/ppgcienciapolitica\/?page_id=802"},"modified":"2025-07-03T14:34:09","modified_gmt":"2025-07-03T17:34:09","slug":"comissoes","status":"publish","type":"page","link":"https:\/\/wp.ufpel.edu.br\/ppgcienciapolitica\/apresentacao\/comissoes\/","title":{"rendered":"Comiss\u00e3o de Bolsas"},"content":{"rendered":"<p><strong><span style=\"color: #800000;\">Comiss\u00e3o de Bolsas<\/span><\/strong><\/p>\n<p>Docentes: William Daldegan, Bianca Linhares e Guilherme Massa\u00fa<\/p>\n<p>Representa\u00e7\u00e3o discente: J\u00e9ssica Seabra de Oliveira Alves (titular) e Luana Broni Ara\u00fajo (suplente)<\/p>\n","protected":false},"excerpt":{"rendered":"<p>Comiss\u00e3o de Bolsas Docentes: William Daldegan, Bianca Linhares e Guilherme Massa\u00fa Representa\u00e7\u00e3o discente: J\u00e9ssica Seabra de Oliveira Alves (titular) e Luana Broni Ara\u00fajo (suplente)<\/p>\n","protected":false},"author":555,"featured_media":0,"parent":55,"menu_order":0,"comment_status":"closed","ping_status":"closed","template":"","meta":{"footnotes":""},"class_list":["post-802","page","type-page","status-publish","hentry"],"jetpack_sharing_enabled":true,"_links":{"self":[{"href":"https:\/\/wp.ufpel.edu.br\/ppgcienciapolitica\/wp-json\/wp\/v2\/pages\/802","targetHints":{"allow":["GET"]}}],"collection":[{"href":"https:\/\/wp.ufpel.edu.br\/ppgcienciapolitica\/wp-json\/wp\/v2\/pages"}],"about":[{"href":"https:\/\/wp.ufpel.edu.br\/ppgcienciapolitica\/wp-json\/wp\/v2\/types\/page"}],"author":[{"embeddable":true,"href":"https:\/\/wp.ufpel.edu.br\/ppgcienciapolitica\/wp-json\/wp\/v2\/users\/555"}],"replies":[{"embeddable":true,"href":"https:\/\/wp.ufpel.edu.br\/ppgcienciapolitica\/wp-json\/wp\/v2\/comments?post=802"}],"version-history":[{"count":6,"href":"https:\/\/wp.ufpel.edu.br\/ppgcienciapolitica\/wp-json\/wp\/v2\/pages\/802\/revisions"}],"predecessor-version":[{"id":4954,"href":"https:\/\/wp.ufpel.edu.br\/ppgcienciapolitica\/wp-json\/wp\/v2\/pages\/802\/revisions\/4954"}],"up":[{"embeddable":true,"href":"https:\/\/wp.ufpel.edu.br\/ppgcienciapolitica\/wp-json\/wp\/v2\/pages\/55"}],"wp:attachment":[{"href":"https:\/\/wp.ufpel.edu.br\/ppgcienciapolitica\/wp-json\/wp\/v2\/media?parent=802"}],"curies":[{"name":"wp","href":"https:\/\/api.w.org\/{rel}","templated":true}]}}