{"id":4638,"date":"2024-09-04T15:20:00","date_gmt":"2024-09-04T18:20:00","guid":{"rendered":"https:\/\/wp.ufpel.edu.br\/ppgcienciapolitica\/?page_id=4638"},"modified":"2025-10-07T20:32:42","modified_gmt":"2025-10-07T23:32:42","slug":"turma-2022","status":"publish","type":"page","link":"https:\/\/wp.ufpel.edu.br\/ppgcienciapolitica\/publicacoes\/dissertacoes\/turma-2022\/","title":{"rendered":"Turma 2022 (Disserta\u00e7\u00f5es)"},"content":{"rendered":"<p><strong>102. Gustavo Gordo de Freitas<\/strong><\/p>\n<p>T\u00edtulo da disserta\u00e7\u00e3o: A Percep\u00e7\u00e3o dos Oficiais da Marinha sobre a Guerra do Paraguai: uma an\u00e1lise de conte\u00fado a partir da revista Navigator<\/p>\n<p>Orientadora: Etiene Villela Marroni<\/p>\n<p>Data de defesa: 26\/07\/2024<\/p>\n<p><a href=\"https:\/\/wp.ufpel.edu.br\/ppgcienciapolitica\/files\/2024\/09\/Dissertac\u0327a\u0303o-Gustavo-Gordo.pdf\">Acesse a disserta\u00e7\u00e3o em arquivo digital pdf<\/a><\/p>\n<p><strong>103. Danielly Jardim Milano<\/strong><\/p>\n<p>T\u00edtulo da disserta\u00e7\u00e3o: As manifesta\u00e7\u00f5es da Viol\u00eancia Pol\u00edtica de G\u00eanero no Brasil: uma an\u00e1lise dos casos representados pelo GT-VPG de 2021 a 2023<\/p>\n<p>Orientadora: Rosangela Marione Schulz<\/p>\n<p>Data de defesa: 30\/07\/2024<\/p>\n<p><a href=\"https:\/\/wp.ufpel.edu.br\/ppgcienciapolitica\/files\/2024\/09\/Dissertac\u0327a\u0303o-Danielly-Jardim-Milano.pdf\">Acesse a disserta\u00e7\u00e3o em arquivo digital pdf<\/a><\/p>\n<p><strong>104. Laura Feij\u00f3 de Souza<\/strong><\/p>\n<p>T\u00edtulo da disserta\u00e7\u00e3o:\u00a0O impacto da ADPF 635 na seguran\u00e7a p\u00fablica do estado do Rio de Janeiro:\u00a0potencializa\u00e7\u00e3o ou desarticula\u00e7\u00e3o dos legados autorit\u00e1rios?<\/p>\n<p>Orientador: Carlos Artur Gallo<\/p>\n<p>Data de defesa: 31\/07\/2024<\/p>\n<p><a href=\"https:\/\/wp.ufpel.edu.br\/ppgcienciapolitica\/files\/2024\/09\/Dissertac\u0327a\u0303o-Laura-Feijo\u0301-de-Souza.pdf\">Acesse a disserta\u00e7\u00e3o em arquivo digital pdf<\/a><\/p>\n<p><strong>105. <span style=\"font-family: var(--fonte-corpo);\">Ester Gruppelli Kurz<\/span><\/strong><\/p>\n<p>T\u00edtulo da disserta\u00e7\u00e3o:\u00a0O papel do BRICS para a ascensa\u0303o chinesa na economia-mundo capitalista: o consenso internacional como elemento necessa\u0301rio a\u0300 hegemonia<\/p>\n<p>Orientador: <span style=\"font-family: var(--fonte-corpo);\">William Daldegan<\/span><\/p>\n<p>Data de defesa: <span style=\"font-family: var(--fonte-corpo);\">30\/08\/2024<\/span><\/p>\n<p><a href=\"https:\/\/wp.ufpel.edu.br\/ppgcienciapolitica\/files\/2024\/11\/Ester-Gruppelli-Kurz.pdf\">Acesse a disserta\u00e7\u00e3o em arquivo digital pdf<\/a><\/p>\n<p><strong>106. Calido Mango<\/strong><\/p>\n<p>T\u00edtulo da disserta\u00e7\u00e3o: Virtudes evocadas, promessas n\u00e3o cumpridas: elei\u00e7\u00f5es pluripartid\u00e1rias na Guin\u00e9-Bissau (1994-2019)<\/p>\n<p>Orientador: Alvaro Augusto de Borba Barreto<\/p>\n<p>Data de defesa: 12\/12\/2024<\/p>\n<p><a href=\"https:\/\/wp.ufpel.edu.br\/ppgcienciapolitica\/files\/2025\/03\/Dissertacao-Calido-Mango.pdf\">Acesse a disserta\u00e7\u00e3o em arquivo digital pdf<\/a><\/p>\n<p><strong>107. Jeilson Djassi<\/strong><\/p>\n<p>T\u00edtulo da disserta\u00e7\u00e3o: O impacto pol\u00edtico da coopera\u00e7\u00e3o Brasil-Guin\u00e9-Bissau no setor da educa\u00e7\u00e3o na forma\u00e7\u00e3o dos estudantes guineense: o caso da UNILAB-CE (2011-2023)<\/p>\n<p>Orientador: Guilherme Camargo Massa\u00fa<\/p>\n<p>Data de defesa: 12\/02\/2025<\/p>\n<p><a href=\"https:\/\/wp.ufpel.edu.br\/ppgcienciapolitica\/files\/2025\/06\/Dissertacao-Jeilson-Djassi.pdf\">Acesse a disserta\u00e7\u00e3o em arquivo digital PDF<\/a><\/p>\n<p>&nbsp;<\/p>\n","protected":false},"excerpt":{"rendered":"<p>102. Gustavo Gordo de Freitas T\u00edtulo da disserta\u00e7\u00e3o: A Percep\u00e7\u00e3o dos Oficiais da Marinha sobre a Guerra do Paraguai: uma an\u00e1lise de conte\u00fado a partir da revista Navigator Orientadora: Etiene Villela Marroni Data de defesa: 26\/07\/2024 Acesse a disserta\u00e7\u00e3o em arquivo digital pdf 103. Danielly Jardim Milano T\u00edtulo da disserta\u00e7\u00e3o: As manifesta\u00e7\u00f5es da Viol\u00eancia Pol\u00edtica [&hellip;]<\/p>\n","protected":false},"author":555,"featured_media":0,"parent":213,"menu_order":0,"comment_status":"closed","ping_status":"closed","template":"","meta":{"footnotes":""},"class_list":["post-4638","page","type-page","status-publish","hentry"],"jetpack_sharing_enabled":true,"_links":{"self":[{"href":"https:\/\/wp.ufpel.edu.br\/ppgcienciapolitica\/wp-json\/wp\/v2\/pages\/4638","targetHints":{"allow":["GET"]}}],"collection":[{"href":"https:\/\/wp.ufpel.edu.br\/ppgcienciapolitica\/wp-json\/wp\/v2\/pages"}],"about":[{"href":"https:\/\/wp.ufpel.edu.br\/ppgcienciapolitica\/wp-json\/wp\/v2\/types\/page"}],"author":[{"embeddable":true,"href":"https:\/\/wp.ufpel.edu.br\/ppgcienciapolitica\/wp-json\/wp\/v2\/users\/555"}],"replies":[{"embeddable":true,"href":"https:\/\/wp.ufpel.edu.br\/ppgcienciapolitica\/wp-json\/wp\/v2\/comments?post=4638"}],"version-history":[{"count":4,"href":"https:\/\/wp.ufpel.edu.br\/ppgcienciapolitica\/wp-json\/wp\/v2\/pages\/4638\/revisions"}],"predecessor-version":[{"id":5108,"href":"https:\/\/wp.ufpel.edu.br\/ppgcienciapolitica\/wp-json\/wp\/v2\/pages\/4638\/revisions\/5108"}],"up":[{"embeddable":true,"href":"https:\/\/wp.ufpel.edu.br\/ppgcienciapolitica\/wp-json\/wp\/v2\/pages\/213"}],"wp:attachment":[{"href":"https:\/\/wp.ufpel.edu.br\/ppgcienciapolitica\/wp-json\/wp\/v2\/media?parent=4638"}],"curies":[{"name":"wp","href":"https:\/\/api.w.org\/{rel}","templated":true}]}}