{"id":4104,"date":"2023-03-20T19:36:49","date_gmt":"2023-03-20T22:36:49","guid":{"rendered":"https:\/\/wp.ufpel.edu.br\/ppgcienciapolitica\/?page_id=4104"},"modified":"2023-11-13T21:24:40","modified_gmt":"2023-11-14T00:24:40","slug":"turma-2023","status":"publish","type":"page","link":"https:\/\/wp.ufpel.edu.br\/ppgcienciapolitica\/corpo-docente\/doutorado-2\/turma-2023\/","title":{"rendered":"Turma 2023"},"content":{"rendered":"<p>Regular (ingresso 03\/2023):<\/p>\n<p>Ayols\u00e9 Andrade Pires dos Santos<\/p>\n<p>Douglas Goveia Rechia<\/p>\n<p>Luana Broni Ara\u00fajo<\/p>\n<p>Mamad\u00fa Indjai<\/p>\n<p>Nairana Karkow Bones<\/p>\n<p>Suplementar (ingresso 08\/2023):<\/p>\n<p>Beatriz Franco Pereira do Vale<\/p>\n<p>Francioli Bagatin<\/p>\n<p>Paulo An\u00f3s T\u00e9<\/p>\n<p>Renata da Silva<\/p>\n","protected":false},"excerpt":{"rendered":"<p>Regular (ingresso 03\/2023): Ayols\u00e9 Andrade Pires dos Santos Douglas Goveia Rechia Luana Broni Ara\u00fajo Mamad\u00fa Indjai Nairana Karkow Bones Suplementar (ingresso 08\/2023): Beatriz Franco Pereira do Vale Francioli Bagatin Paulo An\u00f3s T\u00e9 Renata da Silva<\/p>\n","protected":false},"author":555,"featured_media":0,"parent":622,"menu_order":0,"comment_status":"closed","ping_status":"closed","template":"","meta":{"footnotes":""},"class_list":["post-4104","page","type-page","status-publish","hentry"],"jetpack_sharing_enabled":true,"_links":{"self":[{"href":"https:\/\/wp.ufpel.edu.br\/ppgcienciapolitica\/wp-json\/wp\/v2\/pages\/4104","targetHints":{"allow":["GET"]}}],"collection":[{"href":"https:\/\/wp.ufpel.edu.br\/ppgcienciapolitica\/wp-json\/wp\/v2\/pages"}],"about":[{"href":"https:\/\/wp.ufpel.edu.br\/ppgcienciapolitica\/wp-json\/wp\/v2\/types\/page"}],"author":[{"embeddable":true,"href":"https:\/\/wp.ufpel.edu.br\/ppgcienciapolitica\/wp-json\/wp\/v2\/users\/555"}],"replies":[{"embeddable":true,"href":"https:\/\/wp.ufpel.edu.br\/ppgcienciapolitica\/wp-json\/wp\/v2\/comments?post=4104"}],"version-history":[{"count":3,"href":"https:\/\/wp.ufpel.edu.br\/ppgcienciapolitica\/wp-json\/wp\/v2\/pages\/4104\/revisions"}],"predecessor-version":[{"id":4296,"href":"https:\/\/wp.ufpel.edu.br\/ppgcienciapolitica\/wp-json\/wp\/v2\/pages\/4104\/revisions\/4296"}],"up":[{"embeddable":true,"href":"https:\/\/wp.ufpel.edu.br\/ppgcienciapolitica\/wp-json\/wp\/v2\/pages\/622"}],"wp:attachment":[{"href":"https:\/\/wp.ufpel.edu.br\/ppgcienciapolitica\/wp-json\/wp\/v2\/media?parent=4104"}],"curies":[{"name":"wp","href":"https:\/\/api.w.org\/{rel}","templated":true}]}}