{"id":4101,"date":"2023-03-20T19:34:29","date_gmt":"2023-03-20T22:34:29","guid":{"rendered":"https:\/\/wp.ufpel.edu.br\/ppgcienciapolitica\/?page_id=4101"},"modified":"2023-03-20T19:34:29","modified_gmt":"2023-03-20T22:34:29","slug":"turma-2023","status":"publish","type":"page","link":"https:\/\/wp.ufpel.edu.br\/ppgcienciapolitica\/corpo-docente\/mestrado\/turma-2023\/","title":{"rendered":"Turma 2023"},"content":{"rendered":"<p>Amanda da Luz Perachi<\/p>\n<p>Ana Fl\u00e1via Ramos de Almeida<\/p>\n<p>Bruno Hammes de Carvalho<\/p>\n<p>Gabriel Feddern Timm<\/p>\n<p>Iago Jacinto Petrarca<\/p>\n<p>Jos\u00e9 Moreira<\/p>\n<p>Luki da Silva Peres<\/p>\n<p>Maria Luiza da Silva Gon\u00e7alves<\/p>\n<p>Mayanne de Araujo Menezes<\/p>\n<p>Pedro de Moraes Silva<\/p>\n<p>Sibele Valad\u00e3o Rossales<\/p>\n","protected":false},"excerpt":{"rendered":"<p>Amanda da Luz Perachi Ana Fl\u00e1via Ramos de Almeida Bruno Hammes de Carvalho Gabriel Feddern Timm Iago Jacinto Petrarca Jos\u00e9 Moreira Luki da Silva Peres Maria Luiza da Silva Gon\u00e7alves Mayanne de Araujo Menezes Pedro de Moraes Silva Sibele Valad\u00e3o Rossales<\/p>\n","protected":false},"author":555,"featured_media":0,"parent":487,"menu_order":0,"comment_status":"closed","ping_status":"closed","template":"","meta":{"footnotes":""},"class_list":["post-4101","page","type-page","status-publish","hentry"],"jetpack_sharing_enabled":true,"_links":{"self":[{"href":"https:\/\/wp.ufpel.edu.br\/ppgcienciapolitica\/wp-json\/wp\/v2\/pages\/4101","targetHints":{"allow":["GET"]}}],"collection":[{"href":"https:\/\/wp.ufpel.edu.br\/ppgcienciapolitica\/wp-json\/wp\/v2\/pages"}],"about":[{"href":"https:\/\/wp.ufpel.edu.br\/ppgcienciapolitica\/wp-json\/wp\/v2\/types\/page"}],"author":[{"embeddable":true,"href":"https:\/\/wp.ufpel.edu.br\/ppgcienciapolitica\/wp-json\/wp\/v2\/users\/555"}],"replies":[{"embeddable":true,"href":"https:\/\/wp.ufpel.edu.br\/ppgcienciapolitica\/wp-json\/wp\/v2\/comments?post=4101"}],"version-history":[{"count":1,"href":"https:\/\/wp.ufpel.edu.br\/ppgcienciapolitica\/wp-json\/wp\/v2\/pages\/4101\/revisions"}],"predecessor-version":[{"id":4102,"href":"https:\/\/wp.ufpel.edu.br\/ppgcienciapolitica\/wp-json\/wp\/v2\/pages\/4101\/revisions\/4102"}],"up":[{"embeddable":true,"href":"https:\/\/wp.ufpel.edu.br\/ppgcienciapolitica\/wp-json\/wp\/v2\/pages\/487"}],"wp:attachment":[{"href":"https:\/\/wp.ufpel.edu.br\/ppgcienciapolitica\/wp-json\/wp\/v2\/media?parent=4101"}],"curies":[{"name":"wp","href":"https:\/\/api.w.org\/{rel}","templated":true}]}}

<p>Amanda da Luz Perachi</p>
<p>Ana Flávia Ramos de Almeida</p>
<p>Bruno Hammes de Carvalho</p>
<p>Gabriel Feddern Timm</p>
<p>Iago Jacinto Petrarca</p>
<p>José Moreira</p>
<p>Luki da Silva Peres</p>
<p>Maria Luiza da Silva Gonçalves</p>
<p>Mayanne de Araujo Menezes</p>
<p>Pedro de Moraes Silva</p>
<p>Sibele Valadão Rossales</p>

<p>Amanda da Luz Perachi Ana Flávia Ramos de Almeida Bruno Hammes de Carvalho Gabriel Feddern Timm Iago Jacinto Petrarca José Moreira Luki da Silva Peres Maria Luiza da Silva Gonçalves Mayanne de Araujo Menezes Pedro de Moraes Silva Sibele Valadão Rossales</p>
