{"id":3993,"date":"2023-02-08T12:51:22","date_gmt":"2023-02-08T15:51:22","guid":{"rendered":"https:\/\/wp.ufpel.edu.br\/ppgcienciapolitica\/?page_id=3993"},"modified":"2025-10-07T20:30:22","modified_gmt":"2025-10-07T23:30:22","slug":"turma-2018","status":"publish","type":"page","link":"https:\/\/wp.ufpel.edu.br\/ppgcienciapolitica\/publicacoes\/teses\/turma-2018\/","title":{"rendered":"Turma 2018 (Teses)"},"content":{"rendered":"<p><strong>10. Anna Cl\u00e1udia Campos e Santos Siqueira<\/strong><\/p>\n<p>T\u00edtulo da tese: Discursos pr\u00f3-direita nos anos 1960 no Brasil<\/p>\n<p>Orientador: Daniel de Mendon\u00e7a<\/p>\n<p>Data de defesa: 01\/12\/2022<\/p>\n<p><a href=\"https:\/\/wp.ufpel.edu.br\/ppgcienciapolitica\/files\/2023\/02\/Tese-Anna-Claudia-Siqueira-VF.pdf\">Acessar a tese em arquivo digital pdf<\/a><\/p>\n<p><strong>11. Cristiano Ruiz Engelke\u00a0 \u00a0<\/strong><\/p>\n<p>T\u00edtulo da tese: Desdemocratiza\u00e7\u00e3o e participa\u00e7\u00e3o democr\u00e1tica: a percep\u00e7\u00e3o dos agentes dos Or\u00e7amentos Participativos de Rio Grande e S\u00e3o Louren\u00e7o do Sul (2013-2016)<\/p>\n<p>Orientador: Carlos Artur Gallo<\/p>\n<p>Data de defesa: 09\/12\/2022<\/p>\n<p><a href=\"https:\/\/wp.ufpel.edu.br\/ppgcienciapolitica\/files\/2023\/02\/Tese-Cristiano-Engelke-VF.pdf\">Acessar a tese em arquivo digital pdf<\/a><\/p>\n<p><strong>12. Acr\u00edsio Pereira Victorino<\/strong><\/p>\n<p>T\u00edtulo da tese: Condicionantes da participa\u00e7\u00e3o eleitoral em 36 pa\u00edses do continente africano<\/p>\n<p>Orientador: Alvaro Barreto<\/p>\n<p>Data de defesa: 23\/06\/2023<\/p>\n<p><a href=\"https:\/\/wp.ufpel.edu.br\/ppgcienciapolitica\/files\/2023\/11\/Tese-Acrisio-VF.pdf\">Acessar a tese em arquivo digital pdf<\/a><\/p>\n<p><strong>13. Let\u00edcia Baron<\/strong><\/p>\n<p>T\u00edtulo da tese: A ascen\u00e7\u00e3o da direita no Brasil, Argentina, Chile e Uruguai: reflex\u00f5es a partir da Teoria do Discurso de Laclau e Mouffe<\/p>\n<p>Orientadora: Bianca Linhares<\/p>\n<p>Data de defesa: 26\/06\/2023<\/p>\n<p><a href=\"https:\/\/wp.ufpel.edu.br\/ppgcienciapolitica\/files\/2023\/11\/Tese-Leticia-Baron-VF.pdf\">Acessar a tese em arquivo digital pdf<\/a><\/p>\n<p><strong>14. Paulo C\u00e9sar Neves Barboza<\/strong><\/p>\n<p>T\u00edtulo da tese: O momento de antagonismo: o pol\u00edtico, a pol\u00edtica e a justi\u00e7a no Brasil (2013 &#8211; 2018)<\/p>\n<p>Orientador: Cl\u00e1udio Leivas<\/p>\n<p>Data de defesa: 04\/07\/2023<\/p>\n<p><a href=\"https:\/\/wp.ufpel.edu.br\/ppgcienciapolitica\/files\/2023\/11\/Tese-Paulo-Barboza-VF.pdf\">Acessar a tese em arquivo digital pdf<\/a><\/p>\n<p><strong>15. Carolina Costa dos Santos<\/strong><\/p>\n<p>T\u00edtulo da tese: Por uma leitura p\u00f3s-fundacional da representa\u00e7\u00e3o pol\u00edtica<\/p>\n<p>Orientadora: Bianca Linhares<\/p>\n<p>Data de defesa: 08\/08\/2023<\/p>\n<p><a href=\"https:\/\/wp.ufpel.edu.br\/ppgcienciapolitica\/files\/2023\/11\/Tese-Carolina-Santos-VF.pdf\">Acesse a tese em arquivo digital pdf<\/a><\/p>\n<p><strong>16. Sandra Regina Barbosa Parzianello<\/strong><\/p>\n<p>T\u00edtulo da tese: O povo do Lulismo: An\u00e1lise do Discurso Pol\u00edtico do Presidente Lula no per\u00edodo de 2002 a 2010<\/p>\n<p>Orientador: Daniel de Mendon\u00e7a<\/p>\n<p>Data de defesa: 14\/08\/2023<\/p>\n<p><a href=\"https:\/\/wp.ufpel.edu.br\/ppgcienciapolitica\/files\/2023\/11\/Tese-Sandra-VF.pdf\">Acesse a tese em arquivo digital pdf<\/a><\/p>\n<div class=\"page\" title=\"Page 1\">\n<div class=\"section\">\n<div class=\"layoutArea\">\n<div class=\"column\">\n<p><strong>17. Mariana Schardosim Tavares<\/strong><\/p>\n<p>T\u00edtulo da tese: <span style=\"font-family: var(--fonte-corpo);\">Da estrat\u00e9gia \u00e0 ado\u00e7\u00e3o de pr\u00e1ticas resilientes: os fatores que influenciaram a atuac\u0327a\u0303o dos Conselhos Gestores de Poli\u0301ticas para Mulheres em munici\u0301pios da Zona Sul do RS, durante a crise pande\u0302mica<\/span><\/p>\n<p>Orientadora: Rosangela Schulz<\/p>\n<p>Data de defesa: <span style=\"font-family: var(--fonte-corpo);\">30\/09\/2024<\/span><\/p>\n<p><a href=\"https:\/\/wp.ufpel.edu.br\/ppgcienciapolitica\/files\/2024\/11\/Mariana-Tavares.pdf\">Acesse a tese em arquivo digital pdf<\/a><\/p>\n<\/div>\n<\/div>\n<\/div>\n<\/div>\n","protected":false},"excerpt":{"rendered":"<p>10. Anna Cl\u00e1udia Campos e Santos Siqueira T\u00edtulo da tese: Discursos pr\u00f3-direita nos anos 1960 no Brasil Orientador: Daniel de Mendon\u00e7a Data de defesa: 01\/12\/2022 Acessar a tese em arquivo digital pdf 11. Cristiano Ruiz Engelke\u00a0 \u00a0 T\u00edtulo da tese: Desdemocratiza\u00e7\u00e3o e participa\u00e7\u00e3o democr\u00e1tica: a percep\u00e7\u00e3o dos agentes dos Or\u00e7amentos Participativos de Rio Grande e [&hellip;]<\/p>\n","protected":false},"author":555,"featured_media":0,"parent":2741,"menu_order":0,"comment_status":"closed","ping_status":"closed","template":"","meta":{"footnotes":""},"class_list":["post-3993","page","type-page","status-publish","hentry"],"jetpack_sharing_enabled":true,"_links":{"self":[{"href":"https:\/\/wp.ufpel.edu.br\/ppgcienciapolitica\/wp-json\/wp\/v2\/pages\/3993","targetHints":{"allow":["GET"]}}],"collection":[{"href":"https:\/\/wp.ufpel.edu.br\/ppgcienciapolitica\/wp-json\/wp\/v2\/pages"}],"about":[{"href":"https:\/\/wp.ufpel.edu.br\/ppgcienciapolitica\/wp-json\/wp\/v2\/types\/page"}],"author":[{"embeddable":true,"href":"https:\/\/wp.ufpel.edu.br\/ppgcienciapolitica\/wp-json\/wp\/v2\/users\/555"}],"replies":[{"embeddable":true,"href":"https:\/\/wp.ufpel.edu.br\/ppgcienciapolitica\/wp-json\/wp\/v2\/comments?post=3993"}],"version-history":[{"count":3,"href":"https:\/\/wp.ufpel.edu.br\/ppgcienciapolitica\/wp-json\/wp\/v2\/pages\/3993\/revisions"}],"predecessor-version":[{"id":5106,"href":"https:\/\/wp.ufpel.edu.br\/ppgcienciapolitica\/wp-json\/wp\/v2\/pages\/3993\/revisions\/5106"}],"up":[{"embeddable":true,"href":"https:\/\/wp.ufpel.edu.br\/ppgcienciapolitica\/wp-json\/wp\/v2\/pages\/2741"}],"wp:attachment":[{"href":"https:\/\/wp.ufpel.edu.br\/ppgcienciapolitica\/wp-json\/wp\/v2\/media?parent=3993"}],"curies":[{"name":"wp","href":"https:\/\/api.w.org\/{rel}","templated":true}]}}