{"id":3445,"date":"2021-08-12T12:13:33","date_gmt":"2021-08-12T15:13:33","guid":{"rendered":"https:\/\/wp.ufpel.edu.br\/ppgcienciapolitica\/?page_id=3445"},"modified":"2025-10-07T20:34:01","modified_gmt":"2025-10-07T23:34:01","slug":"turma-2019","status":"publish","type":"page","link":"https:\/\/wp.ufpel.edu.br\/ppgcienciapolitica\/publicacoes\/dissertacoes\/turma-2019\/","title":{"rendered":"Turma 2019 (Disserta\u00e7\u00f5es)"},"content":{"rendered":"<p><strong>75. Bruno Gazalle Cavichioli<\/strong><\/p>\n<p>T\u00edtulo da disserta\u00e7\u00e3o: \u201cA ascens\u00e3o pol\u00edtica de Ant\u00f3nio de Oliveira Salazar (1928-1933): a instrumentaliza\u00e7\u00e3o do medo na g\u00eanese do Estado Novo em Portugal\u201d<\/p>\n<p>Orientador: Carlos Artur Gallo<\/p>\n<p>Data da defesa: 01\/06\/2021<\/p>\n<p><a href=\"https:\/\/wp.ufpel.edu.br\/ppgcienciapolitica\/files\/2021\/10\/2021-Dissertac\u0327a\u0303o-Bruno-Gazalle-Cavichioli-VF.pdf\">Acessar a disserta\u00e7\u00e3o em arquivo digital em pdf<\/a><\/p>\n<p><strong>76. Douglas Goveia Rechia<\/strong><\/p>\n<p>T\u00edtulo da disserta\u00e7\u00e3o: \u201cImpeachment no Brasil: uma an\u00e1lise das den\u00fancias contra os presidentes da Rep\u00fablica eleitos na vig\u00eancia da atual Constitui\u00e7\u00e3o (1990-2018)\u201d<\/p>\n<p>Orientador: Alvaro Augusto de Borba Barreto<\/p>\n<p>Data da defesa: 11\/08\/2021<\/p>\n<p><a href=\"https:\/\/wp.ufpel.edu.br\/ppgcienciapolitica\/files\/2021\/10\/2021-Dissertacao-Douglas-Rechia-VF.pdf\">Acessar a tese em arquivo digital em pdf<\/a><\/p>\n<p style=\"text-align: left;\"><strong>77. Lucas Garcia da Silva\u00a0 \u00a0 \u00a0 \u00a0 \u00a0 \u00a0 \u00a0 \u00a0 \u00a0 \u00a0 \u00a0 \u00a0 \u00a0 \u00a0 \u00a0 \u00a0 \u00a0 \u00a0 \u00a0 \u00a0 \u00a0 \u00a0 \u00a0 \u00a0 \u00a0 \u00a0 \u00a0 \u00a0 \u00a0 \u00a0 \u00a0 \u00a0 \u00a0 \u00a0 \u00a0 \u00a0 \u00a0 <\/strong><\/p>\n<p style=\"text-align: left;\">T\u00edtulo da disserta\u00e7\u00e3o: &#8220;Da derrota ao fracasso: uma an\u00e1lise da trajet\u00f3ria discursiva do PSDB entre 2014 e 2018, a partir da Teoria do Discurso de Laclau e Mouffe&#8221;<span style=\"font-size: 12pt;\">\u00a0 \u00a0 \u00a0 \u00a0 \u00a0 \u00a0<\/span><\/p>\n<p style=\"text-align: left;\"><span style=\"font-size: 12pt;\">Orientadora: Bianca de Freitas Linhares\u00a0 \u00a0 \u00a0 \u00a0 \u00a0 \u00a0 \u00a0<\/span><\/p>\n<p style=\"text-align: left;\"><span style=\"font-size: 12pt;\">Data da defesa: 08\/10\/2021\u00a0 \u00a0 \u00a0 \u00a0 \u00a0 \u00a0 \u00a0 \u00a0 \u00a0 \u00a0 \u00a0 \u00a0 \u00a0 \u00a0 \u00a0 \u00a0 \u00a0 \u00a0<\/span><\/p>\n<p style=\"text-align: left;\"><span style=\"font-size: 12pt;\"><a href=\"https:\/\/wp.ufpel.edu.br\/ppgcienciapolitica\/files\/2022\/04\/Dissertacao-Lucas-Garcia-2.pdf\">Acessar disserta\u00e7\u00e3o em pdf<\/a><\/span><span style=\"font-size: 12pt;\">\u00a0 \u00a0 \u00a0 \u00a0 \u00a0 \u00a0 \u00a0 \u00a0 \u00a0 \u00a0 \u00a0 \u00a0 \u00a0 \u00a0 \u00a0 \u00a0 \u00a0 \u00a0 \u00a0 \u00a0 \u00a0 \u00a0 \u00a0 \u00a0 \u00a0 \u00a0 \u00a0 \u00a0 \u00a0 \u00a0 \u00a0 \u00a0 \u00a0 \u00a0 \u00a0 \u00a0 \u00a0 \u00a0 \u00a0 \u00a0 \u00a0 \u00a0 \u00a0 \u00a0 \u00a0 \u00a0 \u00a0 \u00a0 \u00a0 \u00a0 \u00a0 \u00a0<\/span><\/p>\n<p><strong>78. Genaro da Silva Ribeiro\u00a0 \u00a0 \u00a0 \u00a0 \u00a0<\/strong><\/p>\n<p>T\u00edtulo da disserta\u00e7\u00e3o: &#8220;Um beco sem sa\u00edda? Transi\u00e7\u00f5es e degrada\u00e7\u00e3o democr\u00e1tica no Brasil e no Paraguai&#8221;<\/p>\n<p>Orientador: Carlos Arthur Gallo<\/p>\n<p>Data da defesa: 25\/11\/2021<\/p>\n<p><a href=\"https:\/\/wp.ufpel.edu.br\/ppgcienciapolitica\/files\/2022\/04\/Dissertacao-Genaro-Ribeiro.pdf\">Acessar a disserta\u00e7\u00e3o em pdf<\/a><\/p>\n<p><strong>79. Bruna Damasceno da Mota Uchoa\u00a0 \u00a0 \u00a0 \u00a0 \u00a0 \u00a0 \u00a0 \u00a0 \u00a0 \u00a0 \u00a0 \u00a0 \u00a0 \u00a0 \u00a0 \u00a0 \u00a0 \u00a0<\/strong><\/p>\n<p>T\u00edtulo da disserta\u00e7\u00e3o: &#8220;Proibicionismo e Antiproibicionismo: estudo de caso da pol\u00edtica de drogas no Brasil \u00a0(1998-2006)&#8221;<\/p>\n<p>Orientadora: Etienne Villela Marroni<\/p>\n<p>Data da defesa: 16\/12\/2021<\/p>\n<p><a href=\"https:\/\/wp.ufpel.edu.br\/ppgcienciapolitica\/files\/2022\/04\/Dissertacao-Bruna-Uchoa.pdf\">Acessar a disserta\u00e7\u00e3o em pdf<\/a><\/p>\n<p><strong>80. Marina Molina Costa Tavares\u00a0 \u00a0 \u00a0 \u00a0<\/strong><\/p>\n<p>T\u00edtulo da disserta\u00e7\u00e3o: &#8220;A Agenda Regional de G\u00eanero da CEPAL (1977-2016): um estudo a partir do debate de g\u00eanero e desenvolvimento&#8221;<\/p>\n<p>Orientadora: Etienne Villela Marroni<\/p>\n<p>Data da defesa: 17\/12\/2021<\/p>\n<p><a href=\"https:\/\/wp.ufpel.edu.br\/ppgcienciapolitica\/files\/2022\/04\/Dissertacao-Marina-Tavares.pdf\">Acessar a disserta\u00e7\u00e3o em pdf<\/a><\/p>\n<p style=\"text-align: left;\"><strong>81. Simone Beatriz Lopes da Silva Magalh\u00e3es\u00a0<\/strong><\/p>\n<p style=\"text-align: left;\">T\u00edtulo da disserta\u00e7\u00e3o: &#8220;&#8221;N\u00e3o se sabe se \u00e9 op\u00e7\u00e3o, se nasceu assim&#8221;: a influ\u00eancia discursiva de Jair Bolsonaro sobre a sexualidade no debate pol\u00edtica de 2018&#8243;<\/p>\n<p style=\"text-align: left;\">Orientador: Daniel de Mendon\u00e7a<\/p>\n<p style=\"text-align: left;\">Data da defesa: 10\/02\/2022<\/p>\n<p style=\"text-align: left;\"><a href=\"https:\/\/wp.ufpel.edu.br\/ppgcienciapolitica\/files\/2022\/04\/Dissertacao-Simone-Magalhaes-2.pdf\">Acessar disserta\u00e7\u00e3o em pdf<\/a><\/p>\n<p>&nbsp;<\/p>\n<p>&nbsp;<\/p>\n","protected":false},"excerpt":{"rendered":"<p>75. Bruno Gazalle Cavichioli T\u00edtulo da disserta\u00e7\u00e3o: \u201cA ascens\u00e3o pol\u00edtica de Ant\u00f3nio de Oliveira Salazar (1928-1933): a instrumentaliza\u00e7\u00e3o do medo na g\u00eanese do Estado Novo em Portugal\u201d Orientador: Carlos Artur Gallo Data da defesa: 01\/06\/2021 Acessar a disserta\u00e7\u00e3o em arquivo digital em pdf 76. Douglas Goveia Rechia T\u00edtulo da disserta\u00e7\u00e3o: \u201cImpeachment no Brasil: uma an\u00e1lise [&hellip;]<\/p>\n","protected":false},"author":555,"featured_media":0,"parent":213,"menu_order":0,"comment_status":"closed","ping_status":"closed","template":"","meta":{"footnotes":""},"class_list":["post-3445","page","type-page","status-publish","hentry"],"jetpack_sharing_enabled":true,"_links":{"self":[{"href":"https:\/\/wp.ufpel.edu.br\/ppgcienciapolitica\/wp-json\/wp\/v2\/pages\/3445","targetHints":{"allow":["GET"]}}],"collection":[{"href":"https:\/\/wp.ufpel.edu.br\/ppgcienciapolitica\/wp-json\/wp\/v2\/pages"}],"about":[{"href":"https:\/\/wp.ufpel.edu.br\/ppgcienciapolitica\/wp-json\/wp\/v2\/types\/page"}],"author":[{"embeddable":true,"href":"https:\/\/wp.ufpel.edu.br\/ppgcienciapolitica\/wp-json\/wp\/v2\/users\/555"}],"replies":[{"embeddable":true,"href":"https:\/\/wp.ufpel.edu.br\/ppgcienciapolitica\/wp-json\/wp\/v2\/comments?post=3445"}],"version-history":[{"count":3,"href":"https:\/\/wp.ufpel.edu.br\/ppgcienciapolitica\/wp-json\/wp\/v2\/pages\/3445\/revisions"}],"predecessor-version":[{"id":5111,"href":"https:\/\/wp.ufpel.edu.br\/ppgcienciapolitica\/wp-json\/wp\/v2\/pages\/3445\/revisions\/5111"}],"up":[{"embeddable":true,"href":"https:\/\/wp.ufpel.edu.br\/ppgcienciapolitica\/wp-json\/wp\/v2\/pages\/213"}],"wp:attachment":[{"href":"https:\/\/wp.ufpel.edu.br\/ppgcienciapolitica\/wp-json\/wp\/v2\/media?parent=3445"}],"curies":[{"name":"wp","href":"https:\/\/api.w.org\/{rel}","templated":true}]}}