{"id":3205,"date":"2021-01-04T18:44:28","date_gmt":"2021-01-04T21:44:28","guid":{"rendered":"https:\/\/wp.ufpel.edu.br\/ppgcienciapolitica\/?page_id=3205"},"modified":"2021-05-13T08:59:44","modified_gmt":"2021-05-13T11:59:44","slug":"selecao-doutorado-2021","status":"publish","type":"page","link":"https:\/\/wp.ufpel.edu.br\/ppgcienciapolitica\/mestrado-em-ciencia-politica-selecao-2016\/selecao-doutorado-2021\/","title":{"rendered":"Sele\u00e7\u00e3o Doutorado 2021"},"content":{"rendered":"<p><strong>Comiss\u00e3o de Sele\u00e7\u00e3o<\/strong><\/p>\n<p>Carlos Artur Gallo (Presidente)<\/p>\n<p>Bianca de Freitas Linhares<\/p>\n<p>Luciana Maria de Arag\u00e3o Ballestrin<\/p>\n<p>Cl\u00e1udio Leivas (Suplente)<\/p>\n<p>&nbsp;<\/p>\n<p><strong>Edital de Sele\u00e7\u00e3o: <\/strong><a href=\"https:\/\/wp.ufpel.edu.br\/ppgcienciapolitica\/files\/2021\/01\/SEI_UFPel-1177106-Edital-de-selecao-PRPPGI.pdf\">SEI_UFPel &#8211; 1177106 &#8211; Edital de sele\u00e7\u00e3o PRPPGI<\/a><\/p>\n<p><strong>Lista de inscri\u00e7\u00f5es homologadas (resultado): <\/strong><a href=\"https:\/\/wp.ufpel.edu.br\/ppgcienciapolitica\/files\/2021\/04\/Homologacao-das-inscricoes-PPGCPOL-Doutorado-2021.pdf\">Homologa\u00e7\u00e3o das inscri\u00e7\u00f5es PPGCPOL Doutorado 2021<\/a><\/p>\n<p><strong>Resultado Fase 1 (An\u00e1lise do Projeto de Pesquisa):<\/strong> <a href=\"https:\/\/wp.ufpel.edu.br\/ppgcienciapolitica\/files\/2021\/05\/FASE-1-Analise-do-Projeto-Resultado.pdf\">FASE 1 An\u00e1lise do Projeto &#8211; Resultado<\/a><\/p>\n<p><strong>Cronograma Fase 2 (Defesa do Projeto de Pesquisa):<\/strong> <a href=\"https:\/\/wp.ufpel.edu.br\/ppgcienciapolitica\/files\/2021\/05\/FASE-2-Cronograma-de-Defesas-dos-Projetos.pdf\">FASE 2 Cronograma de Defesas dos Projetos<\/a><\/p>\n<p><strong>Resultado Fase 2 (Defesa do Projeto de Pesquisa):<\/strong> <a href=\"https:\/\/wp.ufpel.edu.br\/ppgcienciapolitica\/files\/2021\/05\/FASE-2-Defesa-do-Projeto-Resultado.pdf\">FASE 2 Defesa do Projeto &#8211; Resultado<\/a><\/p>\n<p><strong>Resultado Fase 3 (An\u00e1lise do Curr\u00edculo Lattes):<\/strong> <a href=\"https:\/\/wp.ufpel.edu.br\/ppgcienciapolitica\/files\/2021\/05\/FASE-3-Analise-do-Curriculo-Resultado.pdf\">FASE 3 An\u00e1lise do Curr\u00edculo &#8211; Resultado<\/a><\/p>\n<p><strong>Resultado Final (Provis\u00f3rio):<\/strong> <a href=\"https:\/\/wp.ufpel.edu.br\/ppgcienciapolitica\/files\/2021\/05\/Resultado-Final-Provisorio-Selecao-Doutorado-2021.pdf\">Resultado Final Provis\u00f3rio &#8211; Sele\u00e7\u00e3o Doutorado 2021<\/a><\/p>\n<p><strong>Resultado Final:<\/strong> <a href=\"https:\/\/wp.ufpel.edu.br\/ppgcienciapolitica\/files\/2021\/05\/Resultado-Final-Selecao-Doutorado-2021.pdf\">Resultado Final &#8211; Sele\u00e7\u00e3o Doutorado 2021<\/a><\/p>\n","protected":false},"excerpt":{"rendered":"<p>Comiss\u00e3o de Sele\u00e7\u00e3o Carlos Artur Gallo (Presidente) Bianca de Freitas Linhares Luciana Maria de Arag\u00e3o Ballestrin Cl\u00e1udio Leivas (Suplente) &nbsp; Edital de Sele\u00e7\u00e3o: SEI_UFPel &#8211; 1177106 &#8211; Edital de sele\u00e7\u00e3o PRPPGI Lista de inscri\u00e7\u00f5es homologadas (resultado): Homologa\u00e7\u00e3o das inscri\u00e7\u00f5es PPGCPOL Doutorado 2021 Resultado Fase 1 (An\u00e1lise do Projeto de Pesquisa): FASE 1 An\u00e1lise do Projeto [&hellip;]<\/p>\n","protected":false},"author":555,"featured_media":0,"parent":378,"menu_order":0,"comment_status":"closed","ping_status":"closed","template":"","meta":{"footnotes":""},"class_list":["post-3205","page","type-page","status-publish","hentry"],"jetpack_sharing_enabled":true,"_links":{"self":[{"href":"https:\/\/wp.ufpel.edu.br\/ppgcienciapolitica\/wp-json\/wp\/v2\/pages\/3205","targetHints":{"allow":["GET"]}}],"collection":[{"href":"https:\/\/wp.ufpel.edu.br\/ppgcienciapolitica\/wp-json\/wp\/v2\/pages"}],"about":[{"href":"https:\/\/wp.ufpel.edu.br\/ppgcienciapolitica\/wp-json\/wp\/v2\/types\/page"}],"author":[{"embeddable":true,"href":"https:\/\/wp.ufpel.edu.br\/ppgcienciapolitica\/wp-json\/wp\/v2\/users\/555"}],"replies":[{"embeddable":true,"href":"https:\/\/wp.ufpel.edu.br\/ppgcienciapolitica\/wp-json\/wp\/v2\/comments?post=3205"}],"version-history":[{"count":9,"href":"https:\/\/wp.ufpel.edu.br\/ppgcienciapolitica\/wp-json\/wp\/v2\/pages\/3205\/revisions"}],"predecessor-version":[{"id":3337,"href":"https:\/\/wp.ufpel.edu.br\/ppgcienciapolitica\/wp-json\/wp\/v2\/pages\/3205\/revisions\/3337"}],"up":[{"embeddable":true,"href":"https:\/\/wp.ufpel.edu.br\/ppgcienciapolitica\/wp-json\/wp\/v2\/pages\/378"}],"wp:attachment":[{"href":"https:\/\/wp.ufpel.edu.br\/ppgcienciapolitica\/wp-json\/wp\/v2\/media?parent=3205"}],"curies":[{"name":"wp","href":"https:\/\/api.w.org\/{rel}","templated":true}]}}