{"id":319,"date":"2015-10-21T17:05:20","date_gmt":"2015-10-21T19:05:20","guid":{"rendered":"https:\/\/wp.ufpel.edu.br\/ppgcienciapolitica\/?page_id=319"},"modified":"2019-04-04T17:15:35","modified_gmt":"2019-04-04T20:15:35","slug":"edital","status":"publish","type":"page","link":"https:\/\/wp.ufpel.edu.br\/ppgcienciapolitica\/edital\/","title":{"rendered":"Edital"},"content":{"rendered":"<p>Est\u00e1 dispon\u00edvel o edital de sele\u00e7\u00e3o para a turma de Mestrado em Ci\u00eancia Pol\u00edtica 2016. Acesse <a href=\"https:\/\/wp.ufpel.edu.br\/ppgcienciapolitica\/files\/2015\/10\/Edital-Aluno-Regular-102-PPG-Ci\u00eancia-Pol\u00edtica-1.pdf\">aqui.<\/a><\/p>\n<p><a href=\"https:\/\/wp.ufpel.edu.br\/ppgcienciapolitica\/files\/2015\/10\/Cartaz-1-PPGCPOL.jpg\"><img class=\"alignleft wp-image-313 size-full\" src=\"https:\/\/wp.ufpel.edu.br\/ppgcienciapolitica\/files\/2015\/10\/Cartaz-1-PPGCPOL.jpg\" alt=\"Cartaz PPGCPOL\" width=\"570\" height=\"767\" srcset=\"https:\/\/wp.ufpel.edu.br\/ppgcienciapolitica\/files\/2015\/10\/Cartaz-1-PPGCPOL.jpg 570w, https:\/\/wp.ufpel.edu.br\/ppgcienciapolitica\/files\/2015\/10\/Cartaz-1-PPGCPOL-118x159.jpg 118w, https:\/\/wp.ufpel.edu.br\/ppgcienciapolitica\/files\/2015\/10\/Cartaz-1-PPGCPOL-236x318.jpg 236w\" sizes=\"(max-width: 570px) 100vw, 570px\" \/><\/a><\/p>\n","protected":false},"excerpt":{"rendered":"<p>Est\u00e1 dispon\u00edvel o edital de sele\u00e7\u00e3o para a turma de Mestrado em Ci\u00eancia Pol\u00edtica 2016. Acesse aqui.<\/p>\n","protected":false},"author":555,"featured_media":0,"parent":0,"menu_order":0,"comment_status":"closed","ping_status":"closed","template":"","meta":{"footnotes":""},"class_list":["post-319","page","type-page","status-publish","hentry"],"jetpack_sharing_enabled":true,"_links":{"self":[{"href":"https:\/\/wp.ufpel.edu.br\/ppgcienciapolitica\/wp-json\/wp\/v2\/pages\/319","targetHints":{"allow":["GET"]}}],"collection":[{"href":"https:\/\/wp.ufpel.edu.br\/ppgcienciapolitica\/wp-json\/wp\/v2\/pages"}],"about":[{"href":"https:\/\/wp.ufpel.edu.br\/ppgcienciapolitica\/wp-json\/wp\/v2\/types\/page"}],"author":[{"embeddable":true,"href":"https:\/\/wp.ufpel.edu.br\/ppgcienciapolitica\/wp-json\/wp\/v2\/users\/555"}],"replies":[{"embeddable":true,"href":"https:\/\/wp.ufpel.edu.br\/ppgcienciapolitica\/wp-json\/wp\/v2\/comments?post=319"}],"version-history":[{"count":2,"href":"https:\/\/wp.ufpel.edu.br\/ppgcienciapolitica\/wp-json\/wp\/v2\/pages\/319\/revisions"}],"predecessor-version":[{"id":323,"href":"https:\/\/wp.ufpel.edu.br\/ppgcienciapolitica\/wp-json\/wp\/v2\/pages\/319\/revisions\/323"}],"wp:attachment":[{"href":"https:\/\/wp.ufpel.edu.br\/ppgcienciapolitica\/wp-json\/wp\/v2\/media?parent=319"}],"curies":[{"name":"wp","href":"https:\/\/api.w.org\/{rel}","templated":true}]}}

<p>Está disponível o edital de seleção para a turma de Mestrado em Ciência Política 2016. Acesse <a href="https://wp.ufpel.edu.br/ppgcienciapolitica/files/2015/10/Edital-Aluno-Regular-102-PPG-Ciência-Política-1.pdf">aqui.</a></p>
<p><a href="https://wp.ufpel.edu.br/ppgcienciapolitica/files/2015/10/Cartaz-1-PPGCPOL.jpg"><img class="alignleft wp-image-313 size-full" src="https://wp.ufpel.edu.br/ppgcienciapolitica/files/2015/10/Cartaz-1-PPGCPOL.jpg" alt="Cartaz PPGCPOL" width="570" height="767" srcset="https://wp.ufpel.edu.br/ppgcienciapolitica/files/2015/10/Cartaz-1-PPGCPOL.jpg 570w, https://wp.ufpel.edu.br/ppgcienciapolitica/files/2015/10/Cartaz-1-PPGCPOL-118x159.jpg 118w, https://wp.ufpel.edu.br/ppgcienciapolitica/files/2015/10/Cartaz-1-PPGCPOL-236x318.jpg 236w" sizes="(max-width: 570px) 100vw, 570px" /></a></p>

<p>Está disponível o edital de seleção para a turma de Mestrado em Ciência Política 2016. Acesse aqui.</p>
