{"id":2850,"date":"2019-08-14T11:42:18","date_gmt":"2019-08-14T14:42:18","guid":{"rendered":"https:\/\/wp.ufpel.edu.br\/ppgcienciapolitica\/?page_id=2850"},"modified":"2023-03-14T11:17:35","modified_gmt":"2023-03-14T14:17:35","slug":"laboratorio-de-informatica","status":"publish","type":"page","link":"https:\/\/wp.ufpel.edu.br\/ppgcienciapolitica\/laboratorio-de-informatica\/","title":{"rendered":"Laborat\u00f3rio de Inform\u00e1tica"},"content":{"rendered":"<p>Em 2013, os Programas de P\u00f3s-Gradua\u00e7\u00e3o em Ci\u00eancia Pol\u00edtica (PPGCPol) e em Sociologia (PPGS) da UFPel inauguraram um novo e moderno laborat\u00f3rio de inform\u00e1tica (LABIFISP), cujo espa\u00e7o tamb\u00e9m se destina \u00e0 realiza\u00e7\u00e3o de disciplinas ligadas ao ensino de metodologias e t\u00e9cnicas de pesquisa quantitativas e qualitativas nas \u00e1reas de Ci\u00eancia Pol\u00edtica e Sociologia. Seus equipamentos foram adquiridos com recursos destinados especificamente para sua compra e oriundos de editais de pesquisadores dos programas contemplados. O uso do laborat\u00f3rio \u00e9 exclusivo dos docentes e discentes vinculados a ambos PPGs, sendo a agenda abaixo disponibilizada para ci\u00eancia dos turnos j\u00e1 reservados do LAB.<\/p>\n<p>&nbsp;<\/p>\n<p><iframe style=\"border: solid 1px #777;\" src=\"https:\/\/calendar.google.com\/calendar\/embed?height=500&amp;wkst=1&amp;bgcolor=%23ffffff&amp;ctz=America%2FSao_Paulo&amp;src=YWdlbmRhbGFiaW5mb2Nwc2NAZ21haWwuY29t&amp;color=%23039BE5\" width=\"700\" height=\"500\" frameborder=\"0\" scrolling=\"no\"><\/iframe><\/p>\n","protected":false},"excerpt":{"rendered":"<p>Em 2013, os Programas de P\u00f3s-Gradua\u00e7\u00e3o em Ci\u00eancia Pol\u00edtica (PPGCPol) e em Sociologia (PPGS) da UFPel inauguraram um novo e moderno laborat\u00f3rio de inform\u00e1tica (LABIFISP), cujo espa\u00e7o tamb\u00e9m se destina \u00e0 realiza\u00e7\u00e3o de disciplinas ligadas ao ensino de metodologias e t\u00e9cnicas de pesquisa quantitativas e qualitativas nas \u00e1reas de Ci\u00eancia Pol\u00edtica e Sociologia. Seus equipamentos [&hellip;]<\/p>\n","protected":false},"author":555,"featured_media":0,"parent":0,"menu_order":0,"comment_status":"closed","ping_status":"closed","template":"","meta":{"footnotes":""},"class_list":["post-2850","page","type-page","status-publish","hentry"],"jetpack_sharing_enabled":true,"_links":{"self":[{"href":"https:\/\/wp.ufpel.edu.br\/ppgcienciapolitica\/wp-json\/wp\/v2\/pages\/2850","targetHints":{"allow":["GET"]}}],"collection":[{"href":"https:\/\/wp.ufpel.edu.br\/ppgcienciapolitica\/wp-json\/wp\/v2\/pages"}],"about":[{"href":"https:\/\/wp.ufpel.edu.br\/ppgcienciapolitica\/wp-json\/wp\/v2\/types\/page"}],"author":[{"embeddable":true,"href":"https:\/\/wp.ufpel.edu.br\/ppgcienciapolitica\/wp-json\/wp\/v2\/users\/555"}],"replies":[{"embeddable":true,"href":"https:\/\/wp.ufpel.edu.br\/ppgcienciapolitica\/wp-json\/wp\/v2\/comments?post=2850"}],"version-history":[{"count":8,"href":"https:\/\/wp.ufpel.edu.br\/ppgcienciapolitica\/wp-json\/wp\/v2\/pages\/2850\/revisions"}],"predecessor-version":[{"id":4081,"href":"https:\/\/wp.ufpel.edu.br\/ppgcienciapolitica\/wp-json\/wp\/v2\/pages\/2850\/revisions\/4081"}],"wp:attachment":[{"href":"https:\/\/wp.ufpel.edu.br\/ppgcienciapolitica\/wp-json\/wp\/v2\/media?parent=2850"}],"curies":[{"name":"wp","href":"https:\/\/api.w.org\/{rel}","templated":true}]}}

Laboratório de Informática

<p>Em 2013, os Programas de Pós-Graduação em Ciência Política (PPGCPol) e em Sociologia (PPGS) da UFPel inauguraram um novo e moderno laboratório de informática (LABIFISP), cujo espaço também se destina à realização de disciplinas ligadas ao ensino de metodologias e técnicas de pesquisa quantitativas e qualitativas nas áreas de Ciência Política e Sociologia. Seus equipamentos foram adquiridos com recursos destinados especificamente para sua compra e oriundos de editais de pesquisadores dos programas contemplados. O uso do laboratório é exclusivo dos docentes e discentes vinculados a ambos PPGs, sendo a agenda abaixo disponibilizada para ciência dos turnos já reservados do LAB.</p>
<p>&nbsp;</p>
<p><iframe style="border: solid 1px #777;" src="https://calendar.google.com/calendar/embed?height=500&amp;wkst=1&amp;bgcolor=%23ffffff&amp;ctz=America%2FSao_Paulo&amp;src=YWdlbmRhbGFiaW5mb2Nwc2NAZ21haWwuY29t&amp;color=%23039BE5" width="700" height="500" frameborder="0" scrolling="no"></iframe></p>

<p>Em 2013, os Programas de Pós-Graduação em Ciência Política (PPGCPol) e em Sociologia (PPGS) da UFPel inauguraram um novo e moderno laboratório de informática (LABIFISP), cujo espaço também se destina à realização de disciplinas ligadas ao ensino de metodologias e técnicas de pesquisa quantitativas e qualitativas nas áreas de Ciência Política e Sociologia. Seus equipamentos [&hellip;]</p>
