{"id":2704,"date":"2019-05-13T16:49:41","date_gmt":"2019-05-13T19:49:41","guid":{"rendered":"https:\/\/wp.ufpel.edu.br\/ppgcienciapolitica\/?page_id=2704"},"modified":"2019-05-13T16:54:03","modified_gmt":"2019-05-13T19:54:03","slug":"resultado-provisorio","status":"publish","type":"page","link":"https:\/\/wp.ufpel.edu.br\/ppgcienciapolitica\/mestrado-em-ciencia-politica-selecao-2016\/doutorado-2019\/resultado-provisorio\/","title":{"rendered":"Resultado Provis\u00f3rio"},"content":{"rendered":"<p><a href=\"https:\/\/wp.ufpel.edu.br\/ppgcienciapolitica\/files\/2019\/04\/PPGCPol.png\"><img class=\"alignnone wp-image-2670 aligncenter\" src=\"https:\/\/wp.ufpel.edu.br\/ppgcienciapolitica\/files\/2019\/04\/PPGCPol.png\" alt=\"\" width=\"149\" height=\"120\" \/><\/a><\/p>\n<p style=\"text-align: center\">Sele\u00e7\u00e3o de Doutorado \u2013 Turma 2019<\/p>\n<p style=\"text-align: center\">RESULTADO FINAL PROVIS\u00d3RIO<\/p>\n<table class=\" aligncenter\" style=\"height: 229px\" width=\"446\">\n<tbody>\n<tr>\n<td style=\"width: 106px\">\n<p style=\"text-align: center\"><strong>Classifica\u00e7\u00e3o<\/strong><\/p>\n<\/td>\n<td style=\"width: 227px\"><strong>Candidato\/a<\/strong><\/td>\n<td style=\"width: 66px\"><strong>Nota Final<\/strong><\/td>\n<\/tr>\n<tr>\n<td style=\"width: 106px\">\u00a0 \u00a0 \u00a0 \u00a0 \u00a0 \u00a01<\/td>\n<td style=\"width: 227px\">Larissa Russo Gon\u00e7alves<\/td>\n<td style=\"width: 66px\">7,84<\/td>\n<\/tr>\n<tr>\n<td style=\"width: 106px\">\u00a0 \u00a0 \u00a0 \u00a0 \u00a0 \u00a02<\/td>\n<td style=\"width: 227px\">Luis Alexandre da Silva Alves<\/td>\n<td style=\"width: 66px\">7,34<\/td>\n<\/tr>\n<tr>\n<td style=\"width: 106px\">\u00a0 \u00a0 \u00a0 \u00a0 \u00a0 \u00a03<\/td>\n<td style=\"width: 227px\">Carla Rosane da Silva Mota<\/td>\n<td style=\"width: 66px\">6,70<\/td>\n<\/tr>\n<tr>\n<td style=\"width: 106px\">\u00a0 \u00a0 \u00a0 \u00a0 \u00a0 \u00a04<\/td>\n<td style=\"width: 227px\">Rosana Alves Gomes<\/td>\n<td style=\"width: 66px\">6,35<\/td>\n<\/tr>\n<tr>\n<td style=\"width: 106px\">\u00a0 \u00a0 \u00a0 \u00a0 \u00a0 \u00a05<\/td>\n<td style=\"width: 227px\">Bruno Gabriel Henz<\/td>\n<td style=\"width: 66px\">6,06<\/td>\n<\/tr>\n<\/tbody>\n<\/table>\n<p style=\"text-align: left\">Publicado em 13\/05\/2019 \u00e0s 16.50h<\/p>\n","protected":false},"excerpt":{"rendered":"<p>Sele\u00e7\u00e3o de Doutorado \u2013 Turma 2019 RESULTADO FINAL PROVIS\u00d3RIO Classifica\u00e7\u00e3o Candidato\/a Nota Final \u00a0 \u00a0 \u00a0 \u00a0 \u00a0 \u00a01 Larissa Russo Gon\u00e7alves 7,84 \u00a0 \u00a0 \u00a0 \u00a0 \u00a0 \u00a02 Luis Alexandre da Silva Alves 7,34 \u00a0 \u00a0 \u00a0 \u00a0 \u00a0 \u00a03 Carla Rosane da Silva Mota 6,70 \u00a0 \u00a0 \u00a0 \u00a0 \u00a0 \u00a04 Rosana Alves [&hellip;]<\/p>\n","protected":false},"author":555,"featured_media":0,"parent":1961,"menu_order":0,"comment_status":"closed","ping_status":"closed","template":"","meta":{"footnotes":""},"class_list":["post-2704","page","type-page","status-publish","hentry"],"jetpack_sharing_enabled":true,"_links":{"self":[{"href":"https:\/\/wp.ufpel.edu.br\/ppgcienciapolitica\/wp-json\/wp\/v2\/pages\/2704","targetHints":{"allow":["GET"]}}],"collection":[{"href":"https:\/\/wp.ufpel.edu.br\/ppgcienciapolitica\/wp-json\/wp\/v2\/pages"}],"about":[{"href":"https:\/\/wp.ufpel.edu.br\/ppgcienciapolitica\/wp-json\/wp\/v2\/types\/page"}],"author":[{"embeddable":true,"href":"https:\/\/wp.ufpel.edu.br\/ppgcienciapolitica\/wp-json\/wp\/v2\/users\/555"}],"replies":[{"embeddable":true,"href":"https:\/\/wp.ufpel.edu.br\/ppgcienciapolitica\/wp-json\/wp\/v2\/comments?post=2704"}],"version-history":[{"count":2,"href":"https:\/\/wp.ufpel.edu.br\/ppgcienciapolitica\/wp-json\/wp\/v2\/pages\/2704\/revisions"}],"predecessor-version":[{"id":2709,"href":"https:\/\/wp.ufpel.edu.br\/ppgcienciapolitica\/wp-json\/wp\/v2\/pages\/2704\/revisions\/2709"}],"up":[{"embeddable":true,"href":"https:\/\/wp.ufpel.edu.br\/ppgcienciapolitica\/wp-json\/wp\/v2\/pages\/1961"}],"wp:attachment":[{"href":"https:\/\/wp.ufpel.edu.br\/ppgcienciapolitica\/wp-json\/wp\/v2\/media?parent=2704"}],"curies":[{"name":"wp","href":"https:\/\/api.w.org\/{rel}","templated":true}]}}

Resultado Provisório

<p><a href="https://wp.ufpel.edu.br/ppgcienciapolitica/files/2019/04/PPGCPol.png"><img class="alignnone wp-image-2670 aligncenter" src="https://wp.ufpel.edu.br/ppgcienciapolitica/files/2019/04/PPGCPol.png" alt="" width="149" height="120" /></a></p>
<p style="text-align: center">Seleção de Doutorado – Turma 2019</p>
<p style="text-align: center">RESULTADO FINAL PROVISÓRIO</p>
<table class=" aligncenter" style="height: 229px" width="446">
<tbody>
<tr>
<td style="width: 106px">
<p style="text-align: center"><strong>Classificação</strong></p>
</td>
<td style="width: 227px"><strong>Candidato/a</strong></td>
<td style="width: 66px"><strong>Nota Final</strong></td>
</tr>
<tr>
<td style="width: 106px">           1</td>
<td style="width: 227px">Larissa Russo Gonçalves</td>
<td style="width: 66px">7,84</td>
</tr>
<tr>
<td style="width: 106px">           2</td>
<td style="width: 227px">Luis Alexandre da Silva Alves</td>
<td style="width: 66px">7,34</td>
</tr>
<tr>
<td style="width: 106px">           3</td>
<td style="width: 227px">Carla Rosane da Silva Mota</td>
<td style="width: 66px">6,70</td>
</tr>
<tr>
<td style="width: 106px">           4</td>
<td style="width: 227px">Rosana Alves Gomes</td>
<td style="width: 66px">6,35</td>
</tr>
<tr>
<td style="width: 106px">           5</td>
<td style="width: 227px">Bruno Gabriel Henz</td>
<td style="width: 66px">6,06</td>
</tr>
</tbody>
</table>
<p style="text-align: left">Publicado em 13/05/2019 às 16.50h</p>

<p>Seleção de Doutorado – Turma 2019 RESULTADO FINAL PROVISÓRIO Classificação Candidato/a Nota Final            1 Larissa Russo Gonçalves 7,84            2 Luis Alexandre da Silva Alves 7,34            3 Carla Rosane da Silva Mota 6,70            4 Rosana Alves [&hellip;]</p>
