{"id":2685,"date":"2019-05-07T16:49:04","date_gmt":"2019-05-07T19:49:04","guid":{"rendered":"https:\/\/wp.ufpel.edu.br\/ppgcienciapolitica\/?page_id=2685"},"modified":"2019-05-07T16:49:04","modified_gmt":"2019-05-07T19:49:04","slug":"defesa-do-projeto-de-pesquisa","status":"publish","type":"page","link":"https:\/\/wp.ufpel.edu.br\/ppgcienciapolitica\/mestrado-em-ciencia-politica-selecao-2016\/doutorado-2019\/defesa-do-projeto-de-pesquisa\/","title":{"rendered":"Defesa do Projeto de Pesquisa"},"content":{"rendered":"<p><a href=\"https:\/\/wp.ufpel.edu.br\/ppgcienciapolitica\/files\/2019\/04\/PPGCPol.png\"><img class=\"wp-image-2670 aligncenter\" src=\"https:\/\/wp.ufpel.edu.br\/ppgcienciapolitica\/files\/2019\/04\/PPGCPol.png\" alt=\"\" width=\"146\" height=\"117\" \/><\/a><\/p>\n<p>&nbsp;<\/p>\n<p style=\"text-align: center\">Sele\u00e7\u00e3o de Doutorado \u2013 Turma 2019<\/p>\n<p style=\"text-align: center\">SEGUNDA FASE<\/p>\n<p style=\"text-align: center\">DEFESA DE PROJETO DE PESQUISA<\/p>\n<p>&nbsp;<\/p>\n<p style=\"text-align: center\">Data: 09 de maio de 2019<\/p>\n<p style=\"text-align: center\">Local: R. Cel. Alberto Rosa n. 154 sala 201<\/p>\n<table class=\" aligncenter\" style=\"height: 435px\" width=\"286\">\n<tbody>\n<tr>\n<td style=\"width: 194px\"><strong>Candidato\/a<\/strong><\/td>\n<td style=\"width: 67px\"><strong>Hor\u00e1rio<\/strong><\/td>\n<\/tr>\n<tr>\n<td style=\"width: 194px\">Bruno Gabriel Henz<\/td>\n<td style=\"width: 67px\">14.15h<\/td>\n<\/tr>\n<tr>\n<td style=\"width: 194px\">Carla Rosane da Silva Mota<\/td>\n<td style=\"width: 67px\">14.45h<\/td>\n<\/tr>\n<tr>\n<td style=\"width: 194px\">Larissa Russo Gon\u00e7alves<\/td>\n<td style=\"width: 67px\">15.15h<\/td>\n<\/tr>\n<tr>\n<td style=\"width: 194px\">Luis Alexandre Alves<\/td>\n<td style=\"width: 67px\">15.45h<\/td>\n<\/tr>\n<tr>\n<td style=\"width: 194px\">Rosana Alves Gomes<\/td>\n<td style=\"width: 67px\">16.15h<\/td>\n<\/tr>\n<tr>\n<td style=\"width: 194px\">Tha\u00eds Alves da Silveira<\/td>\n<td style=\"width: 67px\">16.45h<\/td>\n<\/tr>\n<\/tbody>\n<\/table>\n<p>&nbsp;<\/p>\n","protected":false},"excerpt":{"rendered":"<p>&nbsp; Sele\u00e7\u00e3o de Doutorado \u2013 Turma 2019 SEGUNDA FASE DEFESA DE PROJETO DE PESQUISA &nbsp; Data: 09 de maio de 2019 Local: R. Cel. Alberto Rosa n. 154 sala 201 Candidato\/a Hor\u00e1rio Bruno Gabriel Henz 14.15h Carla Rosane da Silva Mota 14.45h Larissa Russo Gon\u00e7alves 15.15h Luis Alexandre Alves 15.45h Rosana Alves Gomes 16.15h Tha\u00eds [&hellip;]<\/p>\n","protected":false},"author":555,"featured_media":0,"parent":1961,"menu_order":0,"comment_status":"closed","ping_status":"closed","template":"","meta":{"footnotes":""},"class_list":["post-2685","page","type-page","status-publish","hentry"],"jetpack_sharing_enabled":true,"_links":{"self":[{"href":"https:\/\/wp.ufpel.edu.br\/ppgcienciapolitica\/wp-json\/wp\/v2\/pages\/2685","targetHints":{"allow":["GET"]}}],"collection":[{"href":"https:\/\/wp.ufpel.edu.br\/ppgcienciapolitica\/wp-json\/wp\/v2\/pages"}],"about":[{"href":"https:\/\/wp.ufpel.edu.br\/ppgcienciapolitica\/wp-json\/wp\/v2\/types\/page"}],"author":[{"embeddable":true,"href":"https:\/\/wp.ufpel.edu.br\/ppgcienciapolitica\/wp-json\/wp\/v2\/users\/555"}],"replies":[{"embeddable":true,"href":"https:\/\/wp.ufpel.edu.br\/ppgcienciapolitica\/wp-json\/wp\/v2\/comments?post=2685"}],"version-history":[{"count":1,"href":"https:\/\/wp.ufpel.edu.br\/ppgcienciapolitica\/wp-json\/wp\/v2\/pages\/2685\/revisions"}],"predecessor-version":[{"id":2686,"href":"https:\/\/wp.ufpel.edu.br\/ppgcienciapolitica\/wp-json\/wp\/v2\/pages\/2685\/revisions\/2686"}],"up":[{"embeddable":true,"href":"https:\/\/wp.ufpel.edu.br\/ppgcienciapolitica\/wp-json\/wp\/v2\/pages\/1961"}],"wp:attachment":[{"href":"https:\/\/wp.ufpel.edu.br\/ppgcienciapolitica\/wp-json\/wp\/v2\/media?parent=2685"}],"curies":[{"name":"wp","href":"https:\/\/api.w.org\/{rel}","templated":true}]}}