{"id":255,"date":"2015-10-20T20:50:04","date_gmt":"2015-10-20T22:50:04","guid":{"rendered":"https:\/\/wp.ufpel.edu.br\/ppgcienciapolitica\/?page_id=255"},"modified":"2019-04-04T17:10:27","modified_gmt":"2019-04-04T20:10:27","slug":"turma-2015","status":"publish","type":"page","link":"https:\/\/wp.ufpel.edu.br\/ppgcienciapolitica\/corpo-docente\/mestrado\/turma-2015\/","title":{"rendered":"Turma 2015"},"content":{"rendered":"<p>Alessandro Bruce Lied Padilha<\/p>\n<p>Carla Rosane da Silva Mota<\/p>\n<p>Diandra Avila Martini<\/p>\n<p>Gabriele Padilha da Cunha<\/p>\n<p>Juliane Nogueira Carvalho<\/p>\n<p>Larissa Russo Gon\u00e7alves<\/p>\n<p>L\u00edgia Silva de Fran\u00e7a Brilhante<\/p>\n<p>Marcelo de Souza Marques<\/p>\n<p>Mariana Schardosim Tavares<\/p>\n<p>Matheus Mirapalhete Cardozo<\/p>\n<p>Michele Diana da Luz<\/p>\n<p>Ricardo Petrucci Souto<\/p>\n","protected":false},"excerpt":{"rendered":"<p>Alessandro Bruce Lied Padilha Carla Rosane da Silva Mota Diandra Avila Martini Gabriele Padilha da Cunha Juliane Nogueira Carvalho Larissa Russo Gon\u00e7alves L\u00edgia Silva de Fran\u00e7a Brilhante Marcelo de Souza Marques Mariana Schardosim Tavares Matheus Mirapalhete Cardozo Michele Diana da Luz Ricardo Petrucci Souto<\/p>\n","protected":false},"author":555,"featured_media":0,"parent":487,"menu_order":0,"comment_status":"closed","ping_status":"closed","template":"","meta":{"footnotes":""},"class_list":["post-255","page","type-page","status-publish","hentry"],"jetpack_sharing_enabled":true,"_links":{"self":[{"href":"https:\/\/wp.ufpel.edu.br\/ppgcienciapolitica\/wp-json\/wp\/v2\/pages\/255","targetHints":{"allow":["GET"]}}],"collection":[{"href":"https:\/\/wp.ufpel.edu.br\/ppgcienciapolitica\/wp-json\/wp\/v2\/pages"}],"about":[{"href":"https:\/\/wp.ufpel.edu.br\/ppgcienciapolitica\/wp-json\/wp\/v2\/types\/page"}],"author":[{"embeddable":true,"href":"https:\/\/wp.ufpel.edu.br\/ppgcienciapolitica\/wp-json\/wp\/v2\/users\/555"}],"replies":[{"embeddable":true,"href":"https:\/\/wp.ufpel.edu.br\/ppgcienciapolitica\/wp-json\/wp\/v2\/comments?post=255"}],"version-history":[{"count":11,"href":"https:\/\/wp.ufpel.edu.br\/ppgcienciapolitica\/wp-json\/wp\/v2\/pages\/255\/revisions"}],"predecessor-version":[{"id":2123,"href":"https:\/\/wp.ufpel.edu.br\/ppgcienciapolitica\/wp-json\/wp\/v2\/pages\/255\/revisions\/2123"}],"up":[{"embeddable":true,"href":"https:\/\/wp.ufpel.edu.br\/ppgcienciapolitica\/wp-json\/wp\/v2\/pages\/487"}],"wp:attachment":[{"href":"https:\/\/wp.ufpel.edu.br\/ppgcienciapolitica\/wp-json\/wp\/v2\/media?parent=255"}],"curies":[{"name":"wp","href":"https:\/\/api.w.org\/{rel}","templated":true}]}}