{"id":2257,"date":"2019-04-10T10:11:38","date_gmt":"2019-04-10T13:11:38","guid":{"rendered":"https:\/\/wp.ufpel.edu.br\/ppgcienciapolitica\/?page_id=2257"},"modified":"2019-04-10T10:11:38","modified_gmt":"2019-04-10T13:11:38","slug":"ppgcpols-fellows","status":"publish","type":"page","link":"https:\/\/wp.ufpel.edu.br\/ppgcienciapolitica\/students-body\/ppgcpols-fellows\/","title":{"rendered":"PPGCPol\u00b4s Fellows"},"content":{"rendered":"<table style=\"width: 399px;height: 789px\">\n<tbody>\n<tr style=\"height: 24px\">\n<td style=\"width: 250.2021942138672px;height: 24px\"><strong>Fellow<\/strong><\/td>\n<td style=\"width: 46.91176223754883px;height: 24px\"><strong>M\/D<\/strong><\/td>\n<td style=\"width: 78.60293579101563px;height: 24px\"><strong>Start date<\/strong><\/td>\n<\/tr>\n<tr style=\"height: 24px\">\n<td style=\"width: 250.2021942138672px;height: 24px\">\n<div class=\"page\" title=\"Page 1\">\n<div class=\"section\">\n<div class=\"layoutArea\">\n<div class=\"column\">\n<p>Douglas Goveia Rechia<\/p>\n<\/div>\n<\/div>\n<\/div>\n<\/div>\n<\/td>\n<td style=\"width: 46.91176223754883px;height: 24px\">M<\/td>\n<td style=\"width: 78.60293579101563px;height: 24px\">2019<\/td>\n<\/tr>\n<tr style=\"height: 24px\">\n<td style=\"width: 250.2021942138672px;height: 24px\">\n<div class=\"page\" title=\"Page 1\">\n<div class=\"section\">\n<div class=\"layoutArea\">\n<div class=\"column\">\n<p>Genaro da Silva Ribeiro<\/p>\n<\/div>\n<\/div>\n<\/div>\n<\/div>\n<\/td>\n<td style=\"width: 46.91176223754883px;height: 24px\">M<\/td>\n<td style=\"width: 78.60293579101563px;height: 24px\">2019<\/td>\n<\/tr>\n<tr style=\"height: 24px\">\n<td style=\"width: 250.2021942138672px;height: 24px\">\n<div class=\"page\" title=\"Page 1\">\n<div class=\"section\">\n<div class=\"layoutArea\">\n<div class=\"column\">\n<p>Gustavo Paula Muniz<\/p>\n<\/div>\n<\/div>\n<\/div>\n<\/div>\n<\/td>\n<td style=\"width: 46.91176223754883px;height: 24px\">M<\/td>\n<td style=\"width: 78.60293579101563px;height: 24px\">2019<\/td>\n<\/tr>\n<tr style=\"height: 48px\">\n<td style=\"width: 250.2021942138672px;height: 48px\">\n<div class=\"page\" title=\"Page 1\">\n<div class=\"section\">\n<div class=\"layoutArea\">\n<div class=\"column\">\n<p>Iago Jacinto Petrarca<\/p>\n<\/div>\n<\/div>\n<\/div>\n<\/div>\n<\/td>\n<td style=\"width: 46.91176223754883px;height: 48px\">M<\/td>\n<td style=\"width: 78.60293579101563px;height: 48px\">2019<\/td>\n<\/tr>\n<tr style=\"height: 37px\">\n<td style=\"width: 250.2021942138672px;height: 37px\">\n<div class=\"page\" title=\"Page 1\">\n<div class=\"section\">\n<div class=\"layoutArea\">\n<div class=\"column\">\n<p>Lucas Garcia da Silva<\/p>\n<\/div>\n<\/div>\n<\/div>\n<\/div>\n<\/td>\n<td style=\"width: 46.91176223754883px;height: 37px\">M<\/td>\n<td style=\"width: 78.60293579101563px;height: 37px\">2019<\/td>\n<\/tr>\n<tr style=\"height: 24px\">\n<td style=\"width: 250.2021942138672px;height: 24px\">Acr\u00edsio Pereira Victorino<\/td>\n<td style=\"width: 46.91176223754883px;height: 24px\">D<\/td>\n<td style=\"width: 78.60293579101563px;height: 24px\">2018<\/td>\n<\/tr>\n<tr style=\"height: 24px\">\n<td style=\"width: 250.2021942138672px;height: 24px\">Anna Cl\u00e1udia Campos e Santos<\/td>\n<td style=\"width: 46.91176223754883px;height: 24px\">D<\/td>\n<td style=\"width: 78.60293579101563px;height: 24px\">2018<\/td>\n<\/tr>\n<tr style=\"height: 24px\">\n<td style=\"width: 250.2021942138672px;height: 24px\">Let\u00edcia Baron<\/td>\n<td style=\"width: 46.91176223754883px;height: 24px\">D<\/td>\n<td style=\"width: 78.60293579101563px;height: 24px\">2018<\/td>\n<\/tr>\n<tr style=\"height: 48px\">\n<td style=\"width: 250.2021942138672px;height: 48px\">Sandra Regina Barbosa Parzianello<\/td>\n<td style=\"width: 46.91176223754883px;height: 48px\">D<\/td>\n<td style=\"width: 78.60293579101563px;height: 48px\">2018<\/td>\n<\/tr>\n<tr style=\"height: 24px\">\n<td style=\"width: 250.2021942138672px;height: 24px\">Mariana Felix de Quadros<\/td>\n<td style=\"width: 46.91176223754883px;height: 24px\">M<\/td>\n<td style=\"width: 78.60293579101563px;height: 24px\">2018<\/td>\n<\/tr>\n<tr style=\"height: 24px\">\n<td style=\"width: 250.2021942138672px;height: 24px\">Nilton Garcia Sainz<\/td>\n<td style=\"width: 46.91176223754883px;height: 24px\">M<\/td>\n<td style=\"width: 78.60293579101563px;height: 24px\">2018<\/td>\n<\/tr>\n<tr style=\"height: 48px\">\n<td style=\"width: 250.2021942138672px;height: 48px\">Pedro Henrique Silva de Oliveira<\/td>\n<td style=\"width: 46.91176223754883px;height: 48px\">M<\/td>\n<td style=\"width: 78.60293579101563px;height: 48px\">2018<\/td>\n<\/tr>\n<tr style=\"height: 24px\">\n<td style=\"width: 250.2021942138672px;height: 24px\">Yndira Coelho Soares<\/td>\n<td style=\"width: 46.91176223754883px;height: 24px\">M<\/td>\n<td style=\"width: 78.60293579101563px;height: 24px\">2018<\/td>\n<\/tr>\n<tr style=\"height: 24px\">\n<td style=\"width: 250.2021942138672px;height: 24px\">Marina dos Santos Landa<\/td>\n<td style=\"width: 46.91176223754883px;height: 24px\">D<\/td>\n<td style=\"width: 78.60293579101563px;height: 24px\">2017<\/td>\n<\/tr>\n<tr style=\"height: 24px\">\n<td style=\"width: 250.2021942138672px;height: 24px\">Val\u00e9ria C. Cabrera<\/td>\n<td style=\"width: 46.91176223754883px;height: 24px\">D<\/td>\n<td style=\"width: 78.60293579101563px;height: 24px\">2017<\/td>\n<\/tr>\n<tr style=\"height: 24px\">\n<td style=\"width: 250.2021942138672px;height: 24px\">Carolina Costa dos Santos<\/td>\n<td style=\"width: 46.91176223754883px;height: 24px\">D<\/td>\n<td style=\"width: 78.60293579101563px;height: 24px\">2017<\/td>\n<\/tr>\n<tr style=\"height: 24px\">\n<td style=\"width: 250.2021942138672px;height: 24px\">Caroline Bianca Graeff<\/td>\n<td style=\"width: 46.91176223754883px;height: 24px\">D<\/td>\n<td style=\"width: 78.60293579101563px;height: 24px\">2016<\/td>\n<\/tr>\n<\/tbody>\n<\/table>\n<p>&nbsp;<\/p>\n","protected":false},"excerpt":{"rendered":"<p>Fellow M\/D Start date Douglas Goveia Rechia M 2019 Genaro da Silva Ribeiro M 2019 Gustavo Paula Muniz M 2019 Iago Jacinto Petrarca M 2019 Lucas Garcia da Silva M 2019 Acr\u00edsio Pereira Victorino D 2018 Anna Cl\u00e1udia Campos e Santos D 2018 Let\u00edcia Baron D 2018 Sandra Regina Barbosa Parzianello D 2018 Mariana Felix [&hellip;]<\/p>\n","protected":false},"author":555,"featured_media":0,"parent":2252,"menu_order":0,"comment_status":"closed","ping_status":"closed","template":"","meta":{"footnotes":""},"class_list":["post-2257","page","type-page","status-publish","hentry"],"jetpack_sharing_enabled":true,"_links":{"self":[{"href":"https:\/\/wp.ufpel.edu.br\/ppgcienciapolitica\/wp-json\/wp\/v2\/pages\/2257","targetHints":{"allow":["GET"]}}],"collection":[{"href":"https:\/\/wp.ufpel.edu.br\/ppgcienciapolitica\/wp-json\/wp\/v2\/pages"}],"about":[{"href":"https:\/\/wp.ufpel.edu.br\/ppgcienciapolitica\/wp-json\/wp\/v2\/types\/page"}],"author":[{"embeddable":true,"href":"https:\/\/wp.ufpel.edu.br\/ppgcienciapolitica\/wp-json\/wp\/v2\/users\/555"}],"replies":[{"embeddable":true,"href":"https:\/\/wp.ufpel.edu.br\/ppgcienciapolitica\/wp-json\/wp\/v2\/comments?post=2257"}],"version-history":[{"count":1,"href":"https:\/\/wp.ufpel.edu.br\/ppgcienciapolitica\/wp-json\/wp\/v2\/pages\/2257\/revisions"}],"predecessor-version":[{"id":2258,"href":"https:\/\/wp.ufpel.edu.br\/ppgcienciapolitica\/wp-json\/wp\/v2\/pages\/2257\/revisions\/2258"}],"up":[{"embeddable":true,"href":"https:\/\/wp.ufpel.edu.br\/ppgcienciapolitica\/wp-json\/wp\/v2\/pages\/2252"}],"wp:attachment":[{"href":"https:\/\/wp.ufpel.edu.br\/ppgcienciapolitica\/wp-json\/wp\/v2\/media?parent=2257"}],"curies":[{"name":"wp","href":"https:\/\/api.w.org\/{rel}","templated":true}]}}