{"id":2227,"date":"2019-04-09T13:18:35","date_gmt":"2019-04-09T16:18:35","guid":{"rendered":"https:\/\/wp.ufpel.edu.br\/ppgcienciapolitica\/?page_id=2227"},"modified":"2019-04-19T17:44:46","modified_gmt":"2019-04-19T20:44:46","slug":"comision-de-becas","status":"publish","type":"page","link":"https:\/\/wp.ufpel.edu.br\/ppgcienciapolitica\/presentacion\/comisiones\/comision-de-becas\/","title":{"rendered":"Comisi\u00f3n de Becas"},"content":{"rendered":"<p><strong>Comisi\u00f3n de Becas<\/strong><\/p>\n<p>Bianca de Freitas Linhares<br \/>\nL\u00e9o Peixoto Rodrigues<br \/>\nCarlos Gallo<\/p>\n<p>Acr\u00edsio Pereira Victoriano (Representante estudiantil con mandato de junio de 2018 a junio de 2019)<\/p>\n<p>Suplente de la representaci\u00f3n estudiantil:\u00a0Nilton Garcia Sainz<\/p>\n","protected":false},"excerpt":{"rendered":"<p>Comisi\u00f3n de Becas Bianca de Freitas Linhares L\u00e9o Peixoto Rodrigues Carlos Gallo Acr\u00edsio Pereira Victoriano (Representante estudiantil con mandato de junio de 2018 a junio de 2019) Suplente de la representaci\u00f3n estudiantil:\u00a0Nilton Garcia Sainz<\/p>\n","protected":false},"author":555,"featured_media":0,"parent":2164,"menu_order":0,"comment_status":"closed","ping_status":"closed","template":"","meta":{"footnotes":""},"class_list":["post-2227","page","type-page","status-publish","hentry"],"jetpack_sharing_enabled":true,"_links":{"self":[{"href":"https:\/\/wp.ufpel.edu.br\/ppgcienciapolitica\/wp-json\/wp\/v2\/pages\/2227","targetHints":{"allow":["GET"]}}],"collection":[{"href":"https:\/\/wp.ufpel.edu.br\/ppgcienciapolitica\/wp-json\/wp\/v2\/pages"}],"about":[{"href":"https:\/\/wp.ufpel.edu.br\/ppgcienciapolitica\/wp-json\/wp\/v2\/types\/page"}],"author":[{"embeddable":true,"href":"https:\/\/wp.ufpel.edu.br\/ppgcienciapolitica\/wp-json\/wp\/v2\/users\/555"}],"replies":[{"embeddable":true,"href":"https:\/\/wp.ufpel.edu.br\/ppgcienciapolitica\/wp-json\/wp\/v2\/comments?post=2227"}],"version-history":[{"count":1,"href":"https:\/\/wp.ufpel.edu.br\/ppgcienciapolitica\/wp-json\/wp\/v2\/pages\/2227\/revisions"}],"predecessor-version":[{"id":2228,"href":"https:\/\/wp.ufpel.edu.br\/ppgcienciapolitica\/wp-json\/wp\/v2\/pages\/2227\/revisions\/2228"}],"up":[{"embeddable":true,"href":"https:\/\/wp.ufpel.edu.br\/ppgcienciapolitica\/wp-json\/wp\/v2\/pages\/2164"}],"wp:attachment":[{"href":"https:\/\/wp.ufpel.edu.br\/ppgcienciapolitica\/wp-json\/wp\/v2\/media?parent=2227"}],"curies":[{"name":"wp","href":"https:\/\/api.w.org\/{rel}","templated":true}]}}

Comisión de Becas

<p><strong>Comisión de Becas</strong></p>
<p>Bianca de Freitas Linhares<br />
Léo Peixoto Rodrigues<br />
Carlos Gallo</p>
<p>Acrísio Pereira Victoriano (Representante estudiantil con mandato de junio de 2018 a junio de 2019)</p>
<p>Suplente de la representación estudiantil: Nilton Garcia Sainz</p>

<p>Comisión de Becas Bianca de Freitas Linhares Léo Peixoto Rodrigues Carlos Gallo Acrísio Pereira Victoriano (Representante estudiantil con mandato de junio de 2018 a junio de 2019) Suplente de la representación estudiantil: Nilton Garcia Sainz</p>
