{"id":2211,"date":"2019-04-09T13:05:58","date_gmt":"2019-04-09T16:05:58","guid":{"rendered":"https:\/\/wp.ufpel.edu.br\/ppgcienciapolitica\/?page_id=2211"},"modified":"2019-04-19T17:54:35","modified_gmt":"2019-04-19T20:54:35","slug":"estructura-curricular-doctorado","status":"publish","type":"page","link":"https:\/\/wp.ufpel.edu.br\/ppgcienciapolitica\/disciplinas-2\/doctorado\/estructura-curricular-doctorado\/","title":{"rendered":"Estructura Curricular \u2013 Doctorado"},"content":{"rendered":"<p><strong>Estructura Curricular del Curso de\u00a0Doctorado<\/strong><\/p>\n<p>Se exigen 40 cr\u00e9ditos, as\u00ed discriminados:<\/p>\n<table>\n<tbody>\n<tr>\n<td>Disciplinas obligatorias<\/td>\n<td width=\"42\">\u00a0 \u00a016<\/td>\n<\/tr>\n<tr>\n<td>Disciplinas electivas<\/td>\n<td width=\"42\">\u00a0 \u00a016<\/td>\n<\/tr>\n<tr>\n<td>Tesis<\/td>\n<td width=\"42\">\u00a0 \u00a008<\/td>\n<\/tr>\n<\/tbody>\n<\/table>\n<p>Para la defensa de la tesis se requiere tambi\u00e9n:\u00a0Aprobaci\u00f3n de Proyecto ante una banca examinadora. \u00a0Aprobaci\u00f3n en el Examen de competencia en lengua extranjera (ingl\u00e9s y franc\u00e9s)<\/p>\n","protected":false},"excerpt":{"rendered":"<p>Estructura Curricular del Curso de\u00a0Doctorado Se exigen 40 cr\u00e9ditos, as\u00ed discriminados: Disciplinas obligatorias \u00a0 \u00a016 Disciplinas electivas \u00a0 \u00a016 Tesis \u00a0 \u00a008 Para la defensa de la tesis se requiere tambi\u00e9n:\u00a0Aprobaci\u00f3n de Proyecto ante una banca examinadora. \u00a0Aprobaci\u00f3n en el Examen de competencia en lengua extranjera (ingl\u00e9s y franc\u00e9s)<\/p>\n","protected":false},"author":555,"featured_media":0,"parent":2223,"menu_order":0,"comment_status":"closed","ping_status":"closed","template":"","meta":{"footnotes":""},"class_list":["post-2211","page","type-page","status-publish","hentry"],"jetpack_sharing_enabled":true,"_links":{"self":[{"href":"https:\/\/wp.ufpel.edu.br\/ppgcienciapolitica\/wp-json\/wp\/v2\/pages\/2211","targetHints":{"allow":["GET"]}}],"collection":[{"href":"https:\/\/wp.ufpel.edu.br\/ppgcienciapolitica\/wp-json\/wp\/v2\/pages"}],"about":[{"href":"https:\/\/wp.ufpel.edu.br\/ppgcienciapolitica\/wp-json\/wp\/v2\/types\/page"}],"author":[{"embeddable":true,"href":"https:\/\/wp.ufpel.edu.br\/ppgcienciapolitica\/wp-json\/wp\/v2\/users\/555"}],"replies":[{"embeddable":true,"href":"https:\/\/wp.ufpel.edu.br\/ppgcienciapolitica\/wp-json\/wp\/v2\/comments?post=2211"}],"version-history":[{"count":1,"href":"https:\/\/wp.ufpel.edu.br\/ppgcienciapolitica\/wp-json\/wp\/v2\/pages\/2211\/revisions"}],"predecessor-version":[{"id":2212,"href":"https:\/\/wp.ufpel.edu.br\/ppgcienciapolitica\/wp-json\/wp\/v2\/pages\/2211\/revisions\/2212"}],"up":[{"embeddable":true,"href":"https:\/\/wp.ufpel.edu.br\/ppgcienciapolitica\/wp-json\/wp\/v2\/pages\/2223"}],"wp:attachment":[{"href":"https:\/\/wp.ufpel.edu.br\/ppgcienciapolitica\/wp-json\/wp\/v2\/media?parent=2211"}],"curies":[{"name":"wp","href":"https:\/\/api.w.org\/{rel}","templated":true}]}}