{"id":2159,"date":"2019-04-05T11:42:06","date_gmt":"2019-04-05T14:42:06","guid":{"rendered":"https:\/\/wp.ufpel.edu.br\/ppgcienciapolitica\/?page_id=2159"},"modified":"2019-04-20T16:34:07","modified_gmt":"2019-04-20T19:34:07","slug":"consejo","status":"publish","type":"page","link":"https:\/\/wp.ufpel.edu.br\/ppgcienciapolitica\/presentacion\/consejo\/","title":{"rendered":"Consejo"},"content":{"rendered":"<p><strong>Composici\u00f3n del Consejo del PPGCPol <\/strong><\/p>\n<p>El Consejo del PPGCPol est\u00e1 formado por todos sus docentes permanentes y por la representaci\u00f3n de los alumnos.<\/p>\n<p><strong>Representantes Discentes: <\/strong><\/p>\n<p>Titular Maestr\u00eda: Lucas Garcia da Silva (con mandato de abril de 2019 a marzo de 2020)<\/p>\n<p>Suplente Maestr\u00eda: Genaro da Silva Ribeiro\u00a0<span class=\"Apple-style-span\">(con mandato de abril de 2019 a marzo de 2020)<\/span><\/p>\n<p>Titular Doctorado: Sandra Regina Barbosa Parzianello (<span class=\"Apple-style-span\">con mandato de abril de 2019 a marzo de 2019)<\/span><\/p>\n<p>Suplente Doctorado: Let\u00edcia Baron (con mandato de abril de 2019 a marzo de 2020)<\/p>\n","protected":false},"excerpt":{"rendered":"<p>Composici\u00f3n del Consejo del PPGCPol El Consejo del PPGCPol est\u00e1 formado por todos sus docentes permanentes y por la representaci\u00f3n de los alumnos. Representantes Discentes: Titular Maestr\u00eda: Lucas Garcia da Silva (con mandato de abril de 2019 a marzo de 2020) Suplente Maestr\u00eda: Genaro da Silva Ribeiro\u00a0(con mandato de abril de 2019 a marzo de [&hellip;]<\/p>\n","protected":false},"author":555,"featured_media":0,"parent":2143,"menu_order":0,"comment_status":"closed","ping_status":"closed","template":"","meta":{"footnotes":""},"class_list":["post-2159","page","type-page","status-publish","hentry"],"jetpack_sharing_enabled":true,"_links":{"self":[{"href":"https:\/\/wp.ufpel.edu.br\/ppgcienciapolitica\/wp-json\/wp\/v2\/pages\/2159","targetHints":{"allow":["GET"]}}],"collection":[{"href":"https:\/\/wp.ufpel.edu.br\/ppgcienciapolitica\/wp-json\/wp\/v2\/pages"}],"about":[{"href":"https:\/\/wp.ufpel.edu.br\/ppgcienciapolitica\/wp-json\/wp\/v2\/types\/page"}],"author":[{"embeddable":true,"href":"https:\/\/wp.ufpel.edu.br\/ppgcienciapolitica\/wp-json\/wp\/v2\/users\/555"}],"replies":[{"embeddable":true,"href":"https:\/\/wp.ufpel.edu.br\/ppgcienciapolitica\/wp-json\/wp\/v2\/comments?post=2159"}],"version-history":[{"count":3,"href":"https:\/\/wp.ufpel.edu.br\/ppgcienciapolitica\/wp-json\/wp\/v2\/pages\/2159\/revisions"}],"predecessor-version":[{"id":2615,"href":"https:\/\/wp.ufpel.edu.br\/ppgcienciapolitica\/wp-json\/wp\/v2\/pages\/2159\/revisions\/2615"}],"up":[{"embeddable":true,"href":"https:\/\/wp.ufpel.edu.br\/ppgcienciapolitica\/wp-json\/wp\/v2\/pages\/2143"}],"wp:attachment":[{"href":"https:\/\/wp.ufpel.edu.br\/ppgcienciapolitica\/wp-json\/wp\/v2\/media?parent=2159"}],"curies":[{"name":"wp","href":"https:\/\/api.w.org\/{rel}","templated":true}]}}

<p><strong>Composición del Consejo del PPGCPol </strong></p>
<p>El Consejo del PPGCPol está formado por todos sus docentes permanentes y por la representación de los alumnos.</p>
<p><strong>Representantes Discentes: </strong></p>
<p>Titular Maestría: Lucas Garcia da Silva (con mandato de abril de 2019 a marzo de 2020)</p>
<p>Suplente Maestría: Genaro da Silva Ribeiro <span class="Apple-style-span">(con mandato de abril de 2019 a marzo de 2020)</span></p>
<p>Titular Doctorado: Sandra Regina Barbosa Parzianello (<span class="Apple-style-span">con mandato de abril de 2019 a marzo de 2019)</span></p>
<p>Suplente Doctorado: Letícia Baron (con mandato de abril de 2019 a marzo de 2020)</p>

<p>Composición del Consejo del PPGCPol El Consejo del PPGCPol está formado por todos sus docentes permanentes y por la representación de los alumnos. Representantes Discentes: Titular Maestría: Lucas Garcia da Silva (con mandato de abril de 2019 a marzo de 2020) Suplente Maestría: Genaro da Silva Ribeiro (con mandato de abril de 2019 a marzo de [&hellip;]</p>
