{"id":209,"date":"2015-10-12T21:10:01","date_gmt":"2015-10-13T00:10:01","guid":{"rendered":"https:\/\/wp.ufpel.edu.br\/ppgcienciapolitica\/?page_id=209"},"modified":"2021-12-27T14:22:16","modified_gmt":"2021-12-27T17:22:16","slug":"revistas","status":"publish","type":"page","link":"https:\/\/wp.ufpel.edu.br\/ppgcienciapolitica\/publicacoes\/revistas\/","title":{"rendered":"Revista"},"content":{"rendered":"<p>A Revista Sul-Americana de Ci\u00eancia Pol\u00edtica (RSulACP) \u00e9 o peri\u00f3dico cient\u00edfico e\u00a0eletr\u00f4nico editado pelo Programa de P\u00f3s-gradua\u00e7\u00e3o em Ci\u00eancia Pol\u00edtica da\u00a0Universidade Federal de Pelotas (PPGCPol\/UFPel), Brasil.<\/p>\n<p><a class=\"link\" href=\"http:\/\/periodicos.ufpel.edu.br\/ojs2\/index.php\/rsulacp\/index\" target=\"_blank\" rel=\"noopener noreferrer\">Acesse aqui a Revista Sul-Americana de Ci\u00eancia Pol\u00edtica<\/a><\/p>\n<p>&nbsp;<\/p>\n<p><img class=\"aligncenter\" src=\"https:\/\/periodicos.ufpel.edu.br\/ojs2\/public\/journals\/7\/homepageImage_pt_BR.png\" alt=\"Imagem para capa da revista\" width=\"305\" height=\"305\" \/><\/p>\n<p>&nbsp;<\/p>\n","protected":false},"excerpt":{"rendered":"<p>A Revista Sul-Americana de Ci\u00eancia Pol\u00edtica (RSulACP) \u00e9 o peri\u00f3dico cient\u00edfico e\u00a0eletr\u00f4nico editado pelo Programa de P\u00f3s-gradua\u00e7\u00e3o em Ci\u00eancia Pol\u00edtica da\u00a0Universidade Federal de Pelotas (PPGCPol\/UFPel), Brasil. Acesse aqui a Revista Sul-Americana de Ci\u00eancia Pol\u00edtica &nbsp; &nbsp;<\/p>\n","protected":false},"author":555,"featured_media":0,"parent":88,"menu_order":0,"comment_status":"closed","ping_status":"closed","template":"","meta":{"footnotes":""},"class_list":["post-209","page","type-page","status-publish","hentry"],"jetpack_sharing_enabled":true,"_links":{"self":[{"href":"https:\/\/wp.ufpel.edu.br\/ppgcienciapolitica\/wp-json\/wp\/v2\/pages\/209","targetHints":{"allow":["GET"]}}],"collection":[{"href":"https:\/\/wp.ufpel.edu.br\/ppgcienciapolitica\/wp-json\/wp\/v2\/pages"}],"about":[{"href":"https:\/\/wp.ufpel.edu.br\/ppgcienciapolitica\/wp-json\/wp\/v2\/types\/page"}],"author":[{"embeddable":true,"href":"https:\/\/wp.ufpel.edu.br\/ppgcienciapolitica\/wp-json\/wp\/v2\/users\/555"}],"replies":[{"embeddable":true,"href":"https:\/\/wp.ufpel.edu.br\/ppgcienciapolitica\/wp-json\/wp\/v2\/comments?post=209"}],"version-history":[{"count":11,"href":"https:\/\/wp.ufpel.edu.br\/ppgcienciapolitica\/wp-json\/wp\/v2\/pages\/209\/revisions"}],"predecessor-version":[{"id":3514,"href":"https:\/\/wp.ufpel.edu.br\/ppgcienciapolitica\/wp-json\/wp\/v2\/pages\/209\/revisions\/3514"}],"up":[{"embeddable":true,"href":"https:\/\/wp.ufpel.edu.br\/ppgcienciapolitica\/wp-json\/wp\/v2\/pages\/88"}],"wp:attachment":[{"href":"https:\/\/wp.ufpel.edu.br\/ppgcienciapolitica\/wp-json\/wp\/v2\/media?parent=209"}],"curies":[{"name":"wp","href":"https:\/\/api.w.org\/{rel}","templated":true}]}}