{"id":1834,"date":"2018-05-30T20:50:44","date_gmt":"2018-05-30T23:50:44","guid":{"rendered":"https:\/\/wp.ufpel.edu.br\/ppgcienciapolitica\/?page_id=1834"},"modified":"2024-08-29T10:45:44","modified_gmt":"2024-08-29T13:45:44","slug":"estagio-de-docencia","status":"publish","type":"page","link":"https:\/\/wp.ufpel.edu.br\/ppgcienciapolitica\/documentos\/estagio-de-docencia\/","title":{"rendered":"Est\u00e1gio de Doc\u00eancia Orientada"},"content":{"rendered":"<p><a href=\"https:\/\/wp.ufpel.edu.br\/ppgcienciapolitica\/files\/2018\/05\/Resolu\u00e7\u00e3o-47-de-2017-Est\u00e1gio-de-Doc\u00eancia.pdf\">Resolu\u00e7\u00e3o 47 de 2017 Cocepe Pr\u00e1tica de Doc\u00eancia Orientada<\/a><\/p>\n<p><a href=\"https:\/\/wp.ufpel.edu.br\/ppgcienciapolitica\/files\/2024\/08\/Modelo-de-Relato\u0301rio-Esta\u0301gio-de-Doce\u0302ncia.docx\">Modelo de Relato\u0301rio Esta\u0301gio de Doce\u0302ncia<\/a><\/p>\n<p>&nbsp;<\/p>\n","protected":false},"excerpt":{"rendered":"<p>Resolu\u00e7\u00e3o 47 de 2017 Cocepe Pr\u00e1tica de Doc\u00eancia Orientada Modelo de Relato\u0301rio Esta\u0301gio de Doce\u0302ncia &nbsp;<\/p>\n","protected":false},"author":555,"featured_media":0,"parent":40,"menu_order":0,"comment_status":"closed","ping_status":"closed","template":"","meta":{"footnotes":""},"class_list":["post-1834","page","type-page","status-publish","hentry"],"jetpack_sharing_enabled":true,"_links":{"self":[{"href":"https:\/\/wp.ufpel.edu.br\/ppgcienciapolitica\/wp-json\/wp\/v2\/pages\/1834","targetHints":{"allow":["GET"]}}],"collection":[{"href":"https:\/\/wp.ufpel.edu.br\/ppgcienciapolitica\/wp-json\/wp\/v2\/pages"}],"about":[{"href":"https:\/\/wp.ufpel.edu.br\/ppgcienciapolitica\/wp-json\/wp\/v2\/types\/page"}],"author":[{"embeddable":true,"href":"https:\/\/wp.ufpel.edu.br\/ppgcienciapolitica\/wp-json\/wp\/v2\/users\/555"}],"replies":[{"embeddable":true,"href":"https:\/\/wp.ufpel.edu.br\/ppgcienciapolitica\/wp-json\/wp\/v2\/comments?post=1834"}],"version-history":[{"count":5,"href":"https:\/\/wp.ufpel.edu.br\/ppgcienciapolitica\/wp-json\/wp\/v2\/pages\/1834\/revisions"}],"predecessor-version":[{"id":4619,"href":"https:\/\/wp.ufpel.edu.br\/ppgcienciapolitica\/wp-json\/wp\/v2\/pages\/1834\/revisions\/4619"}],"up":[{"embeddable":true,"href":"https:\/\/wp.ufpel.edu.br\/ppgcienciapolitica\/wp-json\/wp\/v2\/pages\/40"}],"wp:attachment":[{"href":"https:\/\/wp.ufpel.edu.br\/ppgcienciapolitica\/wp-json\/wp\/v2\/media?parent=1834"}],"curies":[{"name":"wp","href":"https:\/\/api.w.org\/{rel}","templated":true}]}}