{"id":1307,"date":"2017-04-19T10:38:19","date_gmt":"2017-04-19T13:38:19","guid":{"rendered":"https:\/\/wp.ufpel.edu.br\/ppgcienciapolitica\/?page_id=1307"},"modified":"2024-09-03T19:26:01","modified_gmt":"2024-09-03T22:26:01","slug":"criterios-de-concessao-e-manutencao-de-bolsas","status":"publish","type":"page","link":"https:\/\/wp.ufpel.edu.br\/ppgcienciapolitica\/documentos\/criterios-de-concessao-e-manutencao-de-bolsas\/","title":{"rendered":"Crit\u00e9rios para distribui\u00e7\u00e3o de bolsas e ac\u00famulo com atividades remuneradas"},"content":{"rendered":"<p><a href=\"https:\/\/wp.ufpel.edu.br\/ppgcienciapolitica\/files\/2024\/09\/Criterios-para-Concessao-e-Manutencao-de-Bolsas-Mestrado.pdf\">Crit\u00e9rios para Concess\u00e3o e Manuten\u00e7\u00e3o de Bolsas &#8211; Mestrado<\/a>\u00a0&#8211; em vigor a partir de 03 de setembro de 2024<\/p>\n<p><a href=\"https:\/\/wp.ufpel.edu.br\/ppgcienciapolitica\/files\/2024\/09\/Criterios-para-Concessao-e-Manutencao-de-Bolsas-Doutorado.pdf\">Crit\u00e9rios para Concess\u00e3o e Manuten\u00e7\u00e3o de Bolsas &#8211; Doutorado<\/a>\u00a0&#8211; em vigor a partir de 03 de setembro de 2024<\/p>\n<p><a href=\"https:\/\/wp.ufpel.edu.br\/ppgcienciapolitica\/files\/2023\/11\/SEI_UFPel-2373244-Resolucao-59.2023.pdf\">Disp\u00f5e sobre distribui\u00e7\u00e3o de bolsas e ac\u00famulo com atividades remuneradas<\/a><\/p>\n<p>&nbsp;<\/p>\n<p><a href=\"https:\/\/wp.ufpel.edu.br\/ppgcienciapolitica\/files\/2018\/08\/CRIT\u00c9RIOS_BOLSISTA_Doutorado_PPGCPol_-com-disposi\u00e7\u00e3o-transit\u00f3ria-em-24082018.pdf\">Crit\u00e9rios para Concess\u00e3o e Manuten\u00e7\u00e3o de Bolsas &#8211; Doutorado<\/a> &#8211; revogado<\/p>\n<p><a href=\"https:\/\/wp.ufpel.edu.br\/ppgcienciapolitica\/files\/2017\/11\/Crit\u00e9rios-para-Concess\u00e3o-e-Manuten\u00e7\u00e3o-de-Bolsas-Mestrado.pdf\">Crit\u00e9rios para Concess\u00e3o e Manuten\u00e7\u00e3o de Bolsas &#8211; Mestrado<\/a>\u00a0&#8211; revogado<\/p>\n","protected":false},"excerpt":{"rendered":"<p>Crit\u00e9rios para Concess\u00e3o e Manuten\u00e7\u00e3o de Bolsas &#8211; Mestrado\u00a0&#8211; em vigor a partir de 03 de setembro de 2024 Crit\u00e9rios para Concess\u00e3o e Manuten\u00e7\u00e3o de Bolsas &#8211; Doutorado\u00a0&#8211; em vigor a partir de 03 de setembro de 2024 Disp\u00f5e sobre distribui\u00e7\u00e3o de bolsas e ac\u00famulo com atividades remuneradas &nbsp; Crit\u00e9rios para Concess\u00e3o e Manuten\u00e7\u00e3o de [&hellip;]<\/p>\n","protected":false},"author":555,"featured_media":0,"parent":40,"menu_order":0,"comment_status":"closed","ping_status":"closed","template":"","meta":{"footnotes":""},"class_list":["post-1307","page","type-page","status-publish","hentry"],"jetpack_sharing_enabled":true,"_links":{"self":[{"href":"https:\/\/wp.ufpel.edu.br\/ppgcienciapolitica\/wp-json\/wp\/v2\/pages\/1307","targetHints":{"allow":["GET"]}}],"collection":[{"href":"https:\/\/wp.ufpel.edu.br\/ppgcienciapolitica\/wp-json\/wp\/v2\/pages"}],"about":[{"href":"https:\/\/wp.ufpel.edu.br\/ppgcienciapolitica\/wp-json\/wp\/v2\/types\/page"}],"author":[{"embeddable":true,"href":"https:\/\/wp.ufpel.edu.br\/ppgcienciapolitica\/wp-json\/wp\/v2\/users\/555"}],"replies":[{"embeddable":true,"href":"https:\/\/wp.ufpel.edu.br\/ppgcienciapolitica\/wp-json\/wp\/v2\/comments?post=1307"}],"version-history":[{"count":16,"href":"https:\/\/wp.ufpel.edu.br\/ppgcienciapolitica\/wp-json\/wp\/v2\/pages\/1307\/revisions"}],"predecessor-version":[{"id":4635,"href":"https:\/\/wp.ufpel.edu.br\/ppgcienciapolitica\/wp-json\/wp\/v2\/pages\/1307\/revisions\/4635"}],"up":[{"embeddable":true,"href":"https:\/\/wp.ufpel.edu.br\/ppgcienciapolitica\/wp-json\/wp\/v2\/pages\/40"}],"wp:attachment":[{"href":"https:\/\/wp.ufpel.edu.br\/ppgcienciapolitica\/wp-json\/wp\/v2\/media?parent=1307"}],"curies":[{"name":"wp","href":"https:\/\/api.w.org\/{rel}","templated":true}]}}