{"id":1097,"date":"2016-11-18T20:55:00","date_gmt":"2016-11-18T22:55:00","guid":{"rendered":"https:\/\/wp.ufpel.edu.br\/ppgcienciapolitica\/?page_id=1097"},"modified":"2019-04-04T17:40:17","modified_gmt":"2019-04-04T20:40:17","slug":"segunda-fase-selecao-mestrado-turma-2017","status":"publish","type":"page","link":"https:\/\/wp.ufpel.edu.br\/ppgcienciapolitica\/mestrado-em-ciencia-politica-selecao-2016\/selecoes-anteriores\/mestrado-2017\/segunda-fase-selecao-mestrado-turma-2017\/","title":{"rendered":"Segunda Fase &#8211; Sele\u00e7\u00e3o Mestrado Turma 2017"},"content":{"rendered":"<p>A segunda fase da sele\u00e7\u00e3o de Mestrado ser\u00e1 realizada no dia <strong>24 de novembro de 2016, \u00e0s 14h<\/strong>.<\/p>\n<p>A prova ser\u00e1 aplicada no pr\u00e9dio do IFISP \u2013 R. Cel. Alberto Rosa n. 154,\u00a0na <strong>sala 206.<\/strong><\/p>\n","protected":false},"excerpt":{"rendered":"<p>A segunda fase da sele\u00e7\u00e3o de Mestrado ser\u00e1 realizada no dia 24 de novembro de 2016, \u00e0s 14h. A prova ser\u00e1 aplicada no pr\u00e9dio do IFISP \u2013 R. Cel. Alberto Rosa n. 154,\u00a0na sala 206.<\/p>\n","protected":false},"author":555,"featured_media":0,"parent":859,"menu_order":0,"comment_status":"closed","ping_status":"closed","template":"","meta":{"footnotes":""},"class_list":["post-1097","page","type-page","status-publish","hentry"],"jetpack_sharing_enabled":true,"_links":{"self":[{"href":"https:\/\/wp.ufpel.edu.br\/ppgcienciapolitica\/wp-json\/wp\/v2\/pages\/1097","targetHints":{"allow":["GET"]}}],"collection":[{"href":"https:\/\/wp.ufpel.edu.br\/ppgcienciapolitica\/wp-json\/wp\/v2\/pages"}],"about":[{"href":"https:\/\/wp.ufpel.edu.br\/ppgcienciapolitica\/wp-json\/wp\/v2\/types\/page"}],"author":[{"embeddable":true,"href":"https:\/\/wp.ufpel.edu.br\/ppgcienciapolitica\/wp-json\/wp\/v2\/users\/555"}],"replies":[{"embeddable":true,"href":"https:\/\/wp.ufpel.edu.br\/ppgcienciapolitica\/wp-json\/wp\/v2\/comments?post=1097"}],"version-history":[{"count":1,"href":"https:\/\/wp.ufpel.edu.br\/ppgcienciapolitica\/wp-json\/wp\/v2\/pages\/1097\/revisions"}],"predecessor-version":[{"id":1098,"href":"https:\/\/wp.ufpel.edu.br\/ppgcienciapolitica\/wp-json\/wp\/v2\/pages\/1097\/revisions\/1098"}],"up":[{"embeddable":true,"href":"https:\/\/wp.ufpel.edu.br\/ppgcienciapolitica\/wp-json\/wp\/v2\/pages\/859"}],"wp:attachment":[{"href":"https:\/\/wp.ufpel.edu.br\/ppgcienciapolitica\/wp-json\/wp\/v2\/media?parent=1097"}],"curies":[{"name":"wp","href":"https:\/\/api.w.org\/{rel}","templated":true}]}}